{"id":10006,"date":"2025-12-09T10:56:30","date_gmt":"2025-12-09T13:56:30","guid":{"rendered":"https:\/\/amplitudmodulada.com.ar\/?page_id=10006"},"modified":"2025-12-09T11:06:26","modified_gmt":"2025-12-09T14:06:26","slug":"noticia14051","status":"publish","type":"page","link":"https:\/\/amplitudmodulada.com.ar\/index.php\/noticia14051\/","title":{"rendered":"Muere el periodista Santiago Daniele"},"content":{"rendered":"\n<figure class=\"wp-block-image size-full\"><img loading=\"lazy\" decoding=\"async\" width=\"122\" height=\"76\" src=\"http:\/\/amplitudmodulada.com.ar\/wp-content\/uploads\/2025\/01\/LV2.png\" alt=\"\" class=\"wp-image-5857\"\/><\/figure>\n\n\n\n<p>En la ma\u00f1ana de este lunes 24 de noviembre se produjo el fallecimiento, a los 72 a\u00f1os de edad, del periodista Santiago Daniele, de dilatada trayectoria en distintos medios de C\u00f3rdoba entre las d\u00e9cadas del 80 y del 90.<\/p>\n\n\n\n<p>Su mayor \u00e9xito radial se llam\u00f3 &#8220;Aire Libre&#8221;, un programa que revolucion\u00f3 los niveles de audiencia que por aquellos a\u00f1os ten\u00eda la radio de C\u00f3rdoba, el cual primero desembarc\u00f3 en la antigua LV2 Radio General Paz y luego lleg\u00f3 a LW1 Radio Universidad.<\/p>\n\n\n\n<p>Tantos seguidores como detractores lo reconocen como un gran profesional, uno de los comunicadores m\u00e1s influyentes y recordados de la provincia, que desde que lleg\u00f3 al informativo de LV2, en 1979, mostr\u00f3 una impronta que r\u00e1pidamente fue acompa\u00f1ada por altos niveles de audiencia.<\/p>\n\n\n\n<p>En los Servicios de Radio y Televisi\u00f3n (SRT) de la Universidad Nacional de C\u00f3rdoba tuvo un paso destacado a principio de los 90, con dos programas en Radio Universidad: &#8220;Aire Libre&#8221;, que iba de 6.00 a 8.00 horas, y &#8220;La Maquinaria Period\u00edstica&#8221;, que arrancaba a las 18.00 horas.<\/p>\n\n\n\n<p>Tambi\u00e9n tuvo a su cargo un programa televisivo que sal\u00eda por Canal 10 una vez por semana, &#8220;De Frente&#8221;, ganador de un Premio Mart\u00edn Fierro.<\/p>\n\n\n\n<p>Fuente: <a href=\"http:\/\/www.cba24n.com.ar\" data-type=\"link\" data-id=\"www.cba24n.com.ar\" target=\"_blank\" rel=\"noreferrer noopener\">www.cba24n.com.ar<\/a> | C\u00f3rdoba &#8211; C\u00f3rdoba | 24.11.25<\/p>\n\n\n\n<p><\/p>\n","protected":false},"excerpt":{"rendered":"<p>En la ma\u00f1ana de este lunes 24 de noviembre se produjo el fallecimiento, a los 72 a\u00f1os de edad, del periodista Santiago Daniele, de dilatada trayectoria en distintos medios de C\u00f3rdoba entre las d\u00e9cadas del 80 y del 90. Su mayor \u00e9xito radial se llam\u00f3 &#8220;Aire Libre&#8221;, un programa que revolucion\u00f3 los niveles de audiencia &hellip; <a href=\"https:\/\/amplitudmodulada.com.ar\/index.php\/noticia14051\/\" class=\"more-link\">Continu\u00e1 leyendo <span class=\"screen-reader-text\">Muere el periodista Santiago Daniele<\/span><\/a><\/p>\n","protected":false},"author":1,"featured_media":0,"parent":0,"menu_order":0,"comment_status":"closed","ping_status":"closed","template":"","meta":{"footnotes":""},"class_list":["post-10006","page","type-page","status-publish","hentry"],"_links":{"self":[{"href":"https:\/\/amplitudmodulada.com.ar\/index.php\/wp-json\/wp\/v2\/pages\/10006","targetHints":{"allow":["GET"]}}],"collection":[{"href":"https:\/\/amplitudmodulada.com.ar\/index.php\/wp-json\/wp\/v2\/pages"}],"about":[{"href":"https:\/\/amplitudmodulada.com.ar\/index.php\/wp-json\/wp\/v2\/types\/page"}],"author":[{"embeddable":true,"href":"https:\/\/amplitudmodulada.com.ar\/index.php\/wp-json\/wp\/v2\/users\/1"}],"replies":[{"embeddable":true,"href":"https:\/\/amplitudmodulada.com.ar\/index.php\/wp-json\/wp\/v2\/comments?post=10006"}],"version-history":[{"count":3,"href":"https:\/\/amplitudmodulada.com.ar\/index.php\/wp-json\/wp\/v2\/pages\/10006\/revisions"}],"predecessor-version":[{"id":10011,"href":"https:\/\/amplitudmodulada.com.ar\/index.php\/wp-json\/wp\/v2\/pages\/10006\/revisions\/10011"}],"wp:attachment":[{"href":"https:\/\/amplitudmodulada.com.ar\/index.php\/wp-json\/wp\/v2\/media?parent=10006"}],"curies":[{"name":"wp","href":"https:\/\/api.w.org\/{rel}","templated":true}]}}

<figure class="wp-block-image size-full"><img loading="lazy" decoding="async" width="122" height="76" src="http://amplitudmodulada.com.ar/wp-content/uploads/2025/01/LV2.png" alt="" class="wp-image-5857"/></figure>



<p>En la mañana de este lunes 24 de noviembre se produjo el fallecimiento, a los 72 años de edad, del periodista Santiago Daniele, de dilatada trayectoria en distintos medios de Córdoba entre las décadas del 80 y del 90.</p>



<p>Su mayor éxito radial se llamó &#8220;Aire Libre&#8221;, un programa que revolucionó los niveles de audiencia que por aquellos años tenía la radio de Córdoba, el cual primero desembarcó en la antigua LV2 Radio General Paz y luego llegó a LW1 Radio Universidad.</p>



<p>Tantos seguidores como detractores lo reconocen como un gran profesional, uno de los comunicadores más influyentes y recordados de la provincia, que desde que llegó al informativo de LV2, en 1979, mostró una impronta que rápidamente fue acompañada por altos niveles de audiencia.</p>



<p>En los Servicios de Radio y Televisión (SRT) de la Universidad Nacional de Córdoba tuvo un paso destacado a principio de los 90, con dos programas en Radio Universidad: &#8220;Aire Libre&#8221;, que iba de 6.00 a 8.00 horas, y &#8220;La Maquinaria Periodística&#8221;, que arrancaba a las 18.00 horas.</p>



<p>También tuvo a su cargo un programa televisivo que salía por Canal 10 una vez por semana, &#8220;De Frente&#8221;, ganador de un Premio Martín Fierro.</p>



<p>Fuente: <a href="http://www.cba24n.com.ar" data-type="link" data-id="www.cba24n.com.ar" target="_blank" rel="noreferrer noopener">www.cba24n.com.ar</a> | Córdoba &#8211; Córdoba | 24.11.25</p>



<p></p>

<p>En la mañana de este lunes 24 de noviembre se produjo el fallecimiento, a los 72 años de edad, del periodista Santiago Daniele, de dilatada trayectoria en distintos medios de Córdoba entre las décadas del 80 y del 90. Su mayor éxito radial se llamó &#8220;Aire Libre&#8221;, un programa que revolucionó los niveles de audiencia &hellip; <a href="https://amplitudmodulada.com.ar/index.php/noticia14051/" class="more-link">Continuá leyendo <span class="screen-reader-text">Muere el periodista Santiago Daniele</span></a></p>
