{"id":10034,"date":"2025-12-10T11:06:36","date_gmt":"2025-12-10T14:06:36","guid":{"rendered":"https:\/\/amplitudmodulada.com.ar\/?page_id=10034"},"modified":"2025-12-10T11:15:57","modified_gmt":"2025-12-10T14:15:57","slug":"noticia14055","status":"publish","type":"page","link":"https:\/\/amplitudmodulada.com.ar\/index.php\/noticia14055\/","title":{"rendered":"Cadena 3 estrena el radioteatro &#8220;El Caso Ayerza&#8221;"},"content":{"rendered":"\n<figure class=\"wp-block-image size-full\"><img loading=\"lazy\" decoding=\"async\" width=\"169\" height=\"55\" src=\"http:\/\/amplitudmodulada.com.ar\/wp-content\/uploads\/2024\/02\/cadena3-e1709142729643.png\" alt=\"\" class=\"wp-image-1072\"\/><\/figure>\n\n\n\n<p>Cadena 3 estrenar\u00e1 el pr\u00f3ximo lunes 1 de diciembre un nuevo radioteatro: &#8220;El Caso Ayerza. La Mafia en Acci\u00f3n&#8221;.<\/p>\n\n\n\n<p>Con gui\u00f3n original de Esteban Tito Domina, esta nueva obra de la Compa\u00f1\u00eda de Radioteatro de Cadena 3 recupera uno de los hechos policiales m\u00e1s impactantes registrados casi un siglo atr\u00e1s, a principios de la d\u00e9cada del 30.<\/p>\n\n\n\n<p>La mafia siciliana, con sus ramificaciones en Argentina, sacudi\u00f3 al pa\u00eds con el secuestro de un joven de la alta sociedad de la \u00e9poca en la zona de Marcos Ju\u00e1rez.<\/p>\n\n\n\n<p>&#8220;El Caso Ayerza. La Mafia en Acci\u00f3n&#8221; fue adaptado y dirigido por Gabriel Coba y cuenta con la art\u00edstica y direcci\u00f3n de Waldo Sandoval.<\/p>\n\n\n\n<p>El radioteatro volver\u00e1 a escena en &#8220;Viva la Radio&#8221; desde el pr\u00f3ximo lunes y con la actuaci\u00f3n de los actores de la Comedia Cordobesa y periodistas y locutores de Cadena 3.<\/p>\n\n\n\n<p>&#8220;Fue una experiencia hermosa, disfruto mucho trabajar con Cadena 3 desde la g\u00e9nesis. Es un texto hermoso que trajo Tito Domina, que escribi\u00f3 cinco cap\u00edtulos a modo documental y yo lo adapt\u00e9 al teatro y convoqu\u00e9 a grandes actores de la radio&#8221;, se\u00f1al\u00f3 Gabriel Coba en di\u00e1logo con Cadena 3.<\/p>\n\n\n\n<p>Fuente: <a href=\"http:\/\/www.cadena3.com\" data-type=\"link\" data-id=\"www.cadena3.com\" target=\"_blank\" rel=\"noreferrer noopener\">www.cadena3.com<\/a> | C\u00f3rdoba &#8211; C\u00f3rdoba | 27.11.25<\/p>\n\n\n\n<p><\/p>\n","protected":false},"excerpt":{"rendered":"<p>Cadena 3 estrenar\u00e1 el pr\u00f3ximo lunes 1 de diciembre un nuevo radioteatro: &#8220;El Caso Ayerza. La Mafia en Acci\u00f3n&#8221;. Con gui\u00f3n original de Esteban Tito Domina, esta nueva obra de la Compa\u00f1\u00eda de Radioteatro de Cadena 3 recupera uno de los hechos policiales m\u00e1s impactantes registrados casi un siglo atr\u00e1s, a principios de la d\u00e9cada &hellip; <a href=\"https:\/\/amplitudmodulada.com.ar\/index.php\/noticia14055\/\" class=\"more-link\">Continu\u00e1 leyendo <span class=\"screen-reader-text\">Cadena 3 estrena el radioteatro &#8220;El Caso Ayerza&#8221;<\/span><\/a><\/p>\n","protected":false},"author":1,"featured_media":0,"parent":0,"menu_order":0,"comment_status":"closed","ping_status":"closed","template":"","meta":{"footnotes":""},"class_list":["post-10034","page","type-page","status-publish","hentry"],"_links":{"self":[{"href":"https:\/\/amplitudmodulada.com.ar\/index.php\/wp-json\/wp\/v2\/pages\/10034","targetHints":{"allow":["GET"]}}],"collection":[{"href":"https:\/\/amplitudmodulada.com.ar\/index.php\/wp-json\/wp\/v2\/pages"}],"about":[{"href":"https:\/\/amplitudmodulada.com.ar\/index.php\/wp-json\/wp\/v2\/types\/page"}],"author":[{"embeddable":true,"href":"https:\/\/amplitudmodulada.com.ar\/index.php\/wp-json\/wp\/v2\/users\/1"}],"replies":[{"embeddable":true,"href":"https:\/\/amplitudmodulada.com.ar\/index.php\/wp-json\/wp\/v2\/comments?post=10034"}],"version-history":[{"count":3,"href":"https:\/\/amplitudmodulada.com.ar\/index.php\/wp-json\/wp\/v2\/pages\/10034\/revisions"}],"predecessor-version":[{"id":10038,"href":"https:\/\/amplitudmodulada.com.ar\/index.php\/wp-json\/wp\/v2\/pages\/10034\/revisions\/10038"}],"wp:attachment":[{"href":"https:\/\/amplitudmodulada.com.ar\/index.php\/wp-json\/wp\/v2\/media?parent=10034"}],"curies":[{"name":"wp","href":"https:\/\/api.w.org\/{rel}","templated":true}]}}

<figure class="wp-block-image size-full"><img loading="lazy" decoding="async" width="169" height="55" src="http://amplitudmodulada.com.ar/wp-content/uploads/2024/02/cadena3-e1709142729643.png" alt="" class="wp-image-1072"/></figure>



<p>Cadena 3 estrenará el próximo lunes 1 de diciembre un nuevo radioteatro: &#8220;El Caso Ayerza. La Mafia en Acción&#8221;.</p>



<p>Con guión original de Esteban Tito Domina, esta nueva obra de la Compañía de Radioteatro de Cadena 3 recupera uno de los hechos policiales más impactantes registrados casi un siglo atrás, a principios de la década del 30.</p>



<p>La mafia siciliana, con sus ramificaciones en Argentina, sacudió al país con el secuestro de un joven de la alta sociedad de la época en la zona de Marcos Juárez.</p>



<p>&#8220;El Caso Ayerza. La Mafia en Acción&#8221; fue adaptado y dirigido por Gabriel Coba y cuenta con la artística y dirección de Waldo Sandoval.</p>



<p>El radioteatro volverá a escena en &#8220;Viva la Radio&#8221; desde el próximo lunes y con la actuación de los actores de la Comedia Cordobesa y periodistas y locutores de Cadena 3.</p>



<p>&#8220;Fue una experiencia hermosa, disfruto mucho trabajar con Cadena 3 desde la génesis. Es un texto hermoso que trajo Tito Domina, que escribió cinco capítulos a modo documental y yo lo adapté al teatro y convoqué a grandes actores de la radio&#8221;, señaló Gabriel Coba en diálogo con Cadena 3.</p>



<p>Fuente: <a href="http://www.cadena3.com" data-type="link" data-id="www.cadena3.com" target="_blank" rel="noreferrer noopener">www.cadena3.com</a> | Córdoba &#8211; Córdoba | 27.11.25</p>



<p></p>

<p>Cadena 3 estrenará el próximo lunes 1 de diciembre un nuevo radioteatro: &#8220;El Caso Ayerza. La Mafia en Acción&#8221;. Con guión original de Esteban Tito Domina, esta nueva obra de la Compañía de Radioteatro de Cadena 3 recupera uno de los hechos policiales más impactantes registrados casi un siglo atrás, a principios de la década &hellip; <a href="https://amplitudmodulada.com.ar/index.php/noticia14055/" class="more-link">Continuá leyendo <span class="screen-reader-text">Cadena 3 estrena el radioteatro &#8220;El Caso Ayerza&#8221;</span></a></p>
