{"id":10069,"date":"2025-12-11T20:04:30","date_gmt":"2025-12-11T23:04:30","guid":{"rendered":"https:\/\/amplitudmodulada.com.ar\/?page_id=10069"},"modified":"2025-12-11T20:14:36","modified_gmt":"2025-12-11T23:14:36","slug":"noticia14060","status":"publish","type":"page","link":"https:\/\/amplitudmodulada.com.ar\/index.php\/noticia14060\/","title":{"rendered":"Aseguran que los trabajadores de LV12 Radio Independencia cobraron sus haberes al d\u00eda durante todo el a\u00f1o"},"content":{"rendered":"\n<figure class=\"wp-block-image size-full\"><img loading=\"lazy\" decoding=\"async\" width=\"141\" height=\"80\" src=\"http:\/\/amplitudmodulada.com.ar\/wp-content\/uploads\/2024\/03\/LV12-e1711152370442.png\" alt=\"\" class=\"wp-image-1367\"\/><\/figure>\n\n\n\n<p>El contador Alejandro Villalba, directivo de LV12 Radio Independencia, asegur\u00f3 este fin de semana que los trabajadores de la emisora &#8220;cobraron sus haberes al d\u00eda durante todo el a\u00f1o&#8221;.<\/p>\n\n\n\n<p>Entre otros puntos, el directivo destac\u00f3 tambi\u00e9n que a lo largo del a\u00f1o 2025 se otorg\u00f3 un aumento del 33% en los haberes del personal de la emisora.<\/p>\n\n\n\n<p>&#8220;La empresa ha hecho un esfuerzo, los trabajadores han hecho un esfuerzo, pero los ajustes salariales estuvieron durante todo el a\u00f1o. Siempre hubo di\u00e1logo permanente&#8221;, afirm\u00f3.<\/p>\n\n\n\n<p>En ese sentido, explic\u00f3 que &#8220;como es de conocimiento p\u00fablico, la situaci\u00f3n econ\u00f3mica en general no fue buena durante el a\u00f1o 2025 y los medios de comunicaci\u00f3n no est\u00e1n exentos de esto&#8221;, pero precis\u00f3 que &#8220;gracias al esfuerzo de todos los que formamos parte de LV12, los empleados cobraron sus haberes al d\u00eda durante todo el a\u00f1o, se pagan sus aportes en t\u00e9rmino y no existe deuda alguna con los mismos&#8221;.<\/p>\n\n\n\n<p>Adem\u00e1s, se\u00f1al\u00f3 que los ajustes &#8220;no son el resultado de un reclamo, sino son el producto del di\u00e1logo que tenemos siempre abierto con los delegados gremiales, pero fundamentalmente porque la empresa tiene la convicci\u00f3n de cuidar el equipo&#8221;.<\/p>\n\n\n\n<p>Fuente: <a href=\"http:\/\/www.lv12.com.ar\" data-type=\"link\" data-id=\"www.lv12.com.ar\" target=\"_blank\" rel=\"noreferrer noopener\">www.lv12.com.ar<\/a> | San Miguel de Tucum\u00e1n &#8211; Tucum\u00e1n | 01.12.25<\/p>\n","protected":false},"excerpt":{"rendered":"<p>El contador Alejandro Villalba, directivo de LV12 Radio Independencia, asegur\u00f3 este fin de semana que los trabajadores de la emisora &#8220;cobraron sus haberes al d\u00eda durante todo el a\u00f1o&#8221;. Entre otros puntos, el directivo destac\u00f3 tambi\u00e9n que a lo largo del a\u00f1o 2025 se otorg\u00f3 un aumento del 33% en los haberes del personal de &hellip; <a href=\"https:\/\/amplitudmodulada.com.ar\/index.php\/noticia14060\/\" class=\"more-link\">Continu\u00e1 leyendo <span class=\"screen-reader-text\">Aseguran que los trabajadores de LV12 Radio Independencia cobraron sus haberes al d\u00eda durante todo el a\u00f1o<\/span><\/a><\/p>\n","protected":false},"author":1,"featured_media":0,"parent":0,"menu_order":0,"comment_status":"closed","ping_status":"closed","template":"","meta":{"footnotes":""},"class_list":["post-10069","page","type-page","status-publish","hentry"],"_links":{"self":[{"href":"https:\/\/amplitudmodulada.com.ar\/index.php\/wp-json\/wp\/v2\/pages\/10069","targetHints":{"allow":["GET"]}}],"collection":[{"href":"https:\/\/amplitudmodulada.com.ar\/index.php\/wp-json\/wp\/v2\/pages"}],"about":[{"href":"https:\/\/amplitudmodulada.com.ar\/index.php\/wp-json\/wp\/v2\/types\/page"}],"author":[{"embeddable":true,"href":"https:\/\/amplitudmodulada.com.ar\/index.php\/wp-json\/wp\/v2\/users\/1"}],"replies":[{"embeddable":true,"href":"https:\/\/amplitudmodulada.com.ar\/index.php\/wp-json\/wp\/v2\/comments?post=10069"}],"version-history":[{"count":3,"href":"https:\/\/amplitudmodulada.com.ar\/index.php\/wp-json\/wp\/v2\/pages\/10069\/revisions"}],"predecessor-version":[{"id":10073,"href":"https:\/\/amplitudmodulada.com.ar\/index.php\/wp-json\/wp\/v2\/pages\/10069\/revisions\/10073"}],"wp:attachment":[{"href":"https:\/\/amplitudmodulada.com.ar\/index.php\/wp-json\/wp\/v2\/media?parent=10069"}],"curies":[{"name":"wp","href":"https:\/\/api.w.org\/{rel}","templated":true}]}}

Aseguran que los trabajadores de LV12 Radio Independencia cobraron sus haberes al día durante todo el año

<figure class="wp-block-image size-full"><img loading="lazy" decoding="async" width="141" height="80" src="http://amplitudmodulada.com.ar/wp-content/uploads/2024/03/LV12-e1711152370442.png" alt="" class="wp-image-1367"/></figure>



<p>El contador Alejandro Villalba, directivo de LV12 Radio Independencia, aseguró este fin de semana que los trabajadores de la emisora &#8220;cobraron sus haberes al día durante todo el año&#8221;.</p>



<p>Entre otros puntos, el directivo destacó también que a lo largo del año 2025 se otorgó un aumento del 33% en los haberes del personal de la emisora.</p>



<p>&#8220;La empresa ha hecho un esfuerzo, los trabajadores han hecho un esfuerzo, pero los ajustes salariales estuvieron durante todo el año. Siempre hubo diálogo permanente&#8221;, afirmó.</p>



<p>En ese sentido, explicó que &#8220;como es de conocimiento público, la situación económica en general no fue buena durante el año 2025 y los medios de comunicación no están exentos de esto&#8221;, pero precisó que &#8220;gracias al esfuerzo de todos los que formamos parte de LV12, los empleados cobraron sus haberes al día durante todo el año, se pagan sus aportes en término y no existe deuda alguna con los mismos&#8221;.</p>



<p>Además, señaló que los ajustes &#8220;no son el resultado de un reclamo, sino son el producto del diálogo que tenemos siempre abierto con los delegados gremiales, pero fundamentalmente porque la empresa tiene la convicción de cuidar el equipo&#8221;.</p>



<p>Fuente: <a href="http://www.lv12.com.ar" data-type="link" data-id="www.lv12.com.ar" target="_blank" rel="noreferrer noopener">www.lv12.com.ar</a> | San Miguel de Tucumán &#8211; Tucumán | 01.12.25</p>

<p>El contador Alejandro Villalba, directivo de LV12 Radio Independencia, aseguró este fin de semana que los trabajadores de la emisora &#8220;cobraron sus haberes al día durante todo el año&#8221;. Entre otros puntos, el directivo destacó también que a lo largo del año 2025 se otorgó un aumento del 33% en los haberes del personal de &hellip; <a href="https://amplitudmodulada.com.ar/index.php/noticia14060/" class="more-link">Continuá leyendo <span class="screen-reader-text">Aseguran que los trabajadores de LV12 Radio Independencia cobraron sus haberes al día durante todo el año</span></a></p>
