{"id":10104,"date":"2025-12-12T16:31:33","date_gmt":"2025-12-12T19:31:33","guid":{"rendered":"https:\/\/amplitudmodulada.com.ar\/?page_id=10104"},"modified":"2025-12-12T16:42:33","modified_gmt":"2025-12-12T19:42:33","slug":"noticia14064","status":"publish","type":"page","link":"https:\/\/amplitudmodulada.com.ar\/index.php\/noticia14064\/","title":{"rendered":"LU3 AM 1080 inaugur\u00f3 su Museo de la Radio"},"content":{"rendered":"\n<figure class=\"wp-block-image size-full\"><img loading=\"lazy\" decoding=\"async\" width=\"115\" height=\"110\" src=\"http:\/\/amplitudmodulada.com.ar\/wp-content\/uploads\/2025\/12\/LU3-e1765567946541.png\" alt=\"\" class=\"wp-image-10107\"\/><\/figure>\n\n\n\n<p>Con una mezcla de nostalgia y celebraci\u00f3n, LU3 AM 1080 de Bah\u00eda Blanca inaugur\u00f3 su Museo de la Radio, un espacio que recupera y exhibe parte del patrimonio hist\u00f3rico de la emisora.<\/p>\n\n\n\n<p>El acto de inauguraci\u00f3n cont\u00f3 con la presencia de Alberto Mac Dougall, periodista emblem\u00e1tico de la emisora, quien recorri\u00f3 el lugar y comparti\u00f3 su emoci\u00f3n por la iniciativa.<\/p>\n\n\n\n<p>&#8220;Para m\u00ed es un d\u00eda de mucha emoci\u00f3n. Yo transit\u00e9 cincuenta y cinco a\u00f1os esta vieja casona de Eduardo Mallea&#8221;, afirm\u00f3 Alberto Mac Dougall, visiblemente conmovido.<\/p>\n\n\n\n<p>En tono ir\u00f3nico, desminti\u00f3, adem\u00e1s, que &#8220;yo est\u00e9 inventariado en alguno de estos elementos del museo&#8221;. en alusi\u00f3n a las reliquias exhibidas, muchas de ellas utilizadas por generaciones de trabajadores.<\/p>\n\n\n\n<p>El proyecto del museo naci\u00f3 de los propios trabajadores de la cooperativa que opera LU3 AM 1080.<\/p>\n\n\n\n<p>&#8220;Fue muy dif\u00edcil poder recuperar todas estas cosas que estaban arrojadas en un dep\u00f3sito. Como se imaginar\u00e1n, ah\u00ed no hab\u00eda ninguna pulcritud, as\u00ed que las trataron de poner en condiciones y aqu\u00ed est\u00e1n&#8221;, a\u00f1adi\u00f3 Alberto Mac Dougall.<\/p>\n\n\n\n<p>Fuente: <a href=\"http:\/\/www.canalsiete.com.ar\" data-type=\"link\" data-id=\"www.canalsiete.com.ar\" target=\"_blank\" rel=\"noreferrer noopener\">www.canalsiete.com.ar<\/a> | Bah\u00eda Blanca &#8211; Buenos Aires | 03.12.25<\/p>\n","protected":false},"excerpt":{"rendered":"<p>Con una mezcla de nostalgia y celebraci\u00f3n, LU3 AM 1080 de Bah\u00eda Blanca inaugur\u00f3 su Museo de la Radio, un espacio que recupera y exhibe parte del patrimonio hist\u00f3rico de la emisora. El acto de inauguraci\u00f3n cont\u00f3 con la presencia de Alberto Mac Dougall, periodista emblem\u00e1tico de la emisora, quien recorri\u00f3 el lugar y comparti\u00f3 &hellip; <a href=\"https:\/\/amplitudmodulada.com.ar\/index.php\/noticia14064\/\" class=\"more-link\">Continu\u00e1 leyendo <span class=\"screen-reader-text\">LU3 AM 1080 inaugur\u00f3 su Museo de la Radio<\/span><\/a><\/p>\n","protected":false},"author":1,"featured_media":0,"parent":0,"menu_order":0,"comment_status":"closed","ping_status":"closed","template":"","meta":{"footnotes":""},"class_list":["post-10104","page","type-page","status-publish","hentry"],"_links":{"self":[{"href":"https:\/\/amplitudmodulada.com.ar\/index.php\/wp-json\/wp\/v2\/pages\/10104","targetHints":{"allow":["GET"]}}],"collection":[{"href":"https:\/\/amplitudmodulada.com.ar\/index.php\/wp-json\/wp\/v2\/pages"}],"about":[{"href":"https:\/\/amplitudmodulada.com.ar\/index.php\/wp-json\/wp\/v2\/types\/page"}],"author":[{"embeddable":true,"href":"https:\/\/amplitudmodulada.com.ar\/index.php\/wp-json\/wp\/v2\/users\/1"}],"replies":[{"embeddable":true,"href":"https:\/\/amplitudmodulada.com.ar\/index.php\/wp-json\/wp\/v2\/comments?post=10104"}],"version-history":[{"count":2,"href":"https:\/\/amplitudmodulada.com.ar\/index.php\/wp-json\/wp\/v2\/pages\/10104\/revisions"}],"predecessor-version":[{"id":10108,"href":"https:\/\/amplitudmodulada.com.ar\/index.php\/wp-json\/wp\/v2\/pages\/10104\/revisions\/10108"}],"wp:attachment":[{"href":"https:\/\/amplitudmodulada.com.ar\/index.php\/wp-json\/wp\/v2\/media?parent=10104"}],"curies":[{"name":"wp","href":"https:\/\/api.w.org\/{rel}","templated":true}]}}