{"id":10111,"date":"2025-12-12T20:43:00","date_gmt":"2025-12-12T23:43:00","guid":{"rendered":"https:\/\/amplitudmodulada.com.ar\/?page_id=10111"},"modified":"2025-12-12T20:57:47","modified_gmt":"2025-12-12T23:57:47","slug":"noticia14065","status":"publish","type":"page","link":"https:\/\/amplitudmodulada.com.ar\/index.php\/noticia14065\/","title":{"rendered":"Anuncian un plan de lucha en Radio Provincia de Buenos Aires"},"content":{"rendered":"\n<figure class=\"wp-block-image size-full\"><img loading=\"lazy\" decoding=\"async\" width=\"120\" height=\"120\" src=\"http:\/\/amplitudmodulada.com.ar\/wp-content\/uploads\/2024\/01\/1270-e1706133975157.png\" alt=\"\" class=\"wp-image-597\"\/><\/figure>\n\n\n\n<p>Luego de que trascendiera que no se renovar\u00e1n diecinueve contratos en LS11 Radio Provincia de Buenos Aires, Sebasti\u00e1n Moyano, delegado de la Asociaci\u00f3n Trabajadores del Estado (ATE) en la emisora, anunci\u00f3 el inicio de un plan de lucha para defender los puestos de trabajo.<\/p>\n\n\n\n<p>Seg\u00fan explic\u00f3 el delegado gremial, el director de la emisora, Marcelo Figueras, les inform\u00f3 el pasado viernes que el Ministerio de Comunicaci\u00f3n P\u00fablica le comunic\u00f3 que se iban a dar de baja todos los contratos art\u00edsticos.<\/p>\n\n\n\n<p>En ese sentido, Sebasti\u00e1n Moyano explic\u00f3 que el propio director expres\u00f3 su desacuerdo con la decisi\u00f3n y se ocup\u00f3 de informar personalmente al equipo.<\/p>\n\n\n\n<p>&#8220;Est\u00e1bamos sorprendidos y en el d\u00eda de ayer hubo una reuni\u00f3n donde fueron funcionarios a escuchar nuestro plan de lucha, pero no dieron ning\u00fan tipo de respuesta y ratificaron la decisi\u00f3n&#8221;, se\u00f1al\u00f3.<\/p>\n\n\n\n<p>El delegado tambi\u00e9n describi\u00f3 un cambio en el tono institucional que despert\u00f3 fuertes preocupaciones entre los trabajadores.<\/p>\n\n\n\n<p>&#8220;En la reuni\u00f3n de ayer plantearon el tema econ\u00f3mico y despu\u00e9s escucharon. Es otra de las cuestiones que nos llamaron mucho la atenci\u00f3n porque no hab\u00edamos tenido este tipo de di\u00e1logo, nos trae recuerdos horribles de otras gestiones. Nos pusieron el planteo de que no hay plata y se remitieron a escuchar, tomar nota y trasladar a la ministra J\u00e9sica Rey, quien va a resolver la situaci\u00f3n&#8221;, agreg\u00f3.<\/p>\n\n\n\n<p>Fuente: <a href=\"http:\/\/www.estacionsur.ar\" data-type=\"link\" data-id=\"www.estacionsur.ar\" target=\"_blank\" rel=\"noreferrer noopener\">www.estacionsur.ar<\/a> | La Plata &#8211; Buenos Aires | 03.12.25<\/p>\n\n\n\n<p><\/p>\n","protected":false},"excerpt":{"rendered":"<p>Luego de que trascendiera que no se renovar\u00e1n diecinueve contratos en LS11 Radio Provincia de Buenos Aires, Sebasti\u00e1n Moyano, delegado de la Asociaci\u00f3n Trabajadores del Estado (ATE) en la emisora, anunci\u00f3 el inicio de un plan de lucha para defender los puestos de trabajo. Seg\u00fan explic\u00f3 el delegado gremial, el director de la emisora, Marcelo &hellip; <a href=\"https:\/\/amplitudmodulada.com.ar\/index.php\/noticia14065\/\" class=\"more-link\">Continu\u00e1 leyendo <span class=\"screen-reader-text\">Anuncian un plan de lucha en Radio Provincia de Buenos Aires<\/span><\/a><\/p>\n","protected":false},"author":1,"featured_media":0,"parent":0,"menu_order":0,"comment_status":"closed","ping_status":"closed","template":"","meta":{"footnotes":""},"class_list":["post-10111","page","type-page","status-publish","hentry"],"_links":{"self":[{"href":"https:\/\/amplitudmodulada.com.ar\/index.php\/wp-json\/wp\/v2\/pages\/10111","targetHints":{"allow":["GET"]}}],"collection":[{"href":"https:\/\/amplitudmodulada.com.ar\/index.php\/wp-json\/wp\/v2\/pages"}],"about":[{"href":"https:\/\/amplitudmodulada.com.ar\/index.php\/wp-json\/wp\/v2\/types\/page"}],"author":[{"embeddable":true,"href":"https:\/\/amplitudmodulada.com.ar\/index.php\/wp-json\/wp\/v2\/users\/1"}],"replies":[{"embeddable":true,"href":"https:\/\/amplitudmodulada.com.ar\/index.php\/wp-json\/wp\/v2\/comments?post=10111"}],"version-history":[{"count":2,"href":"https:\/\/amplitudmodulada.com.ar\/index.php\/wp-json\/wp\/v2\/pages\/10111\/revisions"}],"predecessor-version":[{"id":10114,"href":"https:\/\/amplitudmodulada.com.ar\/index.php\/wp-json\/wp\/v2\/pages\/10111\/revisions\/10114"}],"wp:attachment":[{"href":"https:\/\/amplitudmodulada.com.ar\/index.php\/wp-json\/wp\/v2\/media?parent=10111"}],"curies":[{"name":"wp","href":"https:\/\/api.w.org\/{rel}","templated":true}]}}

<figure class="wp-block-image size-full"><img loading="lazy" decoding="async" width="120" height="120" src="http://amplitudmodulada.com.ar/wp-content/uploads/2024/01/1270-e1706133975157.png" alt="" class="wp-image-597"/></figure>



<p>Luego de que trascendiera que no se renovarán diecinueve contratos en LS11 Radio Provincia de Buenos Aires, Sebastián Moyano, delegado de la Asociación Trabajadores del Estado (ATE) en la emisora, anunció el inicio de un plan de lucha para defender los puestos de trabajo.</p>



<p>Según explicó el delegado gremial, el director de la emisora, Marcelo Figueras, les informó el pasado viernes que el Ministerio de Comunicación Pública le comunicó que se iban a dar de baja todos los contratos artísticos.</p>



<p>En ese sentido, Sebastián Moyano explicó que el propio director expresó su desacuerdo con la decisión y se ocupó de informar personalmente al equipo.</p>



<p>&#8220;Estábamos sorprendidos y en el día de ayer hubo una reunión donde fueron funcionarios a escuchar nuestro plan de lucha, pero no dieron ningún tipo de respuesta y ratificaron la decisión&#8221;, señaló.</p>



<p>El delegado también describió un cambio en el tono institucional que despertó fuertes preocupaciones entre los trabajadores.</p>



<p>&#8220;En la reunión de ayer plantearon el tema económico y después escucharon. Es otra de las cuestiones que nos llamaron mucho la atención porque no habíamos tenido este tipo de diálogo, nos trae recuerdos horribles de otras gestiones. Nos pusieron el planteo de que no hay plata y se remitieron a escuchar, tomar nota y trasladar a la ministra Jésica Rey, quien va a resolver la situación&#8221;, agregó.</p>



<p>Fuente: <a href="http://www.estacionsur.ar" data-type="link" data-id="www.estacionsur.ar" target="_blank" rel="noreferrer noopener">www.estacionsur.ar</a> | La Plata &#8211; Buenos Aires | 03.12.25</p>



<p></p>

<p>Luego de que trascendiera que no se renovarán diecinueve contratos en LS11 Radio Provincia de Buenos Aires, Sebastián Moyano, delegado de la Asociación Trabajadores del Estado (ATE) en la emisora, anunció el inicio de un plan de lucha para defender los puestos de trabajo. Según explicó el delegado gremial, el director de la emisora, Marcelo &hellip; <a href="https://amplitudmodulada.com.ar/index.php/noticia14065/" class="more-link">Continuá leyendo <span class="screen-reader-text">Anuncian un plan de lucha en Radio Provincia de Buenos Aires</span></a></p>
