{"id":10131,"date":"2025-12-14T13:38:09","date_gmt":"2025-12-14T16:38:09","guid":{"rendered":"https:\/\/amplitudmodulada.com.ar\/?page_id=10131"},"modified":"2025-12-14T13:39:06","modified_gmt":"2025-12-14T16:39:06","slug":"noticia14068","status":"publish","type":"page","link":"https:\/\/amplitudmodulada.com.ar\/index.php\/noticia14068\/","title":{"rendered":"Se celebr\u00f3 este s\u00e1bado el D\u00eda del Productor de Radio y Televisi\u00f3n"},"content":{"rendered":"\n<figure class=\"wp-block-image size-full\"><img loading=\"lazy\" decoding=\"async\" width=\"142\" height=\"100\" src=\"http:\/\/amplitudmodulada.com.ar\/wp-content\/uploads\/2024\/03\/radio-e1709292539196.png\" alt=\"\" class=\"wp-image-1088\"\/><\/figure>\n\n\n\n<p>Se celebr\u00f3 este s\u00e1bado 6 de diciembre el D\u00eda del Productor de Radio y Televisi\u00f3n, en homenaje a Paloma Efron, m\u00e1s conocida como Blackie, periodista y cantante, pionera en la producci\u00f3n integral de programas de radio y televisi\u00f3n en nuestro pa\u00eds.<\/p>\n\n\n\n<p>Nacida en el seno de una familia jud\u00eda en Entre R\u00edos, Blackie abandon\u00f3 sus estudios de qu\u00edmica para dedicarse a la m\u00fasica y, tras ganar un concurso de radio en 1934, se perfeccion\u00f3 durante siete a\u00f1os en Estados Unidos y donde trab\u00f3 relaciones con figuras del jazz.<\/p>\n\n\n\n<p>A su regreso a Buenos Aires, inici\u00f3 una legendaria carrera en radio, con ciclos como &#8220;La Historia del Jazz&#8221; y &#8220;Derecho a R\u00e9plica&#8221;, el primer programa sobre pol\u00edtica en Radio Argentina.<\/p>\n\n\n\n<p>Blackie se destac\u00f3 no solo como figura ante el micr\u00f3fono, sino como una de las primeras productoras integrales del pa\u00eds.<\/p>\n\n\n\n<p>A lo largo de su extensa carrera profesional, produjo ciclos tan dispares como &#8220;Odol Pregunta&#8221; y &#8220;Titanes en el Ring&#8221;, impuls\u00f3 el debut y la carrera de figuras como Tato Bores y N\u00e9lida Lobato y lleg\u00f3 a ser directora de Canal 7, junto a Cecilio Madanes.<\/p>\n\n\n\n<p>Fuente: <a href=\"http:\/\/www.noticiasargentinas.com\" data-type=\"link\" data-id=\"www.noticiasargentinas.com\" target=\"_blank\" rel=\"noreferrer noopener\">www.noticiasargentinas.com<\/a> | Ciudad Aut\u00f3noma de Buenos Aires | 08.12.25<\/p>\n","protected":false},"excerpt":{"rendered":"<p>Se celebr\u00f3 este s\u00e1bado 6 de diciembre el D\u00eda del Productor de Radio y Televisi\u00f3n, en homenaje a Paloma Efron, m\u00e1s conocida como Blackie, periodista y cantante, pionera en la producci\u00f3n integral de programas de radio y televisi\u00f3n en nuestro pa\u00eds. Nacida en el seno de una familia jud\u00eda en Entre R\u00edos, Blackie abandon\u00f3 sus &hellip; <a href=\"https:\/\/amplitudmodulada.com.ar\/index.php\/noticia14068\/\" class=\"more-link\">Continu\u00e1 leyendo <span class=\"screen-reader-text\">Se celebr\u00f3 este s\u00e1bado el D\u00eda del Productor de Radio y Televisi\u00f3n<\/span><\/a><\/p>\n","protected":false},"author":1,"featured_media":0,"parent":0,"menu_order":0,"comment_status":"closed","ping_status":"closed","template":"","meta":{"footnotes":""},"class_list":["post-10131","page","type-page","status-publish","hentry"],"_links":{"self":[{"href":"https:\/\/amplitudmodulada.com.ar\/index.php\/wp-json\/wp\/v2\/pages\/10131","targetHints":{"allow":["GET"]}}],"collection":[{"href":"https:\/\/amplitudmodulada.com.ar\/index.php\/wp-json\/wp\/v2\/pages"}],"about":[{"href":"https:\/\/amplitudmodulada.com.ar\/index.php\/wp-json\/wp\/v2\/types\/page"}],"author":[{"embeddable":true,"href":"https:\/\/amplitudmodulada.com.ar\/index.php\/wp-json\/wp\/v2\/users\/1"}],"replies":[{"embeddable":true,"href":"https:\/\/amplitudmodulada.com.ar\/index.php\/wp-json\/wp\/v2\/comments?post=10131"}],"version-history":[{"count":2,"href":"https:\/\/amplitudmodulada.com.ar\/index.php\/wp-json\/wp\/v2\/pages\/10131\/revisions"}],"predecessor-version":[{"id":10134,"href":"https:\/\/amplitudmodulada.com.ar\/index.php\/wp-json\/wp\/v2\/pages\/10131\/revisions\/10134"}],"wp:attachment":[{"href":"https:\/\/amplitudmodulada.com.ar\/index.php\/wp-json\/wp\/v2\/media?parent=10131"}],"curies":[{"name":"wp","href":"https:\/\/api.w.org\/{rel}","templated":true}]}}

Se celebró este sábado el Día del Productor de Radio y Televisión

<figure class="wp-block-image size-full"><img loading="lazy" decoding="async" width="142" height="100" src="http://amplitudmodulada.com.ar/wp-content/uploads/2024/03/radio-e1709292539196.png" alt="" class="wp-image-1088"/></figure>



<p>Se celebró este sábado 6 de diciembre el Día del Productor de Radio y Televisión, en homenaje a Paloma Efron, más conocida como Blackie, periodista y cantante, pionera en la producción integral de programas de radio y televisión en nuestro país.</p>



<p>Nacida en el seno de una familia judía en Entre Ríos, Blackie abandonó sus estudios de química para dedicarse a la música y, tras ganar un concurso de radio en 1934, se perfeccionó durante siete años en Estados Unidos y donde trabó relaciones con figuras del jazz.</p>



<p>A su regreso a Buenos Aires, inició una legendaria carrera en radio, con ciclos como &#8220;La Historia del Jazz&#8221; y &#8220;Derecho a Réplica&#8221;, el primer programa sobre política en Radio Argentina.</p>



<p>Blackie se destacó no solo como figura ante el micrófono, sino como una de las primeras productoras integrales del país.</p>



<p>A lo largo de su extensa carrera profesional, produjo ciclos tan dispares como &#8220;Odol Pregunta&#8221; y &#8220;Titanes en el Ring&#8221;, impulsó el debut y la carrera de figuras como Tato Bores y Nélida Lobato y llegó a ser directora de Canal 7, junto a Cecilio Madanes.</p>



<p>Fuente: <a href="http://www.noticiasargentinas.com" data-type="link" data-id="www.noticiasargentinas.com" target="_blank" rel="noreferrer noopener">www.noticiasargentinas.com</a> | Ciudad Autónoma de Buenos Aires | 08.12.25</p>

<p>Se celebró este sábado 6 de diciembre el Día del Productor de Radio y Televisión, en homenaje a Paloma Efron, más conocida como Blackie, periodista y cantante, pionera en la producción integral de programas de radio y televisión en nuestro país. Nacida en el seno de una familia judía en Entre Ríos, Blackie abandonó sus &hellip; <a href="https://amplitudmodulada.com.ar/index.php/noticia14068/" class="more-link">Continuá leyendo <span class="screen-reader-text">Se celebró este sábado el Día del Productor de Radio y Televisión</span></a></p>
