{"id":10175,"date":"2025-12-17T08:06:10","date_gmt":"2025-12-17T11:06:10","guid":{"rendered":"https:\/\/amplitudmodulada.com.ar\/?page_id=10175"},"modified":"2025-12-17T08:12:15","modified_gmt":"2025-12-17T11:12:15","slug":"noticia14073","status":"publish","type":"page","link":"https:\/\/amplitudmodulada.com.ar\/index.php\/noticia14073\/","title":{"rendered":"LT11 realiza una nueva edici\u00f3n de la Campa\u00f1a del Juguete"},"content":{"rendered":"\n<figure class=\"wp-block-image size-full\"><img loading=\"lazy\" decoding=\"async\" width=\"110\" height=\"110\" src=\"http:\/\/amplitudmodulada.com.ar\/wp-content\/uploads\/2024\/10\/LRA-e1728000015658.jpg\" alt=\"\" class=\"wp-image-4179\"\/><\/figure>\n\n\n\n<p>Organizada por LT11 Radio  de Concepci\u00f3n del Uruguay, se realizar\u00e1 este martes 23 de diciembre, de 8.00 a 19.00 horas, la 42\u00b0 edici\u00f3n de la Campa\u00f1a del Juguete.<\/p>\n\n\n\n<p>La Campa\u00f1a del Juguete busca recolectar juguetes nuevos o usados en buen estado, incluyendo bicicletas, para alegrar la Navidad de los chicos m\u00e1s necesitados.<\/p>\n\n\n\n<p>En ese sentido, Mart\u00edn Moras\u00e1n, coordinador de LT11, record\u00f3 que la Campa\u00f1a del Juguete es una iniciativa organizada desde 1984 por trabajadores de la emisora y ha crecido a\u00f1o tras a\u00f1o, lo que la ha convertido en un s\u00edmbolo de solidaridad de la regi\u00f3n.<\/p>\n\n\n\n<p>Declarada de Inter\u00e9s Municipal y Provincial, esta nueva de edici\u00f3n de la Campa\u00f1a del Juguete ser\u00e1 transmitida por la se\u00f1al de Frecuencia Modulada de Radio Nacional General Francisco Ram\u00edrez.<\/p>\n\n\n\n<p>Fuente: <a href=\"http:\/\/www.lapiramide.net\" data-type=\"link\" data-id=\"www.lapiramide.net\" target=\"_blank\" rel=\"noreferrer noopener\">www.lapiramide.net<\/a> | Concepci\u00f3n del Uruguay &#8211; Entre R\u00edos | 10.12.25<\/p>\n\n\n\n<p><\/p>\n","protected":false},"excerpt":{"rendered":"<p>Organizada por LT11 Radio de Concepci\u00f3n del Uruguay, se realizar\u00e1 este martes 23 de diciembre, de 8.00 a 19.00 horas, la 42\u00b0 edici\u00f3n de la Campa\u00f1a del Juguete. La Campa\u00f1a del Juguete busca recolectar juguetes nuevos o usados en buen estado, incluyendo bicicletas, para alegrar la Navidad de los chicos m\u00e1s necesitados. En ese sentido, &hellip; <a href=\"https:\/\/amplitudmodulada.com.ar\/index.php\/noticia14073\/\" class=\"more-link\">Continu\u00e1 leyendo <span class=\"screen-reader-text\">LT11 realiza una nueva edici\u00f3n de la Campa\u00f1a del Juguete<\/span><\/a><\/p>\n","protected":false},"author":1,"featured_media":0,"parent":0,"menu_order":0,"comment_status":"closed","ping_status":"closed","template":"","meta":{"footnotes":""},"class_list":["post-10175","page","type-page","status-publish","hentry"],"_links":{"self":[{"href":"https:\/\/amplitudmodulada.com.ar\/index.php\/wp-json\/wp\/v2\/pages\/10175","targetHints":{"allow":["GET"]}}],"collection":[{"href":"https:\/\/amplitudmodulada.com.ar\/index.php\/wp-json\/wp\/v2\/pages"}],"about":[{"href":"https:\/\/amplitudmodulada.com.ar\/index.php\/wp-json\/wp\/v2\/types\/page"}],"author":[{"embeddable":true,"href":"https:\/\/amplitudmodulada.com.ar\/index.php\/wp-json\/wp\/v2\/users\/1"}],"replies":[{"embeddable":true,"href":"https:\/\/amplitudmodulada.com.ar\/index.php\/wp-json\/wp\/v2\/comments?post=10175"}],"version-history":[{"count":2,"href":"https:\/\/amplitudmodulada.com.ar\/index.php\/wp-json\/wp\/v2\/pages\/10175\/revisions"}],"predecessor-version":[{"id":10178,"href":"https:\/\/amplitudmodulada.com.ar\/index.php\/wp-json\/wp\/v2\/pages\/10175\/revisions\/10178"}],"wp:attachment":[{"href":"https:\/\/amplitudmodulada.com.ar\/index.php\/wp-json\/wp\/v2\/media?parent=10175"}],"curies":[{"name":"wp","href":"https:\/\/api.w.org\/{rel}","templated":true}]}}