{"id":10256,"date":"2025-12-20T18:55:07","date_gmt":"2025-12-20T21:55:07","guid":{"rendered":"https:\/\/amplitudmodulada.com.ar\/?page_id=10256"},"modified":"2025-12-20T19:04:20","modified_gmt":"2025-12-20T22:04:20","slug":"noticia14081","status":"publish","type":"page","link":"https:\/\/amplitudmodulada.com.ar\/index.php\/noticia14081\/","title":{"rendered":"El gobierno busca desprenderse de quinientos empleados de Radio y Televisi\u00f3n Argentina"},"content":{"rendered":"\n<figure class=\"wp-block-image size-full\"><img loading=\"lazy\" decoding=\"async\" width=\"180\" height=\"72\" src=\"http:\/\/amplitudmodulada.com.ar\/wp-content\/uploads\/2024\/08\/rta-e1724708132626.png\" alt=\"\" class=\"wp-image-3275\"\/><\/figure>\n\n\n\n<p>El gobierno nacional avanza con un plan de retiros voluntarios en Radio y Televisi\u00f3n Argentina (RTA), con el que busca desprenderse de quinientos de los dos mil cuatrocientos empleados de la empresa estatal que opera la Televisi\u00f3n P\u00b4\u00fablica y Radio Nacional.<\/p>\n\n\n\n<p>El plan, que es resistido por los gremios de los medios p\u00fablicos, tambi\u00e9n incluye a los empleados de Encuentro, Paka Paka, DeporTV y el Canal 12 de Trenque Lauquen.<\/p>\n\n\n\n<p>Fuentes oficiales le aseguraron al diario Clar\u00edn que ya est\u00e1 listo el expediente para comenzar su recorrido administrativo.<\/p>\n\n\n\n<p>El objetivo es que antes de fin de a\u00f1o las autoridades de Radio y Televisi\u00f3n Argentina puedan implementar un plan de retiros voluntarios para achicar un 20% la planta de personal de los canales de televisi\u00f3n y de las cuarenta y nueve emisoras de Radio Nacional.<\/p>\n\n\n\n<p>La gesti\u00f3n del interventor Carlos Curci busca achicar costos tambi\u00e9n por otras v\u00edas, como las coproducciones para los programas de la Televisi\u00f3n P\u00fablica.<\/p>\n\n\n\n<p>En tanto, en Radio Nacional este a\u00f1o se unificaron las estructuras que estaban en dos edificios diferentes de las dos emisoras de Comodoro Rivadavia y planea hacer algo similar el a\u00f1o pr\u00f3ximo en Mendoza.<\/p>\n\n\n\n<p>Fuente: <a href=\"http:\/\/www.clarin.com\" data-type=\"link\" data-id=\"www.clarin.com\" target=\"_blank\" rel=\"noreferrer noopener\">www.clarin.com<\/a> | Ciudad Aut\u00f3noma de Buenos Aires | 15.12.25<\/p>\n\n\n\n<p><\/p>\n","protected":false},"excerpt":{"rendered":"<p>El gobierno nacional avanza con un plan de retiros voluntarios en Radio y Televisi\u00f3n Argentina (RTA), con el que busca desprenderse de quinientos de los dos mil cuatrocientos empleados de la empresa estatal que opera la Televisi\u00f3n P\u00b4\u00fablica y Radio Nacional. El plan, que es resistido por los gremios de los medios p\u00fablicos, tambi\u00e9n incluye &hellip; <a href=\"https:\/\/amplitudmodulada.com.ar\/index.php\/noticia14081\/\" class=\"more-link\">Continu\u00e1 leyendo <span class=\"screen-reader-text\">El gobierno busca desprenderse de quinientos empleados de Radio y Televisi\u00f3n Argentina<\/span><\/a><\/p>\n","protected":false},"author":1,"featured_media":0,"parent":0,"menu_order":0,"comment_status":"closed","ping_status":"closed","template":"","meta":{"footnotes":""},"class_list":["post-10256","page","type-page","status-publish","hentry"],"_links":{"self":[{"href":"https:\/\/amplitudmodulada.com.ar\/index.php\/wp-json\/wp\/v2\/pages\/10256","targetHints":{"allow":["GET"]}}],"collection":[{"href":"https:\/\/amplitudmodulada.com.ar\/index.php\/wp-json\/wp\/v2\/pages"}],"about":[{"href":"https:\/\/amplitudmodulada.com.ar\/index.php\/wp-json\/wp\/v2\/types\/page"}],"author":[{"embeddable":true,"href":"https:\/\/amplitudmodulada.com.ar\/index.php\/wp-json\/wp\/v2\/users\/1"}],"replies":[{"embeddable":true,"href":"https:\/\/amplitudmodulada.com.ar\/index.php\/wp-json\/wp\/v2\/comments?post=10256"}],"version-history":[{"count":2,"href":"https:\/\/amplitudmodulada.com.ar\/index.php\/wp-json\/wp\/v2\/pages\/10256\/revisions"}],"predecessor-version":[{"id":10259,"href":"https:\/\/amplitudmodulada.com.ar\/index.php\/wp-json\/wp\/v2\/pages\/10256\/revisions\/10259"}],"wp:attachment":[{"href":"https:\/\/amplitudmodulada.com.ar\/index.php\/wp-json\/wp\/v2\/media?parent=10256"}],"curies":[{"name":"wp","href":"https:\/\/api.w.org\/{rel}","templated":true}]}}