{"id":10261,"date":"2025-12-20T19:20:45","date_gmt":"2025-12-20T22:20:45","guid":{"rendered":"https:\/\/amplitudmodulada.com.ar\/?page_id=10261"},"modified":"2025-12-20T19:29:34","modified_gmt":"2025-12-20T22:29:34","slug":"noticia14082","status":"publish","type":"page","link":"https:\/\/amplitudmodulada.com.ar\/index.php\/noticia14082\/","title":{"rendered":"Cadena 3 sortea entre sus oyentes viajes a distintos puntos tur\u00edsticos"},"content":{"rendered":"\n<figure class=\"wp-block-image size-full\"><img loading=\"lazy\" decoding=\"async\" width=\"169\" height=\"55\" src=\"http:\/\/amplitudmodulada.com.ar\/wp-content\/uploads\/2024\/02\/cadena3-e1709142729643.png\" alt=\"\" class=\"wp-image-1072\"\/><\/figure>\n\n\n\n<p>En el marco del comienzo Operativo Verano 2026, Cadena 3, junto a TDH Viajes, sortea entre sus oyentes viajes a distintos puntos tur\u00edsistico del mundo.<\/p>\n\n\n\n<p>El primer gran premio semanal es una escapada con todo resuelto para dos personas, con fecha de partida programada para marzo de 2026, a las playas v\u00edrgenes de Cayo Largo, en Cuba.<\/p>\n\n\n\n<p>Los ganadores disfrutar\u00e1n de un paquete que incluye: \u00e1ereo directo desde C\u00f3rdoba con Andes L\u00edneas A\u00e9reas, traslados de llegada y salida garantizados, ocho noches de alojamiento en el exclusivo hotel Starfish Cayo Largo bajo r\u00e9gimen de todo incluido y asistencia al viajero con AssitCard.<\/p>\n\n\n\n<p>Los interesados en participar en los concursos semanales deber\u00e1n ingresar a <a href=\"http:\/\/www.cadena3.com\" data-type=\"link\" data-id=\"www.cadena3.com\" target=\"_blank\" rel=\"noreferrer noopener\">www.cadena3.com<\/a> y buscar el banner especial del Operativo Verano 2026 y, tras ingresar sus datos, ya estar\u00e1n participando del concurso.<\/p>\n\n\n\n<p>El sorteo del viaje a Cayo Largo se realizar\u00e1 el 22 de diciembre y es v\u00e1lido para dos personas.<\/p>\n\n\n\n<p>Fuente: <a href=\"http:\/\/www.cadena3.com\" data-type=\"link\" data-id=\"www.cadena3.com\" target=\"_blank\" rel=\"noreferrer noopener\">www.cadena3.com<\/a> | C\u00f3rdoba &#8211; C\u00f3rdoba | 16.12.25<\/p>\n\n\n\n<p><\/p>\n","protected":false},"excerpt":{"rendered":"<p>En el marco del comienzo Operativo Verano 2026, Cadena 3, junto a TDH Viajes, sortea entre sus oyentes viajes a distintos puntos tur\u00edsistico del mundo. El primer gran premio semanal es una escapada con todo resuelto para dos personas, con fecha de partida programada para marzo de 2026, a las playas v\u00edrgenes de Cayo Largo, &hellip; <a href=\"https:\/\/amplitudmodulada.com.ar\/index.php\/noticia14082\/\" class=\"more-link\">Continu\u00e1 leyendo <span class=\"screen-reader-text\">Cadena 3 sortea entre sus oyentes viajes a distintos puntos tur\u00edsticos<\/span><\/a><\/p>\n","protected":false},"author":1,"featured_media":0,"parent":0,"menu_order":0,"comment_status":"closed","ping_status":"closed","template":"","meta":{"footnotes":""},"class_list":["post-10261","page","type-page","status-publish","hentry"],"_links":{"self":[{"href":"https:\/\/amplitudmodulada.com.ar\/index.php\/wp-json\/wp\/v2\/pages\/10261","targetHints":{"allow":["GET"]}}],"collection":[{"href":"https:\/\/amplitudmodulada.com.ar\/index.php\/wp-json\/wp\/v2\/pages"}],"about":[{"href":"https:\/\/amplitudmodulada.com.ar\/index.php\/wp-json\/wp\/v2\/types\/page"}],"author":[{"embeddable":true,"href":"https:\/\/amplitudmodulada.com.ar\/index.php\/wp-json\/wp\/v2\/users\/1"}],"replies":[{"embeddable":true,"href":"https:\/\/amplitudmodulada.com.ar\/index.php\/wp-json\/wp\/v2\/comments?post=10261"}],"version-history":[{"count":3,"href":"https:\/\/amplitudmodulada.com.ar\/index.php\/wp-json\/wp\/v2\/pages\/10261\/revisions"}],"predecessor-version":[{"id":10265,"href":"https:\/\/amplitudmodulada.com.ar\/index.php\/wp-json\/wp\/v2\/pages\/10261\/revisions\/10265"}],"wp:attachment":[{"href":"https:\/\/amplitudmodulada.com.ar\/index.php\/wp-json\/wp\/v2\/media?parent=10261"}],"curies":[{"name":"wp","href":"https:\/\/api.w.org\/{rel}","templated":true}]}}