{"id":10273,"date":"2025-12-21T10:04:35","date_gmt":"2025-12-21T13:04:35","guid":{"rendered":"https:\/\/amplitudmodulada.com.ar\/?page_id=10273"},"modified":"2025-12-21T10:11:32","modified_gmt":"2025-12-21T13:11:32","slug":"noticia14084","status":"publish","type":"page","link":"https:\/\/amplitudmodulada.com.ar\/index.php\/noticia14084\/","title":{"rendered":"Muere la locutora de Radio Nacional Alicia Cuniberti"},"content":{"rendered":"\n<figure class=\"wp-block-image size-full\"><img loading=\"lazy\" decoding=\"async\" width=\"110\" height=\"110\" src=\"http:\/\/amplitudmodulada.com.ar\/wp-content\/uploads\/2024\/10\/LRA-e1728000015658.jpg\" alt=\"\" class=\"wp-image-4179\"\/><\/figure>\n\n\n\n<p>A los 65 a\u00f1os de edad, falleci\u00f3 este mi\u00e9rcoles 17 de diciembre la emblem\u00e1tica locutora de Radio Nacional Alicia Cuniberti. La noticia fue dada a conocer a trav\u00e9s de las redes sociales de esa emisora.<\/p>\n\n\n\n<p>Durante d\u00e9cadas, su voz acompa\u00f1\u00f3 a varias generaciones de oyentes y su trayectoria consolid\u00f3 un lugar destacado dentro de la radio de nuestro pa\u00eds.<\/p>\n\n\n\n<p>Alicia Cuniberti inici\u00f3 su carrera en 1983, tras ganar un concurso que le permiti\u00f3 trabajar con Cacho Fontana.<\/p>\n\n\n\n<p>Desde entonces, particip\u00f3 en programas emblem\u00e1ticos de Radio Nacional y otras emisoras, tanto en periodismo como en radioteatro.<\/p>\n\n\n\n<p>Entre sus contribuciones m\u00e1s relevantes se encuentra su labor en &#8220;Las Dos Car\u00e1tulas&#8221;, ciclo hist\u00f3rico de radioteatro de Radio Nacional.<\/p>\n\n\n\n<p>A lo largo de su carrera profesional, trabaj\u00f3 con figuras reconocidas de la radio argentina, como H\u00e9ctor Larrea y Fernando Bravo y fue distinguida con un premio Mart\u00edn Fierro por su labor profesional.<\/p>\n\n\n\n<p>Tambi\u00e9n desempe\u00f1\u00f3 tareas institucionales dentro de la emisora y se consolid\u00f3 como una referencia de la locuci\u00f3n formal y profesional.<\/p>\n\n\n\n<p>Fuente: <a href=\"http:\/\/www.tiempoar.com.ar\" data-type=\"link\" data-id=\"www.tiempoar.com.ar\" target=\"_blank\" rel=\"noreferrer noopener\">www.tiempoar.com.ar<\/a> | Ciudad Aut\u00f3noma de Buenos Aires | 17.12.25<\/p>\n","protected":false},"excerpt":{"rendered":"<p>A los 65 a\u00f1os de edad, falleci\u00f3 este mi\u00e9rcoles 17 de diciembre la emblem\u00e1tica locutora de Radio Nacional Alicia Cuniberti. La noticia fue dada a conocer a trav\u00e9s de las redes sociales de esa emisora. Durante d\u00e9cadas, su voz acompa\u00f1\u00f3 a varias generaciones de oyentes y su trayectoria consolid\u00f3 un lugar destacado dentro de la &hellip; <a href=\"https:\/\/amplitudmodulada.com.ar\/index.php\/noticia14084\/\" class=\"more-link\">Continu\u00e1 leyendo <span class=\"screen-reader-text\">Muere la locutora de Radio Nacional Alicia Cuniberti<\/span><\/a><\/p>\n","protected":false},"author":1,"featured_media":0,"parent":0,"menu_order":0,"comment_status":"closed","ping_status":"closed","template":"","meta":{"footnotes":""},"class_list":["post-10273","page","type-page","status-publish","hentry"],"_links":{"self":[{"href":"https:\/\/amplitudmodulada.com.ar\/index.php\/wp-json\/wp\/v2\/pages\/10273","targetHints":{"allow":["GET"]}}],"collection":[{"href":"https:\/\/amplitudmodulada.com.ar\/index.php\/wp-json\/wp\/v2\/pages"}],"about":[{"href":"https:\/\/amplitudmodulada.com.ar\/index.php\/wp-json\/wp\/v2\/types\/page"}],"author":[{"embeddable":true,"href":"https:\/\/amplitudmodulada.com.ar\/index.php\/wp-json\/wp\/v2\/users\/1"}],"replies":[{"embeddable":true,"href":"https:\/\/amplitudmodulada.com.ar\/index.php\/wp-json\/wp\/v2\/comments?post=10273"}],"version-history":[{"count":2,"href":"https:\/\/amplitudmodulada.com.ar\/index.php\/wp-json\/wp\/v2\/pages\/10273\/revisions"}],"predecessor-version":[{"id":10276,"href":"https:\/\/amplitudmodulada.com.ar\/index.php\/wp-json\/wp\/v2\/pages\/10273\/revisions\/10276"}],"wp:attachment":[{"href":"https:\/\/amplitudmodulada.com.ar\/index.php\/wp-json\/wp\/v2\/media?parent=10273"}],"curies":[{"name":"wp","href":"https:\/\/api.w.org\/{rel}","templated":true}]}}