{"id":10348,"date":"2025-12-29T19:53:28","date_gmt":"2025-12-29T22:53:28","guid":{"rendered":"https:\/\/amplitudmodulada.com.ar\/?page_id=10348"},"modified":"2025-12-29T20:11:45","modified_gmt":"2025-12-29T23:11:45","slug":"noticia14094","status":"publish","type":"page","link":"https:\/\/amplitudmodulada.com.ar\/index.php\/noticia14094\/","title":{"rendered":"El programa &#8220;Buenos D\u00edas&#8221; cerr\u00f3 el 2025 con una emisi\u00f3n especial"},"content":{"rendered":"\n<figure class=\"wp-block-image size-full\"><img loading=\"lazy\" decoding=\"async\" width=\"180\" height=\"74\" src=\"http:\/\/amplitudmodulada.com.ar\/wp-content\/uploads\/2025\/08\/LT32-e1755043727802.png\" alt=\"\" class=\"wp-image-8220\"\/><\/figure>\n\n\n\n<p>El programa &#8220;Buenos D\u00edas&#8221;, que conduce Pedro Denezio todos los s\u00e1bados en LT32 Radio Chivilcoy, cerr\u00f3 el a\u00f1o este fin de semana con una emisi\u00f3n especial desde la confiter\u00eda Vallerga.<\/p>\n\n\n\n<p>El programa especial cont\u00f3 con la presencia de referentes institucionales, deportivos y productivos, que conformaron una ma\u00f1ana marcada por el balance del a\u00f1o y la actualidad local.<\/p>\n\n\n\n<p>En el programa estuvieron tambi\u00e9n los tradicionales columnistas de &#8220;Buenos D\u00edas&#8221;, Marcelo Speranza, Mar\u00eda Luj\u00e1n Armagno, Soledad Rodr\u00edguez Carmona, adem\u00e1s del legendario Luis Borr\u00e9, co conductor del ciclo.<\/p>\n\n\n\n<p>A lo largo de la emisi\u00f3n se repasaron los hechos m\u00e1s relevantes del a\u00f1o, con \u00b4\u00b4enfasis en la actualidad local, el deporte, la producci\u00f3n, la seguridad y la vida institucional de Chivilcoy, en un formato que combina informaci\u00f3n, an\u00e1lisis y participaci\u00f3n.<\/p>\n\n\n\n<p>H\u00e9ctor Pedro Denezio acumula m\u00e1s de cincuenta a\u00f1os de trayectoria en Radio Chivilcoy.<\/p>\n\n\n\n<p>Fuente: <a href=\"http:\/\/www.larazondechivilcoy.com.ar\" data-type=\"link\" data-id=\"www.larazondechivilcoy.com.ar\" target=\"_blank\" rel=\"noreferrer noopener\">www.larazondechivilcoy.com.ar<\/a> | Chivilcoy &#8211; Buenos Aires | 29.12.25 <\/p>\n\n\n\n<p><\/p>\n","protected":false},"excerpt":{"rendered":"<p>El programa &#8220;Buenos D\u00edas&#8221;, que conduce Pedro Denezio todos los s\u00e1bados en LT32 Radio Chivilcoy, cerr\u00f3 el a\u00f1o este fin de semana con una emisi\u00f3n especial desde la confiter\u00eda Vallerga. El programa especial cont\u00f3 con la presencia de referentes institucionales, deportivos y productivos, que conformaron una ma\u00f1ana marcada por el balance del a\u00f1o y la &hellip; <a href=\"https:\/\/amplitudmodulada.com.ar\/index.php\/noticia14094\/\" class=\"more-link\">Continu\u00e1 leyendo <span class=\"screen-reader-text\">El programa &#8220;Buenos D\u00edas&#8221; cerr\u00f3 el 2025 con una emisi\u00f3n especial<\/span><\/a><\/p>\n","protected":false},"author":1,"featured_media":0,"parent":0,"menu_order":0,"comment_status":"closed","ping_status":"closed","template":"","meta":{"footnotes":""},"class_list":["post-10348","page","type-page","status-publish","hentry"],"_links":{"self":[{"href":"https:\/\/amplitudmodulada.com.ar\/index.php\/wp-json\/wp\/v2\/pages\/10348","targetHints":{"allow":["GET"]}}],"collection":[{"href":"https:\/\/amplitudmodulada.com.ar\/index.php\/wp-json\/wp\/v2\/pages"}],"about":[{"href":"https:\/\/amplitudmodulada.com.ar\/index.php\/wp-json\/wp\/v2\/types\/page"}],"author":[{"embeddable":true,"href":"https:\/\/amplitudmodulada.com.ar\/index.php\/wp-json\/wp\/v2\/users\/1"}],"replies":[{"embeddable":true,"href":"https:\/\/amplitudmodulada.com.ar\/index.php\/wp-json\/wp\/v2\/comments?post=10348"}],"version-history":[{"count":2,"href":"https:\/\/amplitudmodulada.com.ar\/index.php\/wp-json\/wp\/v2\/pages\/10348\/revisions"}],"predecessor-version":[{"id":10351,"href":"https:\/\/amplitudmodulada.com.ar\/index.php\/wp-json\/wp\/v2\/pages\/10348\/revisions\/10351"}],"wp:attachment":[{"href":"https:\/\/amplitudmodulada.com.ar\/index.php\/wp-json\/wp\/v2\/media?parent=10348"}],"curies":[{"name":"wp","href":"https:\/\/api.w.org\/{rel}","templated":true}]}}