{"id":10378,"date":"2025-12-31T16:43:01","date_gmt":"2025-12-31T19:43:01","guid":{"rendered":"https:\/\/amplitudmodulada.com.ar\/?page_id=10378"},"modified":"2025-12-31T16:53:27","modified_gmt":"2025-12-31T19:53:27","slug":"noticia14098","status":"publish","type":"page","link":"https:\/\/amplitudmodulada.com.ar\/index.php\/noticia14098\/","title":{"rendered":"Luisa Delfino renov\u00f3 contrato con Radio Rivadavia"},"content":{"rendered":"\n<figure class=\"wp-block-image size-full\"><img loading=\"lazy\" decoding=\"async\" width=\"174\" height=\"60\" src=\"http:\/\/amplitudmodulada.com.ar\/wp-content\/uploads\/2024\/01\/630-e1704586384620.png\" alt=\"\" class=\"wp-image-115\"\/><\/figure>\n\n\n\n<p>La conductora Luisa Delfino firm\u00f3 el contrato que asegura una nueva temporada de su hist\u00f3rico programa &#8220;Te Escucho&#8221; en el aire de LS5 Radio Rivadavia.<\/p>\n\n\n\n<p>De esta manera, la periodista y escritora seguir\u00e1 al frente de las noches de los fines de semana, brindando ese espacio de contenci\u00f3n, di\u00e1logo y escucha que se ha convertido en una marca registrada de su carrera y en un refugio para miles de oyentes en todo el pa\u00eds.<\/p>\n\n\n\n<p>Seg\u00fan se inform\u00f3 tras la firma del contrato, el programa mantendr\u00e1 su estructura habitual para no alterar el rito de sus seguidores: s\u00e1bados y domingos de 22.00 a 1.00 hora.<\/p>\n\n\n\n<p>&#8220;Te Escucho&#8221; lleva d\u00e9cadas en el aire, habiendo pasado por distintas emisoras antes de encontrar su sede actual, Radio Rivadavia.<\/p>\n\n\n\n<p>El programa se destaca por abordar tem\u00e1ticas vinculadas a la salud mental, la soledad, las adicciones y las historias de vida, siempre con el tono emp\u00e1tico y profesional que caracteriza a su conductora.<\/p>\n\n\n\n<p>Fuente: <a href=\"http:\/\/www.noticiasargentinas.com\" data-type=\"link\" data-id=\"www.noticiasargentinas.com\" target=\"_blank\" rel=\"noreferrer noopener\">www.noticiasargentinas.com<\/a> | Ciudad Aut\u00f3noma de Buenos Aires | 30.12.25<\/p>\n\n\n\n<p><\/p>\n","protected":false},"excerpt":{"rendered":"<p>La conductora Luisa Delfino firm\u00f3 el contrato que asegura una nueva temporada de su hist\u00f3rico programa &#8220;Te Escucho&#8221; en el aire de LS5 Radio Rivadavia. De esta manera, la periodista y escritora seguir\u00e1 al frente de las noches de los fines de semana, brindando ese espacio de contenci\u00f3n, di\u00e1logo y escucha que se ha convertido &hellip; <a href=\"https:\/\/amplitudmodulada.com.ar\/index.php\/noticia14098\/\" class=\"more-link\">Continu\u00e1 leyendo <span class=\"screen-reader-text\">Luisa Delfino renov\u00f3 contrato con Radio Rivadavia<\/span><\/a><\/p>\n","protected":false},"author":1,"featured_media":0,"parent":0,"menu_order":0,"comment_status":"closed","ping_status":"closed","template":"","meta":{"footnotes":""},"class_list":["post-10378","page","type-page","status-publish","hentry"],"_links":{"self":[{"href":"https:\/\/amplitudmodulada.com.ar\/index.php\/wp-json\/wp\/v2\/pages\/10378","targetHints":{"allow":["GET"]}}],"collection":[{"href":"https:\/\/amplitudmodulada.com.ar\/index.php\/wp-json\/wp\/v2\/pages"}],"about":[{"href":"https:\/\/amplitudmodulada.com.ar\/index.php\/wp-json\/wp\/v2\/types\/page"}],"author":[{"embeddable":true,"href":"https:\/\/amplitudmodulada.com.ar\/index.php\/wp-json\/wp\/v2\/users\/1"}],"replies":[{"embeddable":true,"href":"https:\/\/amplitudmodulada.com.ar\/index.php\/wp-json\/wp\/v2\/comments?post=10378"}],"version-history":[{"count":2,"href":"https:\/\/amplitudmodulada.com.ar\/index.php\/wp-json\/wp\/v2\/pages\/10378\/revisions"}],"predecessor-version":[{"id":10381,"href":"https:\/\/amplitudmodulada.com.ar\/index.php\/wp-json\/wp\/v2\/pages\/10378\/revisions\/10381"}],"wp:attachment":[{"href":"https:\/\/amplitudmodulada.com.ar\/index.php\/wp-json\/wp\/v2\/media?parent=10378"}],"curies":[{"name":"wp","href":"https:\/\/api.w.org\/{rel}","templated":true}]}}