{"id":10390,"date":"2026-01-01T15:06:27","date_gmt":"2026-01-01T18:06:27","guid":{"rendered":"https:\/\/amplitudmodulada.com.ar\/?page_id=10390"},"modified":"2026-01-01T15:15:15","modified_gmt":"2026-01-01T18:15:15","slug":"noticia14100","status":"publish","type":"page","link":"https:\/\/amplitudmodulada.com.ar\/index.php\/noticia14100\/","title":{"rendered":"Radio Splendid incorpora nuevos ciclos a su grilla de programaci\u00f3n"},"content":{"rendered":"\n<figure class=\"wp-block-image size-full\"><img loading=\"lazy\" decoding=\"async\" width=\"93\" height=\"90\" src=\"http:\/\/amplitudmodulada.com.ar\/wp-content\/uploads\/2025\/04\/991-e1745514775112.png\" alt=\"\" class=\"wp-image-6910\"\/><\/figure>\n\n\n\n<p>LR4 Radio Splendid incorpor\u00e1 a su grilla de programaci\u00f3n de los fines de semana distintos ciclos que este a\u00f1o salieron al aire por la emisora de Frecuencia Modulada Milenium.<\/p>\n\n\n\n<p>Entre los confirmados se encuentra &#8220;Econom\u00eda XXI&#8221; que ir\u00e1 los s\u00e1bados de 8.00 a 10.00 horas con Daniel Fern\u00e1ndez Canedo, Carlos Pato M\u00e9ndez, Federico Mayol y Valeria Weise.<\/p>\n\n\n\n<p>En tanto, los s\u00e1bados, de 10.00 a 12.00 horas, Ignacio Miri estar\u00e1 al frente de &#8220;Cuestiones Pendientes&#8221;.<\/p>\n\n\n\n<p>Los domingos, por su parte, se emitir\u00e1 a partir de las 8.00 horas en Radio Splendid &#8220;No Vale Arrugar&#8221;, con la conducci\u00f3n de los periodistas de La Naci\u00f3n Francisco Jueguen y Mat\u00edas Moreno.<\/p>\n\n\n\n<p>Por \u00faltimo, los domingos a las 11.00 horas y tras casi diez a\u00f1os en Milenium, la periodista Romina Manguel conducir\u00e1 en Radio Splendid &#8220;A Confesi\u00f3n de Parte&#8221;.<\/p>\n\n\n\n<p>Fuente: <a href=\"http:\/\/www.lanacion.com.ar\" data-type=\"link\" data-id=\"www.lanacion.com.ar\" target=\"_blank\" rel=\"noreferrer noopener\">www.lanacion.com.ar<\/a> | Ciudad Aut\u00f3noma de Buenos Aires | 31.12.25<\/p>\n\n\n\n<p><\/p>\n","protected":false},"excerpt":{"rendered":"<p>LR4 Radio Splendid incorpor\u00e1 a su grilla de programaci\u00f3n de los fines de semana distintos ciclos que este a\u00f1o salieron al aire por la emisora de Frecuencia Modulada Milenium. Entre los confirmados se encuentra &#8220;Econom\u00eda XXI&#8221; que ir\u00e1 los s\u00e1bados de 8.00 a 10.00 horas con Daniel Fern\u00e1ndez Canedo, Carlos Pato M\u00e9ndez, Federico Mayol y &hellip; <a href=\"https:\/\/amplitudmodulada.com.ar\/index.php\/noticia14100\/\" class=\"more-link\">Continu\u00e1 leyendo <span class=\"screen-reader-text\">Radio Splendid incorpora nuevos ciclos a su grilla de programaci\u00f3n<\/span><\/a><\/p>\n","protected":false},"author":1,"featured_media":0,"parent":0,"menu_order":0,"comment_status":"closed","ping_status":"closed","template":"","meta":{"footnotes":""},"class_list":["post-10390","page","type-page","status-publish","hentry"],"_links":{"self":[{"href":"https:\/\/amplitudmodulada.com.ar\/index.php\/wp-json\/wp\/v2\/pages\/10390","targetHints":{"allow":["GET"]}}],"collection":[{"href":"https:\/\/amplitudmodulada.com.ar\/index.php\/wp-json\/wp\/v2\/pages"}],"about":[{"href":"https:\/\/amplitudmodulada.com.ar\/index.php\/wp-json\/wp\/v2\/types\/page"}],"author":[{"embeddable":true,"href":"https:\/\/amplitudmodulada.com.ar\/index.php\/wp-json\/wp\/v2\/users\/1"}],"replies":[{"embeddable":true,"href":"https:\/\/amplitudmodulada.com.ar\/index.php\/wp-json\/wp\/v2\/comments?post=10390"}],"version-history":[{"count":4,"href":"https:\/\/amplitudmodulada.com.ar\/index.php\/wp-json\/wp\/v2\/pages\/10390\/revisions"}],"predecessor-version":[{"id":10396,"href":"https:\/\/amplitudmodulada.com.ar\/index.php\/wp-json\/wp\/v2\/pages\/10390\/revisions\/10396"}],"wp:attachment":[{"href":"https:\/\/amplitudmodulada.com.ar\/index.php\/wp-json\/wp\/v2\/media?parent=10390"}],"curies":[{"name":"wp","href":"https:\/\/api.w.org\/{rel}","templated":true}]}}