{"id":10417,"date":"2026-01-04T12:05:06","date_gmt":"2026-01-04T15:05:06","guid":{"rendered":"https:\/\/amplitudmodulada.com.ar\/?page_id=10417"},"modified":"2026-01-04T12:12:51","modified_gmt":"2026-01-04T15:12:51","slug":"noticia14103","status":"publish","type":"page","link":"https:\/\/amplitudmodulada.com.ar\/index.php\/noticia14103\/","title":{"rendered":"Comienza a emitir en 97.1 Mhz. Infobae Radio"},"content":{"rendered":"\n<figure class=\"wp-block-image size-full\"><img loading=\"lazy\" decoding=\"async\" width=\"190\" height=\"45\" src=\"http:\/\/amplitudmodulada.com.ar\/wp-content\/uploads\/2025\/02\/infobae-e1739746988625.png\" alt=\"\" class=\"wp-image-6210\"\/><\/figure>\n\n\n\n<p>Seg\u00fan destaca este mi\u00e9rcoles 31 de diciembre el sitio de Facebook Argentina en AM y FM, comenz\u00f3 a emitir desde la Ciudad de Buenos Aires en 97.1 Mhz. Infobae Radio.<\/p>\n\n\n\n<p>Argentina en AM y FM estima que la nueva se\u00f1al se encuentra a cargo del multimedio Grupo Infobae, fundado en 2002 por el empresario Daniel Hadad, quien al parece ha alquilado la se\u00f1al cuya licencia corresponde a la firma RQP S.A.<\/p>\n\n\n\n<p>Hasta hace algunos d\u00edas en ese punto del dial sal\u00eda al aire la emisora de Frecuencia Modulada Vorterix.<\/p>\n\n\n\n<p>El empresario Daniel Hadad oper\u00f3 a\u00f1os atr\u00e1s LRL202 Radio 10 y las emisoras de Frecuencia Modulada Vale, Mega, Pop y Amadeus, que transfiri\u00f3 posteriormente al Grupo Indalo.<\/p>\n\n\n\n<p>01.01.26<\/p>\n","protected":false},"excerpt":{"rendered":"<p>Seg\u00fan destaca este mi\u00e9rcoles 31 de diciembre el sitio de Facebook Argentina en AM y FM, comenz\u00f3 a emitir desde la Ciudad de Buenos Aires en 97.1 Mhz. Infobae Radio. Argentina en AM y FM estima que la nueva se\u00f1al se encuentra a cargo del multimedio Grupo Infobae, fundado en 2002 por el empresario Daniel &hellip; <a href=\"https:\/\/amplitudmodulada.com.ar\/index.php\/noticia14103\/\" class=\"more-link\">Continu\u00e1 leyendo <span class=\"screen-reader-text\">Comienza a emitir en 97.1 Mhz. Infobae Radio<\/span><\/a><\/p>\n","protected":false},"author":1,"featured_media":0,"parent":0,"menu_order":0,"comment_status":"closed","ping_status":"closed","template":"","meta":{"footnotes":""},"class_list":["post-10417","page","type-page","status-publish","hentry"],"_links":{"self":[{"href":"https:\/\/amplitudmodulada.com.ar\/index.php\/wp-json\/wp\/v2\/pages\/10417","targetHints":{"allow":["GET"]}}],"collection":[{"href":"https:\/\/amplitudmodulada.com.ar\/index.php\/wp-json\/wp\/v2\/pages"}],"about":[{"href":"https:\/\/amplitudmodulada.com.ar\/index.php\/wp-json\/wp\/v2\/types\/page"}],"author":[{"embeddable":true,"href":"https:\/\/amplitudmodulada.com.ar\/index.php\/wp-json\/wp\/v2\/users\/1"}],"replies":[{"embeddable":true,"href":"https:\/\/amplitudmodulada.com.ar\/index.php\/wp-json\/wp\/v2\/comments?post=10417"}],"version-history":[{"count":2,"href":"https:\/\/amplitudmodulada.com.ar\/index.php\/wp-json\/wp\/v2\/pages\/10417\/revisions"}],"predecessor-version":[{"id":10420,"href":"https:\/\/amplitudmodulada.com.ar\/index.php\/wp-json\/wp\/v2\/pages\/10417\/revisions\/10420"}],"wp:attachment":[{"href":"https:\/\/amplitudmodulada.com.ar\/index.php\/wp-json\/wp\/v2\/media?parent=10417"}],"curies":[{"name":"wp","href":"https:\/\/api.w.org\/{rel}","templated":true}]}}