{"id":10449,"date":"2026-01-06T19:11:48","date_gmt":"2026-01-06T22:11:48","guid":{"rendered":"https:\/\/amplitudmodulada.com.ar\/?page_id=10449"},"modified":"2026-01-06T19:21:02","modified_gmt":"2026-01-06T22:21:02","slug":"noticia14107","status":"publish","type":"page","link":"https:\/\/amplitudmodulada.com.ar\/index.php\/noticia14107\/","title":{"rendered":"Radio Rivadavia reorganiza su grilla de programaci\u00f3n de los fines de semana"},"content":{"rendered":"\n<figure class=\"wp-block-image size-full\"><img loading=\"lazy\" decoding=\"async\" width=\"174\" height=\"60\" src=\"http:\/\/amplitudmodulada.com.ar\/wp-content\/uploads\/2024\/01\/630-e1704586384620.png\" alt=\"\" class=\"wp-image-115\"\/><\/figure>\n\n\n\n<p>Seg\u00fan destaca a trav\u00e9s de la red social X el sitio Notidial, LS5 Radio Rivadavia reorganiz\u00f3 su grilla de programaci\u00f3n de los fines de semana tras el alejamiento de esa emisora de varios ciclos.<\/p>\n\n\n\n<p>La grilla de programaci\u00f3n de Radio Rivadavia de los s\u00e1bados qued\u00f3 conformada de la siguiente manera:<\/p>\n\n\n\n<p>\u00b7 De 8.00 a 13.00 horas: &#8220;S\u00e1bado 630&#8221;, con Hern\u00e1n Garciarena.<\/p>\n\n\n\n<p>\u00b7 De 13.00 a 17.00 horas: &#8220;El Sill\u00f3n de Rivadavia&#8221;, con Ricardo Guazzardi.<\/p>\n\n\n\n<p>\u00b7 De 17.00 a 22.00 horas: &#8220;La Radio sos Vos&#8221;, con Julio Lagos.<\/p>\n\n\n\n<p>\u00b7 De 22.00 a 23.00 horas: &#8220;\u00cdntimamente&#8221;, con Alejandra Rubio.<\/p>\n\n\n\n<p>\u00b7 De 23.00 a 1.00 hora: &#8220;Te Escucho&#8221;, con Luisa Delfino.<\/p>\n\n\n\n<p>En tanto, los domingos la grilla de programaci\u00f3n ser\u00e1 la siguiente:<\/p>\n\n\n\n<p>\u00b7 &#8220;De 6.00 a 8.00 horas: &#8220;Un D\u00eda de Estos&#8221;, con Javier Villa.<\/p>\n\n\n\n<p>\u00b7 De 8.00 a 12.00 horas: &#8220;Domingo 630&#8221;, con Jota Leonetti.<\/p>\n\n\n\n<p>\u00b7 De 12.00 a 13.00 horas: &#8220;El Ojo del Arte&#8221;.<\/p>\n\n\n\n<p>\u00b7 De 13.00 a 17.00 horas: &#8220;Verano 630&#8221;, con Noelia Novillo.<\/p>\n\n\n\n<p>\u00b7 De 17.00 a 20.00 horas: &#8220;Somos Nosotros&#8221;, con Guillermo Kohan.<\/p>\n\n\n\n<p>&#8221; De 20.00 a 22.00 horas: &#8220;Tarico on the Rotenberg Especial Verano&#8221;.<\/p>\n\n\n\n<p>&#8221; De 22.00 a 23.00 horas: &#8220;Salud 630&#8221;, con Claudio Zin.<\/p>\n\n\n\n<p>\u00b7 De 23.00 a 1.00 hora: &#8220;Te Escucho&#8221;, con Luisa Delfino.<\/p>\n\n\n\n<p>05.01.26<\/p>\n","protected":false},"excerpt":{"rendered":"<p>Seg\u00fan destaca a trav\u00e9s de la red social X el sitio Notidial, LS5 Radio Rivadavia reorganiz\u00f3 su grilla de programaci\u00f3n de los fines de semana tras el alejamiento de esa emisora de varios ciclos. La grilla de programaci\u00f3n de Radio Rivadavia de los s\u00e1bados qued\u00f3 conformada de la siguiente manera: \u00b7 De 8.00 a 13.00 &hellip; <a href=\"https:\/\/amplitudmodulada.com.ar\/index.php\/noticia14107\/\" class=\"more-link\">Continu\u00e1 leyendo <span class=\"screen-reader-text\">Radio Rivadavia reorganiza su grilla de programaci\u00f3n de los fines de semana<\/span><\/a><\/p>\n","protected":false},"author":1,"featured_media":0,"parent":0,"menu_order":0,"comment_status":"closed","ping_status":"closed","template":"","meta":{"footnotes":""},"class_list":["post-10449","page","type-page","status-publish","hentry"],"_links":{"self":[{"href":"https:\/\/amplitudmodulada.com.ar\/index.php\/wp-json\/wp\/v2\/pages\/10449","targetHints":{"allow":["GET"]}}],"collection":[{"href":"https:\/\/amplitudmodulada.com.ar\/index.php\/wp-json\/wp\/v2\/pages"}],"about":[{"href":"https:\/\/amplitudmodulada.com.ar\/index.php\/wp-json\/wp\/v2\/types\/page"}],"author":[{"embeddable":true,"href":"https:\/\/amplitudmodulada.com.ar\/index.php\/wp-json\/wp\/v2\/users\/1"}],"replies":[{"embeddable":true,"href":"https:\/\/amplitudmodulada.com.ar\/index.php\/wp-json\/wp\/v2\/comments?post=10449"}],"version-history":[{"count":3,"href":"https:\/\/amplitudmodulada.com.ar\/index.php\/wp-json\/wp\/v2\/pages\/10449\/revisions"}],"predecessor-version":[{"id":10453,"href":"https:\/\/amplitudmodulada.com.ar\/index.php\/wp-json\/wp\/v2\/pages\/10449\/revisions\/10453"}],"wp:attachment":[{"href":"https:\/\/amplitudmodulada.com.ar\/index.php\/wp-json\/wp\/v2\/media?parent=10449"}],"curies":[{"name":"wp","href":"https:\/\/api.w.org\/{rel}","templated":true}]}}