{"id":10481,"date":"2026-01-10T19:35:42","date_gmt":"2026-01-10T22:35:42","guid":{"rendered":"https:\/\/amplitudmodulada.com.ar\/?page_id=10481"},"modified":"2026-01-10T19:46:40","modified_gmt":"2026-01-10T22:46:40","slug":"noticia14111","status":"publish","type":"page","link":"https:\/\/amplitudmodulada.com.ar\/index.php\/noticia14111\/","title":{"rendered":"Radio Con Vos lanz\u00f3 su programaci\u00f3n de verano"},"content":{"rendered":"\n<figure class=\"wp-block-image size-full\"><img loading=\"lazy\" decoding=\"async\" width=\"162\" height=\"80\" src=\"http:\/\/amplitudmodulada.com.ar\/wp-content\/uploads\/2024\/04\/convos-e1714156853845.png\" alt=\"\" class=\"wp-image-1792\"\/><\/figure>\n\n\n\n<p>La emisora de Frecuencia Modulada Radio Con Vos lanz\u00f3 el pasado viernes su grilla de programaci\u00f3n de verano.<\/p>\n\n\n\n<p>La nueva programaci\u00f3n arranca a las 7.00 horas con Walter Garbino, que repasa la tapa de los diarios y las principales noticias del d\u00eda que comienza.<\/p>\n\n\n\n<p>De 8.00 a 10.00 horas est\u00e1n Tamara Petinatto y Gustavo Grabia, acompa\u00f1ados por Walter Garbino y Esteban Rafele.<\/p>\n\n\n\n<p>El segmento comprendido entre las 10.00 y las 14.00 horas est\u00e1 a cargo de Agust\u00edn \u00c1lvarez Rey y cuenta con la participaci\u00f3n de Ver\u00f3nica Casta\u00f1ares, Gabriela Vulcano, Federico Ya\u00f1ez y Esteban Rafele.<\/p>\n\n\n\n<p>Por las tardes y con el nombre de &#8220;Verano con Vos Tarde&#8221;, Radio Con Vos tiene a Nicol\u00e1s Fiorentino y Gisela Busaniche.<\/p>\n\n\n\n<p>En tanto, en la segunda quincena de enero se incorpora Diego Iglesias, mientras que el 2 de febrero se reincorporar\u00e1 Reynaldo Sietecase y el 18 de febrero lo har\u00e1 Ernesto Tenembaum.<\/p>\n\n\n\n<p>Radio Con Vos sale al aire desde la Ciudad de Buenos Aires en 89.9 Mhz.<\/p>\n\n\n\n<p>Fuente: <a href=\"http:\/\/www.lanacion.com.ar\" data-type=\"link\" data-id=\"www.lanacion.com.ar\" target=\"_blank\" rel=\"noreferrer noopener\">www.lanacion.com.ar<\/a> | Ciudad Aut\u00f3noma de Buenos Aires | 06.01.26<\/p>\n","protected":false},"excerpt":{"rendered":"<p>La emisora de Frecuencia Modulada Radio Con Vos lanz\u00f3 el pasado viernes su grilla de programaci\u00f3n de verano. La nueva programaci\u00f3n arranca a las 7.00 horas con Walter Garbino, que repasa la tapa de los diarios y las principales noticias del d\u00eda que comienza. De 8.00 a 10.00 horas est\u00e1n Tamara Petinatto y Gustavo Grabia, &hellip; <a href=\"https:\/\/amplitudmodulada.com.ar\/index.php\/noticia14111\/\" class=\"more-link\">Continu\u00e1 leyendo <span class=\"screen-reader-text\">Radio Con Vos lanz\u00f3 su programaci\u00f3n de verano<\/span><\/a><\/p>\n","protected":false},"author":1,"featured_media":0,"parent":0,"menu_order":0,"comment_status":"closed","ping_status":"closed","template":"","meta":{"footnotes":""},"class_list":["post-10481","page","type-page","status-publish","hentry"],"_links":{"self":[{"href":"https:\/\/amplitudmodulada.com.ar\/index.php\/wp-json\/wp\/v2\/pages\/10481","targetHints":{"allow":["GET"]}}],"collection":[{"href":"https:\/\/amplitudmodulada.com.ar\/index.php\/wp-json\/wp\/v2\/pages"}],"about":[{"href":"https:\/\/amplitudmodulada.com.ar\/index.php\/wp-json\/wp\/v2\/types\/page"}],"author":[{"embeddable":true,"href":"https:\/\/amplitudmodulada.com.ar\/index.php\/wp-json\/wp\/v2\/users\/1"}],"replies":[{"embeddable":true,"href":"https:\/\/amplitudmodulada.com.ar\/index.php\/wp-json\/wp\/v2\/comments?post=10481"}],"version-history":[{"count":3,"href":"https:\/\/amplitudmodulada.com.ar\/index.php\/wp-json\/wp\/v2\/pages\/10481\/revisions"}],"predecessor-version":[{"id":10486,"href":"https:\/\/amplitudmodulada.com.ar\/index.php\/wp-json\/wp\/v2\/pages\/10481\/revisions\/10486"}],"wp:attachment":[{"href":"https:\/\/amplitudmodulada.com.ar\/index.php\/wp-json\/wp\/v2\/media?parent=10481"}],"curies":[{"name":"wp","href":"https:\/\/api.w.org\/{rel}","templated":true}]}}

Radio Con Vos lanzó su programación de verano

<figure class="wp-block-image size-full"><img loading="lazy" decoding="async" width="162" height="80" src="http://amplitudmodulada.com.ar/wp-content/uploads/2024/04/convos-e1714156853845.png" alt="" class="wp-image-1792"/></figure>



<p>La emisora de Frecuencia Modulada Radio Con Vos lanzó el pasado viernes su grilla de programación de verano.</p>



<p>La nueva programación arranca a las 7.00 horas con Walter Garbino, que repasa la tapa de los diarios y las principales noticias del día que comienza.</p>



<p>De 8.00 a 10.00 horas están Tamara Petinatto y Gustavo Grabia, acompañados por Walter Garbino y Esteban Rafele.</p>



<p>El segmento comprendido entre las 10.00 y las 14.00 horas está a cargo de Agustín Álvarez Rey y cuenta con la participación de Verónica Castañares, Gabriela Vulcano, Federico Yañez y Esteban Rafele.</p>



<p>Por las tardes y con el nombre de &#8220;Verano con Vos Tarde&#8221;, Radio Con Vos tiene a Nicolás Fiorentino y Gisela Busaniche.</p>



<p>En tanto, en la segunda quincena de enero se incorpora Diego Iglesias, mientras que el 2 de febrero se reincorporará Reynaldo Sietecase y el 18 de febrero lo hará Ernesto Tenembaum.</p>



<p>Radio Con Vos sale al aire desde la Ciudad de Buenos Aires en 89.9 Mhz.</p>



<p>Fuente: <a href="http://www.lanacion.com.ar" data-type="link" data-id="www.lanacion.com.ar" target="_blank" rel="noreferrer noopener">www.lanacion.com.ar</a> | Ciudad Autónoma de Buenos Aires | 06.01.26</p>

<p>La emisora de Frecuencia Modulada Radio Con Vos lanzó el pasado viernes su grilla de programación de verano. La nueva programación arranca a las 7.00 horas con Walter Garbino, que repasa la tapa de los diarios y las principales noticias del día que comienza. De 8.00 a 10.00 horas están Tamara Petinatto y Gustavo Grabia, &hellip; <a href="https://amplitudmodulada.com.ar/index.php/noticia14111/" class="more-link">Continuá leyendo <span class="screen-reader-text">Radio Con Vos lanzó su programación de verano</span></a></p>
