{"id":10627,"date":"2026-01-20T19:18:12","date_gmt":"2026-01-20T22:18:12","guid":{"rendered":"https:\/\/amplitudmodulada.com.ar\/?page_id=10627"},"modified":"2026-01-20T19:29:00","modified_gmt":"2026-01-20T22:29:00","slug":"noticia14129","status":"publish","type":"page","link":"https:\/\/amplitudmodulada.com.ar\/index.php\/noticia14129\/","title":{"rendered":"La Televisi\u00f3n P\u00fablica y Radio Nacional transmitir\u00e1n los partidos de la Selecci\u00f3n Nacional en el Mundial 2026"},"content":{"rendered":"\n<figure class=\"wp-block-image size-full\"><img loading=\"lazy\" decoding=\"async\" width=\"110\" height=\"110\" src=\"http:\/\/amplitudmodulada.com.ar\/wp-content\/uploads\/2024\/10\/LRA-e1728000015658.jpg\" alt=\"\" class=\"wp-image-4179\"\/><\/figure>\n\n\n\n<p>El jefe de Gabinete, Manuel Adorni, anunci\u00f3 este lunes que la Televisi\u00f3n P\u00fablica y Radio Nacional transmitir\u00e1n todos los partidos que la Selecci\u00f3n Nacional dispute durante la Copa del Mundo 2026.<\/p>\n\n\n\n<p>&#8220;Gracias a un acuerdo comercial, el costo de los derechos de transmisi\u00f3n no ser\u00e1 afrontado con el dinero de los impuestos. Para todos, sin usar la plata de todos&#8221;, escribi\u00f3 el funcionario en la red social X al anunciar la medida de cara al evento que se disputar\u00e1 este a\u00f1o en M\u00e9xico, Canad\u00e1 y Estados Unidos.<\/p>\n\n\n\n<p>Manuel Adorni hab\u00eda anticipado a fines de agosto del a\u00f1o pasado, durante una conferencia de prensa en la Casa Rosada, que los medios p\u00fablicos transmitir\u00edan el Mundial.<\/p>\n\n\n\n<p>En esa oportunidad se\u00f1al\u00f3 que se hab\u00edan iniciado gestiones &#8220;para que los argentinos puedan ver el Mundial 2026 de la manera m\u00e1s eficiente posible&#8221; y tambi\u00e9n hab\u00eda precisado que &#8220;personalmente estoy llevando adelante las gestinones&#8221;.<\/p>\n\n\n\n<p>La vig\u00e9sima tercera edici\u00f3n de la Copa Mundial se llevar\u00e1 a cabo entre el 11 de junio y el 19 de julio de este a\u00f1o.<\/p>\n\n\n\n<p>En esta oportunidad, participar\u00e1n cuarenta y ocho selecciones y se disputar\u00e1n ciento cuatro partidos.<\/p>\n\n\n\n<p>Fuente: <a href=\"http:\/\/www.lanacion.com.ar\" data-type=\"link\" data-id=\"www.lanacion.com.ar\" target=\"_blank\" rel=\"noreferrer noopener\">www.lanacion.com.ar<\/a> | Ciudad Aut\u00f3noma de Buenos Aires | 19.09.26<\/p>\n","protected":false},"excerpt":{"rendered":"<p>El jefe de Gabinete, Manuel Adorni, anunci\u00f3 este lunes que la Televisi\u00f3n P\u00fablica y Radio Nacional transmitir\u00e1n todos los partidos que la Selecci\u00f3n Nacional dispute durante la Copa del Mundo 2026. &#8220;Gracias a un acuerdo comercial, el costo de los derechos de transmisi\u00f3n no ser\u00e1 afrontado con el dinero de los impuestos. Para todos, sin &hellip; <a href=\"https:\/\/amplitudmodulada.com.ar\/index.php\/noticia14129\/\" class=\"more-link\">Continu\u00e1 leyendo <span class=\"screen-reader-text\">La Televisi\u00f3n P\u00fablica y Radio Nacional transmitir\u00e1n los partidos de la Selecci\u00f3n Nacional en el Mundial 2026<\/span><\/a><\/p>\n","protected":false},"author":1,"featured_media":0,"parent":0,"menu_order":0,"comment_status":"closed","ping_status":"closed","template":"","meta":{"footnotes":""},"class_list":["post-10627","page","type-page","status-publish","hentry"],"_links":{"self":[{"href":"https:\/\/amplitudmodulada.com.ar\/index.php\/wp-json\/wp\/v2\/pages\/10627","targetHints":{"allow":["GET"]}}],"collection":[{"href":"https:\/\/amplitudmodulada.com.ar\/index.php\/wp-json\/wp\/v2\/pages"}],"about":[{"href":"https:\/\/amplitudmodulada.com.ar\/index.php\/wp-json\/wp\/v2\/types\/page"}],"author":[{"embeddable":true,"href":"https:\/\/amplitudmodulada.com.ar\/index.php\/wp-json\/wp\/v2\/users\/1"}],"replies":[{"embeddable":true,"href":"https:\/\/amplitudmodulada.com.ar\/index.php\/wp-json\/wp\/v2\/comments?post=10627"}],"version-history":[{"count":2,"href":"https:\/\/amplitudmodulada.com.ar\/index.php\/wp-json\/wp\/v2\/pages\/10627\/revisions"}],"predecessor-version":[{"id":10630,"href":"https:\/\/amplitudmodulada.com.ar\/index.php\/wp-json\/wp\/v2\/pages\/10627\/revisions\/10630"}],"wp:attachment":[{"href":"https:\/\/amplitudmodulada.com.ar\/index.php\/wp-json\/wp\/v2\/media?parent=10627"}],"curies":[{"name":"wp","href":"https:\/\/api.w.org\/{rel}","templated":true}]}}

La Televisión Pública y Radio Nacional transmitirán los partidos de la Selección Nacional en el Mundial 2026

<figure class="wp-block-image size-full"><img loading="lazy" decoding="async" width="110" height="110" src="http://amplitudmodulada.com.ar/wp-content/uploads/2024/10/LRA-e1728000015658.jpg" alt="" class="wp-image-4179"/></figure>



<p>El jefe de Gabinete, Manuel Adorni, anunció este lunes que la Televisión Pública y Radio Nacional transmitirán todos los partidos que la Selección Nacional dispute durante la Copa del Mundo 2026.</p>



<p>&#8220;Gracias a un acuerdo comercial, el costo de los derechos de transmisión no será afrontado con el dinero de los impuestos. Para todos, sin usar la plata de todos&#8221;, escribió el funcionario en la red social X al anunciar la medida de cara al evento que se disputará este año en México, Canadá y Estados Unidos.</p>



<p>Manuel Adorni había anticipado a fines de agosto del año pasado, durante una conferencia de prensa en la Casa Rosada, que los medios públicos transmitirían el Mundial.</p>



<p>En esa oportunidad señaló que se habían iniciado gestiones &#8220;para que los argentinos puedan ver el Mundial 2026 de la manera más eficiente posible&#8221; y también había precisado que &#8220;personalmente estoy llevando adelante las gestinones&#8221;.</p>



<p>La vigésima tercera edición de la Copa Mundial se llevará a cabo entre el 11 de junio y el 19 de julio de este año.</p>



<p>En esta oportunidad, participarán cuarenta y ocho selecciones y se disputarán ciento cuatro partidos.</p>



<p>Fuente: <a href="http://www.lanacion.com.ar" data-type="link" data-id="www.lanacion.com.ar" target="_blank" rel="noreferrer noopener">www.lanacion.com.ar</a> | Ciudad Autónoma de Buenos Aires | 19.09.26</p>

<p>El jefe de Gabinete, Manuel Adorni, anunció este lunes que la Televisión Pública y Radio Nacional transmitirán todos los partidos que la Selección Nacional dispute durante la Copa del Mundo 2026. &#8220;Gracias a un acuerdo comercial, el costo de los derechos de transmisión no será afrontado con el dinero de los impuestos. Para todos, sin &hellip; <a href="https://amplitudmodulada.com.ar/index.php/noticia14129/" class="more-link">Continuá leyendo <span class="screen-reader-text">La Televisión Pública y Radio Nacional transmitirán los partidos de la Selección Nacional en el Mundial 2026</span></a></p>
