{"id":10634,"date":"2026-01-20T20:09:06","date_gmt":"2026-01-20T23:09:06","guid":{"rendered":"https:\/\/amplitudmodulada.com.ar\/?page_id=10634"},"modified":"2026-01-20T20:16:36","modified_gmt":"2026-01-20T23:16:36","slug":"noticia14130","status":"publish","type":"page","link":"https:\/\/amplitudmodulada.com.ar\/index.php\/noticia14130\/","title":{"rendered":"Radio 26 de Julio comienza a emitir en 680 Khz."},"content":{"rendered":"\n<figure class=\"wp-block-image size-full\"><img loading=\"lazy\" decoding=\"async\" width=\"144\" height=\"60\" src=\"http:\/\/amplitudmodulada.com.ar\/wp-content\/uploads\/2026\/01\/r26-e1768950576325.png\" alt=\"\" class=\"wp-image-10636\"\/><\/figure>\n\n\n\n<p>Seg\u00fan destaca este lunes 19 de enero el sitio de Facebook Argentina en AM y FM, Radio 26 de Julio, con estudios en Glew, partido de Almirante Brown, se encuentra desde hace algunos d\u00edas saliendo al aire en 680 Khz.<\/p>\n\n\n\n<p>De esta manera, Radio 26 de Julio abandona su anterior frecuencia de 1580 Khz.<\/p>\n\n\n\n<p>Argentina en AM y FM recuerda tambi\u00e9n que esta emisora ya hab\u00eda estado operativa en 680 Khz. hacia finales de 2022 y que luego retorn\u00f3 a los 1580 Khz.<\/p>\n\n\n\n<p>Los estudios de Radio 26 de Julio est\u00e1n ubicados en la calle Francisco Beir\u00f3 567 de la localidad de Glew.<\/p>\n\n\n\n<p>20.01.26<\/p>\n","protected":false},"excerpt":{"rendered":"<p>Seg\u00fan destaca este lunes 19 de enero el sitio de Facebook Argentina en AM y FM, Radio 26 de Julio, con estudios en Glew, partido de Almirante Brown, se encuentra desde hace algunos d\u00edas saliendo al aire en 680 Khz. De esta manera, Radio 26 de Julio abandona su anterior frecuencia de 1580 Khz. Argentina &hellip; <a href=\"https:\/\/amplitudmodulada.com.ar\/index.php\/noticia14130\/\" class=\"more-link\">Continu\u00e1 leyendo <span class=\"screen-reader-text\">Radio 26 de Julio comienza a emitir en 680 Khz.<\/span><\/a><\/p>\n","protected":false},"author":1,"featured_media":0,"parent":0,"menu_order":0,"comment_status":"closed","ping_status":"closed","template":"","meta":{"footnotes":""},"class_list":["post-10634","page","type-page","status-publish","hentry"],"_links":{"self":[{"href":"https:\/\/amplitudmodulada.com.ar\/index.php\/wp-json\/wp\/v2\/pages\/10634","targetHints":{"allow":["GET"]}}],"collection":[{"href":"https:\/\/amplitudmodulada.com.ar\/index.php\/wp-json\/wp\/v2\/pages"}],"about":[{"href":"https:\/\/amplitudmodulada.com.ar\/index.php\/wp-json\/wp\/v2\/types\/page"}],"author":[{"embeddable":true,"href":"https:\/\/amplitudmodulada.com.ar\/index.php\/wp-json\/wp\/v2\/users\/1"}],"replies":[{"embeddable":true,"href":"https:\/\/amplitudmodulada.com.ar\/index.php\/wp-json\/wp\/v2\/comments?post=10634"}],"version-history":[{"count":2,"href":"https:\/\/amplitudmodulada.com.ar\/index.php\/wp-json\/wp\/v2\/pages\/10634\/revisions"}],"predecessor-version":[{"id":10638,"href":"https:\/\/amplitudmodulada.com.ar\/index.php\/wp-json\/wp\/v2\/pages\/10634\/revisions\/10638"}],"wp:attachment":[{"href":"https:\/\/amplitudmodulada.com.ar\/index.php\/wp-json\/wp\/v2\/media?parent=10634"}],"curies":[{"name":"wp","href":"https:\/\/api.w.org\/{rel}","templated":true}]}}

<figure class="wp-block-image size-full"><img loading="lazy" decoding="async" width="144" height="60" src="http://amplitudmodulada.com.ar/wp-content/uploads/2026/01/r26-e1768950576325.png" alt="" class="wp-image-10636"/></figure>



<p>Según destaca este lunes 19 de enero el sitio de Facebook Argentina en AM y FM, Radio 26 de Julio, con estudios en Glew, partido de Almirante Brown, se encuentra desde hace algunos días saliendo al aire en 680 Khz.</p>



<p>De esta manera, Radio 26 de Julio abandona su anterior frecuencia de 1580 Khz.</p>



<p>Argentina en AM y FM recuerda también que esta emisora ya había estado operativa en 680 Khz. hacia finales de 2022 y que luego retornó a los 1580 Khz.</p>



<p>Los estudios de Radio 26 de Julio están ubicados en la calle Francisco Beiró 567 de la localidad de Glew.</p>



<p>20.01.26</p>

<p>Según destaca este lunes 19 de enero el sitio de Facebook Argentina en AM y FM, Radio 26 de Julio, con estudios en Glew, partido de Almirante Brown, se encuentra desde hace algunos días saliendo al aire en 680 Khz. De esta manera, Radio 26 de Julio abandona su anterior frecuencia de 1580 Khz. Argentina &hellip; <a href="https://amplitudmodulada.com.ar/index.php/noticia14130/" class="more-link">Continuá leyendo <span class="screen-reader-text">Radio 26 de Julio comienza a emitir en 680 Khz.</span></a></p>
