{"id":10642,"date":"2026-01-21T19:24:43","date_gmt":"2026-01-21T22:24:43","guid":{"rendered":"https:\/\/amplitudmodulada.com.ar\/?page_id=10642"},"modified":"2026-01-21T19:45:37","modified_gmt":"2026-01-21T22:45:37","slug":"noticia14131","status":"publish","type":"page","link":"https:\/\/amplitudmodulada.com.ar\/index.php\/noticia14131\/","title":{"rendered":"Julio Lagos y Luisa Delfino renovaron sus contratos con Radio Rivadavia"},"content":{"rendered":"\n<figure class=\"wp-block-image size-full\"><img loading=\"lazy\" decoding=\"async\" width=\"174\" height=\"60\" src=\"http:\/\/amplitudmodulada.com.ar\/wp-content\/uploads\/2024\/01\/630-e1704586384620.png\" alt=\"\" class=\"wp-image-115\"\/><\/figure>\n\n\n\n<p>Los conductores radiales Julio Lagos y Luisa Delfino renovaron sus contratos con LS5 Radio Rivadavia y continuar\u00e1n en esa emisora en 2026.<\/p>\n\n\n\n<p>En el caso de Julio Lagos, proseguir\u00e1 con &#8220;La Radio Sos Vos&#8221; los s\u00e1bados de 17.00 a 22.00 horas y sum\u00f3 para este a\u00f1o a Daniel Cufr\u00e9 al staff que ya integraban Leticia Funes y Daniel Artola.<\/p>\n\n\n\n<p>Por su parte, Luisa Delfino seguir\u00e1 los s\u00e1bados y domingos con su cl\u00e1sico &#8220;Te Escucho&#8221;, con la novedad de que a partir del mes de febrero el ciclo sumar\u00e1 una hora y saldr\u00e1 al aire de 22.00 a 1.00 hora.<\/p>\n\n\n\n<p>En cuanto a al programaci\u00f3n que se emite de lunes a viernes, qued\u00f3 confirmado que continuar\u00e1 al aire &#8220;La Oral Deportiva&#8221;, de 23.00 a 24.00 horas, aunque est\u00e9 a\u00f1o tendr\u00e1 la conducci\u00f3n de Daniel Avellaneda, que reemplazar\u00e1 a Rom\u00e1n Iucht.<\/p>\n\n\n\n<p>Fuente: <a href=\"http:\/\/www.lanacion.com.ar\" data-type=\"link\" data-id=\"www.lanacion.com.ar\" target=\"_blank\" rel=\"noreferrer noopener\">www.lanacion.com.ar<\/a> | Ciudad Aut\u00f3noma de Buenos Aires | 20.01.26<\/p>\n\n\n\n<p><\/p>\n","protected":false},"excerpt":{"rendered":"<p>Los conductores radiales Julio Lagos y Luisa Delfino renovaron sus contratos con LS5 Radio Rivadavia y continuar\u00e1n en esa emisora en 2026. En el caso de Julio Lagos, proseguir\u00e1 con &#8220;La Radio Sos Vos&#8221; los s\u00e1bados de 17.00 a 22.00 horas y sum\u00f3 para este a\u00f1o a Daniel Cufr\u00e9 al staff que ya integraban Leticia &hellip; <a href=\"https:\/\/amplitudmodulada.com.ar\/index.php\/noticia14131\/\" class=\"more-link\">Continu\u00e1 leyendo <span class=\"screen-reader-text\">Julio Lagos y Luisa Delfino renovaron sus contratos con Radio Rivadavia<\/span><\/a><\/p>\n","protected":false},"author":1,"featured_media":0,"parent":0,"menu_order":0,"comment_status":"closed","ping_status":"closed","template":"","meta":{"footnotes":""},"class_list":["post-10642","page","type-page","status-publish","hentry"],"_links":{"self":[{"href":"https:\/\/amplitudmodulada.com.ar\/index.php\/wp-json\/wp\/v2\/pages\/10642","targetHints":{"allow":["GET"]}}],"collection":[{"href":"https:\/\/amplitudmodulada.com.ar\/index.php\/wp-json\/wp\/v2\/pages"}],"about":[{"href":"https:\/\/amplitudmodulada.com.ar\/index.php\/wp-json\/wp\/v2\/types\/page"}],"author":[{"embeddable":true,"href":"https:\/\/amplitudmodulada.com.ar\/index.php\/wp-json\/wp\/v2\/users\/1"}],"replies":[{"embeddable":true,"href":"https:\/\/amplitudmodulada.com.ar\/index.php\/wp-json\/wp\/v2\/comments?post=10642"}],"version-history":[{"count":4,"href":"https:\/\/amplitudmodulada.com.ar\/index.php\/wp-json\/wp\/v2\/pages\/10642\/revisions"}],"predecessor-version":[{"id":10648,"href":"https:\/\/amplitudmodulada.com.ar\/index.php\/wp-json\/wp\/v2\/pages\/10642\/revisions\/10648"}],"wp:attachment":[{"href":"https:\/\/amplitudmodulada.com.ar\/index.php\/wp-json\/wp\/v2\/media?parent=10642"}],"curies":[{"name":"wp","href":"https:\/\/api.w.org\/{rel}","templated":true}]}}

<figure class="wp-block-image size-full"><img loading="lazy" decoding="async" width="174" height="60" src="http://amplitudmodulada.com.ar/wp-content/uploads/2024/01/630-e1704586384620.png" alt="" class="wp-image-115"/></figure>



<p>Los conductores radiales Julio Lagos y Luisa Delfino renovaron sus contratos con LS5 Radio Rivadavia y continuarán en esa emisora en 2026.</p>



<p>En el caso de Julio Lagos, proseguirá con &#8220;La Radio Sos Vos&#8221; los sábados de 17.00 a 22.00 horas y sumó para este año a Daniel Cufré al staff que ya integraban Leticia Funes y Daniel Artola.</p>



<p>Por su parte, Luisa Delfino seguirá los sábados y domingos con su clásico &#8220;Te Escucho&#8221;, con la novedad de que a partir del mes de febrero el ciclo sumará una hora y saldrá al aire de 22.00 a 1.00 hora.</p>



<p>En cuanto a al programación que se emite de lunes a viernes, quedó confirmado que continuará al aire &#8220;La Oral Deportiva&#8221;, de 23.00 a 24.00 horas, aunque esté año tendrá la conducción de Daniel Avellaneda, que reemplazará a Román Iucht.</p>



<p>Fuente: <a href="http://www.lanacion.com.ar" data-type="link" data-id="www.lanacion.com.ar" target="_blank" rel="noreferrer noopener">www.lanacion.com.ar</a> | Ciudad Autónoma de Buenos Aires | 20.01.26</p>



<p></p>

<p>Los conductores radiales Julio Lagos y Luisa Delfino renovaron sus contratos con LS5 Radio Rivadavia y continuarán en esa emisora en 2026. En el caso de Julio Lagos, proseguirá con &#8220;La Radio Sos Vos&#8221; los sábados de 17.00 a 22.00 horas y sumó para este año a Daniel Cufré al staff que ya integraban Leticia &hellip; <a href="https://amplitudmodulada.com.ar/index.php/noticia14131/" class="more-link">Continuá leyendo <span class="screen-reader-text">Julio Lagos y Luisa Delfino renovaron sus contratos con Radio Rivadavia</span></a></p>
