{"id":10676,"date":"2026-01-22T11:32:51","date_gmt":"2026-01-22T14:32:51","guid":{"rendered":"https:\/\/amplitudmodulada.com.ar\/?page_id=10676"},"modified":"2026-01-22T17:55:37","modified_gmt":"2026-01-22T20:55:37","slug":"noticia14134","status":"publish","type":"page","link":"https:\/\/amplitudmodulada.com.ar\/index.php\/noticia14134\/","title":{"rendered":"Fallece Jorge Palacios, hist\u00f3rico coordinador de LV16 Radio R\u00edo Cuarto y FM Ranquel"},"content":{"rendered":"\n<figure class=\"wp-block-image size-full\"><img loading=\"lazy\" decoding=\"async\" width=\"129\" height=\"80\" src=\"http:\/\/amplitudmodulada.com.ar\/wp-content\/uploads\/2024\/01\/LV16-e1704579742247.png\" alt=\"\" class=\"wp-image-91\"\/><\/figure>\n\n\n\n<p>A los 75 a\u00f1os de edad, falleci\u00f3 este mi\u00e9rcoles 21 de enero Jorge Palacios, hist\u00f3rico coordinador de LV16 Radio R\u00edo Cuarto y FM Ranquel.<\/p>\n\n\n\n<p>Durante m\u00e1s de treinta y cinco a\u00f1os realiz\u00f3 tareas de operador, musicalizador, programador y coordinador general de Radio R\u00edo Cuarto y de su emisora de Frecuencia Modulada.<\/p>\n\n\n\n<p>Manej\u00f3 la coordinaci\u00f3n de ambas emisoras en lo referido a la publicidad, musicalizaci\u00f3n, personal t\u00e9cnico y las relaciones con los productores de espect\u00e1culos y sellos discogr\u00e1ficos, entre otras actividades.<\/p>\n\n\n\n<p>Ingres\u00f3 en 1976 a la entonces LV16 Radio Ranquel y fue miembro fundador, en 1988, de su emisora de Frecuencia Modulada.<\/p>\n\n\n\n<p>Se jubil\u00f3 en 2015 y en los \u00faltimos meses su estado de salud se hab\u00eda deteriorado como consecuencia de una grave enfermedad.<\/p>\n\n\n\n<p>Fuente: <a href=\"http:\/\/www.lv16.com.ar\" data-type=\"link\" data-id=\"www.lv16.com.ar\" target=\"_blank\" rel=\"noreferrer noopener\">www.lv16.com.ar<\/a> | R\u00edo Cuarto &#8211; C\u00f3rdoba | 21.01.26<\/p>\n\n\n\n<p><\/p>\n","protected":false},"excerpt":{"rendered":"<p>A los 75 a\u00f1os de edad, falleci\u00f3 este mi\u00e9rcoles 21 de enero Jorge Palacios, hist\u00f3rico coordinador de LV16 Radio R\u00edo Cuarto y FM Ranquel. Durante m\u00e1s de treinta y cinco a\u00f1os realiz\u00f3 tareas de operador, musicalizador, programador y coordinador general de Radio R\u00edo Cuarto y de su emisora de Frecuencia Modulada. Manej\u00f3 la coordinaci\u00f3n de &hellip; <a href=\"https:\/\/amplitudmodulada.com.ar\/index.php\/noticia14134\/\" class=\"more-link\">Continu\u00e1 leyendo <span class=\"screen-reader-text\">Fallece Jorge Palacios, hist\u00f3rico coordinador de LV16 Radio R\u00edo Cuarto y FM Ranquel<\/span><\/a><\/p>\n","protected":false},"author":1,"featured_media":0,"parent":0,"menu_order":0,"comment_status":"closed","ping_status":"closed","template":"","meta":{"footnotes":""},"class_list":["post-10676","page","type-page","status-publish","hentry"],"_links":{"self":[{"href":"https:\/\/amplitudmodulada.com.ar\/index.php\/wp-json\/wp\/v2\/pages\/10676","targetHints":{"allow":["GET"]}}],"collection":[{"href":"https:\/\/amplitudmodulada.com.ar\/index.php\/wp-json\/wp\/v2\/pages"}],"about":[{"href":"https:\/\/amplitudmodulada.com.ar\/index.php\/wp-json\/wp\/v2\/types\/page"}],"author":[{"embeddable":true,"href":"https:\/\/amplitudmodulada.com.ar\/index.php\/wp-json\/wp\/v2\/users\/1"}],"replies":[{"embeddable":true,"href":"https:\/\/amplitudmodulada.com.ar\/index.php\/wp-json\/wp\/v2\/comments?post=10676"}],"version-history":[{"count":3,"href":"https:\/\/amplitudmodulada.com.ar\/index.php\/wp-json\/wp\/v2\/pages\/10676\/revisions"}],"predecessor-version":[{"id":10681,"href":"https:\/\/amplitudmodulada.com.ar\/index.php\/wp-json\/wp\/v2\/pages\/10676\/revisions\/10681"}],"wp:attachment":[{"href":"https:\/\/amplitudmodulada.com.ar\/index.php\/wp-json\/wp\/v2\/media?parent=10676"}],"curies":[{"name":"wp","href":"https:\/\/api.w.org\/{rel}","templated":true}]}}

Fallece Jorge Palacios, histórico coordinador de LV16 Radio Río Cuarto y FM Ranquel

<figure class="wp-block-image size-full"><img loading="lazy" decoding="async" width="129" height="80" src="http://amplitudmodulada.com.ar/wp-content/uploads/2024/01/LV16-e1704579742247.png" alt="" class="wp-image-91"/></figure>



<p>A los 75 años de edad, falleció este miércoles 21 de enero Jorge Palacios, histórico coordinador de LV16 Radio Río Cuarto y FM Ranquel.</p>



<p>Durante más de treinta y cinco años realizó tareas de operador, musicalizador, programador y coordinador general de Radio Río Cuarto y de su emisora de Frecuencia Modulada.</p>



<p>Manejó la coordinación de ambas emisoras en lo referido a la publicidad, musicalización, personal técnico y las relaciones con los productores de espectáculos y sellos discográficos, entre otras actividades.</p>



<p>Ingresó en 1976 a la entonces LV16 Radio Ranquel y fue miembro fundador, en 1988, de su emisora de Frecuencia Modulada.</p>



<p>Se jubiló en 2015 y en los últimos meses su estado de salud se había deteriorado como consecuencia de una grave enfermedad.</p>



<p>Fuente: <a href="http://www.lv16.com.ar" data-type="link" data-id="www.lv16.com.ar" target="_blank" rel="noreferrer noopener">www.lv16.com.ar</a> | Río Cuarto &#8211; Córdoba | 21.01.26</p>



<p></p>

<p>A los 75 años de edad, falleció este miércoles 21 de enero Jorge Palacios, histórico coordinador de LV16 Radio Río Cuarto y FM Ranquel. Durante más de treinta y cinco años realizó tareas de operador, musicalizador, programador y coordinador general de Radio Río Cuarto y de su emisora de Frecuencia Modulada. Manejó la coordinación de &hellip; <a href="https://amplitudmodulada.com.ar/index.php/noticia14134/" class="more-link">Continuá leyendo <span class="screen-reader-text">Fallece Jorge Palacios, histórico coordinador de LV16 Radio Río Cuarto y FM Ranquel</span></a></p>
