{"id":10685,"date":"2026-01-22T20:41:47","date_gmt":"2026-01-22T23:41:47","guid":{"rendered":"https:\/\/amplitudmodulada.com.ar\/?page_id=10685"},"modified":"2026-01-22T20:43:13","modified_gmt":"2026-01-22T23:43:13","slug":"noticia14136","status":"publish","type":"page","link":"https:\/\/amplitudmodulada.com.ar\/index.php\/noticia14136\/","title":{"rendered":"Atilio Costa Febre se suma a la programaci\u00f3n de El Destape Radio"},"content":{"rendered":"\n<figure class=\"wp-block-image size-full\"><img loading=\"lazy\" decoding=\"async\" width=\"110\" height=\"110\" src=\"http:\/\/amplitudmodulada.com.ar\/wp-content\/uploads\/2024\/11\/1070-e1730586473284.png\" alt=\"\" class=\"wp-image-4542\"\/><\/figure>\n\n\n\n<p>A trav\u00e9s de las redes sociales, el periodista deportivo y relator Atilio Costa Febre anunci\u00f3 que se suma a la programaci\u00f3n de LR1 El Destape Radio.<\/p>\n\n\n\n<p>A trav\u00e9s de esa emisora y de sus plataformas digitales, Atilio Costa Febre seguir\u00e1 a partir de este fin de semana la campa\u00f1a de River Plate en los distintos torneos que dispute.<\/p>\n\n\n\n<p>El debut ser\u00e1 este s\u00e1bado, a partir de las 15.30 horas, con el partido que disputar\u00e1n en el estadio Claudio Fabi\u00e1n Tapia Barracas Central y River Plate.<\/p>\n\n\n\n<p>Con m\u00e1s de treinta y cinco a\u00f1os siguiendo la campa\u00f1a de River Plate, Atilio Costa Febre debut\u00f3 en 1991 en LS10 Radio Del Plata.<\/p>\n\n\n\n<p>21.01.26<\/p>\n","protected":false},"excerpt":{"rendered":"<p>A trav\u00e9s de las redes sociales, el periodista deportivo y relator Atilio Costa Febre anunci\u00f3 que se suma a la programaci\u00f3n de LR1 El Destape Radio. A trav\u00e9s de esa emisora y de sus plataformas digitales, Atilio Costa Febre seguir\u00e1 a partir de este fin de semana la campa\u00f1a de River Plate en los distintos &hellip; <a href=\"https:\/\/amplitudmodulada.com.ar\/index.php\/noticia14136\/\" class=\"more-link\">Continu\u00e1 leyendo <span class=\"screen-reader-text\">Atilio Costa Febre se suma a la programaci\u00f3n de El Destape Radio<\/span><\/a><\/p>\n","protected":false},"author":1,"featured_media":0,"parent":0,"menu_order":0,"comment_status":"closed","ping_status":"closed","template":"","meta":{"footnotes":""},"class_list":["post-10685","page","type-page","status-publish","hentry"],"_links":{"self":[{"href":"https:\/\/amplitudmodulada.com.ar\/index.php\/wp-json\/wp\/v2\/pages\/10685","targetHints":{"allow":["GET"]}}],"collection":[{"href":"https:\/\/amplitudmodulada.com.ar\/index.php\/wp-json\/wp\/v2\/pages"}],"about":[{"href":"https:\/\/amplitudmodulada.com.ar\/index.php\/wp-json\/wp\/v2\/types\/page"}],"author":[{"embeddable":true,"href":"https:\/\/amplitudmodulada.com.ar\/index.php\/wp-json\/wp\/v2\/users\/1"}],"replies":[{"embeddable":true,"href":"https:\/\/amplitudmodulada.com.ar\/index.php\/wp-json\/wp\/v2\/comments?post=10685"}],"version-history":[{"count":2,"href":"https:\/\/amplitudmodulada.com.ar\/index.php\/wp-json\/wp\/v2\/pages\/10685\/revisions"}],"predecessor-version":[{"id":10687,"href":"https:\/\/amplitudmodulada.com.ar\/index.php\/wp-json\/wp\/v2\/pages\/10685\/revisions\/10687"}],"wp:attachment":[{"href":"https:\/\/amplitudmodulada.com.ar\/index.php\/wp-json\/wp\/v2\/media?parent=10685"}],"curies":[{"name":"wp","href":"https:\/\/api.w.org\/{rel}","templated":true}]}}

Atilio Costa Febre se suma a la programación de El Destape Radio

<figure class="wp-block-image size-full"><img loading="lazy" decoding="async" width="110" height="110" src="http://amplitudmodulada.com.ar/wp-content/uploads/2024/11/1070-e1730586473284.png" alt="" class="wp-image-4542"/></figure>



<p>A través de las redes sociales, el periodista deportivo y relator Atilio Costa Febre anunció que se suma a la programación de LR1 El Destape Radio.</p>



<p>A través de esa emisora y de sus plataformas digitales, Atilio Costa Febre seguirá a partir de este fin de semana la campaña de River Plate en los distintos torneos que dispute.</p>



<p>El debut será este sábado, a partir de las 15.30 horas, con el partido que disputarán en el estadio Claudio Fabián Tapia Barracas Central y River Plate.</p>



<p>Con más de treinta y cinco años siguiendo la campaña de River Plate, Atilio Costa Febre debutó en 1991 en LS10 Radio Del Plata.</p>



<p>21.01.26</p>

<p>A través de las redes sociales, el periodista deportivo y relator Atilio Costa Febre anunció que se suma a la programación de LR1 El Destape Radio. A través de esa emisora y de sus plataformas digitales, Atilio Costa Febre seguirá a partir de este fin de semana la campaña de River Plate en los distintos &hellip; <a href="https://amplitudmodulada.com.ar/index.php/noticia14136/" class="more-link">Continuá leyendo <span class="screen-reader-text">Atilio Costa Febre se suma a la programación de El Destape Radio</span></a></p>
