{"id":10741,"date":"2026-01-27T13:04:41","date_gmt":"2026-01-27T16:04:41","guid":{"rendered":"https:\/\/amplitudmodulada.com.ar\/?page_id=10741"},"modified":"2026-01-27T21:13:44","modified_gmt":"2026-01-28T00:13:44","slug":"noticia14143","status":"publish","type":"page","link":"https:\/\/amplitudmodulada.com.ar\/index.php\/noticia14143\/","title":{"rendered":"Cadena 3 sortea cuatro estad\u00edas premium en Villa Carlos Paz"},"content":{"rendered":"\n<figure class=\"wp-block-image size-full\"><img loading=\"lazy\" decoding=\"async\" width=\"169\" height=\"55\" src=\"http:\/\/amplitudmodulada.com.ar\/wp-content\/uploads\/2024\/02\/cadena3-e1709142729643.png\" alt=\"\" class=\"wp-image-1072\"\/><\/figure>\n\n\n\n<p><\/p>\n\n\n\n<p>Cadena 3 y Portal del Lago Hotel sortear\u00e1n entre los oyentes de la emisora cuatro estad\u00edas premium en Villa Carlos Paz.<\/p>\n\n\n\n<p>El premio incluye alojamiento VIP durante tres noches en habitaci\u00f3n cu\u00e1druple, desayuno americano en el hotel y media pensi\u00f3n para dos adultos y dos menores, entre otras comodidades.<\/p>\n\n\n\n<p>La convocatoria se lanza este lunes 26 de enero y para participar solo hay que mandar la palabra clave PORTAL DEL LAGO al mensajero de la emisora, dejar un espacio y escribir el nombre, apellido y los tres \u00faltimos n\u00fameros del DNI del participante.<\/p>\n\n\n\n<p>Dos de los premios se sortear\u00e1n entre oyentes del programa &#8220;Siempre Juntos&#8221; y los otros dos entre los oyentes del ciclo &#8220;Viva la Radio&#8221;.<\/p>\n\n\n\n<p>Los ganadores ser\u00e1n anunciados el viernes 30 de enero.<\/p>\n\n\n\n<p>Fuente: <a href=\"http:\/\/www.cadena3.com\" data-type=\"link\" data-id=\"www.cadena3.com\" target=\"_blank\" rel=\"noreferrer noopener\">www.cadena3.com<\/a> | C\u00b4\u00f3rdoba &#8211; C\u00f3rdoba | 26.01.26<\/p>\n\n\n\n<p><\/p>\n","protected":false},"excerpt":{"rendered":"<p>Cadena 3 y Portal del Lago Hotel sortear\u00e1n entre los oyentes de la emisora cuatro estad\u00edas premium en Villa Carlos Paz. El premio incluye alojamiento VIP durante tres noches en habitaci\u00f3n cu\u00e1druple, desayuno americano en el hotel y media pensi\u00f3n para dos adultos y dos menores, entre otras comodidades. La convocatoria se lanza este lunes &hellip; <a href=\"https:\/\/amplitudmodulada.com.ar\/index.php\/noticia14143\/\" class=\"more-link\">Continu\u00e1 leyendo <span class=\"screen-reader-text\">Cadena 3 sortea cuatro estad\u00edas premium en Villa Carlos Paz<\/span><\/a><\/p>\n","protected":false},"author":1,"featured_media":0,"parent":0,"menu_order":0,"comment_status":"closed","ping_status":"closed","template":"","meta":{"footnotes":""},"class_list":["post-10741","page","type-page","status-publish","hentry"],"_links":{"self":[{"href":"https:\/\/amplitudmodulada.com.ar\/index.php\/wp-json\/wp\/v2\/pages\/10741","targetHints":{"allow":["GET"]}}],"collection":[{"href":"https:\/\/amplitudmodulada.com.ar\/index.php\/wp-json\/wp\/v2\/pages"}],"about":[{"href":"https:\/\/amplitudmodulada.com.ar\/index.php\/wp-json\/wp\/v2\/types\/page"}],"author":[{"embeddable":true,"href":"https:\/\/amplitudmodulada.com.ar\/index.php\/wp-json\/wp\/v2\/users\/1"}],"replies":[{"embeddable":true,"href":"https:\/\/amplitudmodulada.com.ar\/index.php\/wp-json\/wp\/v2\/comments?post=10741"}],"version-history":[{"count":4,"href":"https:\/\/amplitudmodulada.com.ar\/index.php\/wp-json\/wp\/v2\/pages\/10741\/revisions"}],"predecessor-version":[{"id":10748,"href":"https:\/\/amplitudmodulada.com.ar\/index.php\/wp-json\/wp\/v2\/pages\/10741\/revisions\/10748"}],"wp:attachment":[{"href":"https:\/\/amplitudmodulada.com.ar\/index.php\/wp-json\/wp\/v2\/media?parent=10741"}],"curies":[{"name":"wp","href":"https:\/\/api.w.org\/{rel}","templated":true}]}}

Cadena 3 sortea cuatro estadías premium en Villa Carlos Paz

<figure class="wp-block-image size-full"><img loading="lazy" decoding="async" width="169" height="55" src="http://amplitudmodulada.com.ar/wp-content/uploads/2024/02/cadena3-e1709142729643.png" alt="" class="wp-image-1072"/></figure>



<p></p>



<p>Cadena 3 y Portal del Lago Hotel sortearán entre los oyentes de la emisora cuatro estadías premium en Villa Carlos Paz.</p>



<p>El premio incluye alojamiento VIP durante tres noches en habitación cuádruple, desayuno americano en el hotel y media pensión para dos adultos y dos menores, entre otras comodidades.</p>



<p>La convocatoria se lanza este lunes 26 de enero y para participar solo hay que mandar la palabra clave PORTAL DEL LAGO al mensajero de la emisora, dejar un espacio y escribir el nombre, apellido y los tres últimos números del DNI del participante.</p>



<p>Dos de los premios se sortearán entre oyentes del programa &#8220;Siempre Juntos&#8221; y los otros dos entre los oyentes del ciclo &#8220;Viva la Radio&#8221;.</p>



<p>Los ganadores serán anunciados el viernes 30 de enero.</p>



<p>Fuente: <a href="http://www.cadena3.com" data-type="link" data-id="www.cadena3.com" target="_blank" rel="noreferrer noopener">www.cadena3.com</a> | C´órdoba &#8211; Córdoba | 26.01.26</p>



<p></p>

<p>Cadena 3 y Portal del Lago Hotel sortearán entre los oyentes de la emisora cuatro estadías premium en Villa Carlos Paz. El premio incluye alojamiento VIP durante tres noches en habitación cuádruple, desayuno americano en el hotel y media pensión para dos adultos y dos menores, entre otras comodidades. La convocatoria se lanza este lunes &hellip; <a href="https://amplitudmodulada.com.ar/index.php/noticia14143/" class="more-link">Continuá leyendo <span class="screen-reader-text">Cadena 3 sortea cuatro estadías premium en Villa Carlos Paz</span></a></p>
