{"id":10751,"date":"2026-01-27T21:29:41","date_gmt":"2026-01-28T00:29:41","guid":{"rendered":"https:\/\/amplitudmodulada.com.ar\/?page_id=10751"},"modified":"2026-01-27T21:43:36","modified_gmt":"2026-01-28T00:43:36","slug":"noticia14144","status":"publish","type":"page","link":"https:\/\/amplitudmodulada.com.ar\/index.php\/noticia14144\/","title":{"rendered":"Vuelve a emitir AM 1010 Onda Latina"},"content":{"rendered":"\n<figure class=\"wp-block-image size-full\"><img loading=\"lazy\" decoding=\"async\" width=\"150\" height=\"100\" src=\"http:\/\/amplitudmodulada.com.ar\/wp-content\/uploads\/2025\/06\/1010-e1750030035838.png\" alt=\"\" class=\"wp-image-7523\"\/><\/figure>\n\n\n\n<p>Seg\u00fan destaca este lunes 26 de enero el sitio de Facebook Argentina en AM y FM, la emisora AM 1010 Onda Latina volvi\u00f3 a salir al aire luego de varios d\u00edas de permanecer inactiva.<\/p>\n\n\n\n<p>Onda Latina tiene sus estudios en la Ciudad de Buenos Aires y su grilla de programaci\u00f3n cuenta con ciclos deportivos, de actualidad y musicales.<\/p>\n\n\n\n<p>Argentina en AM y FM destaca, adem\u00e1s, que por el contrario AM 1460 Radio Contacto, emisora con estudios en San Antonio de Padua, partido de Merlo, se reporta inactiva desde hace algunos d\u00edas.<\/p>\n\n\n\n<p>26.01.26<\/p>\n","protected":false},"excerpt":{"rendered":"<p>Seg\u00fan destaca este lunes 26 de enero el sitio de Facebook Argentina en AM y FM, la emisora AM 1010 Onda Latina volvi\u00f3 a salir al aire luego de varios d\u00edas de permanecer inactiva. Onda Latina tiene sus estudios en la Ciudad de Buenos Aires y su grilla de programaci\u00f3n cuenta con ciclos deportivos, de &hellip; <a href=\"https:\/\/amplitudmodulada.com.ar\/index.php\/noticia14144\/\" class=\"more-link\">Continu\u00e1 leyendo <span class=\"screen-reader-text\">Vuelve a emitir AM 1010 Onda Latina<\/span><\/a><\/p>\n","protected":false},"author":1,"featured_media":0,"parent":0,"menu_order":0,"comment_status":"closed","ping_status":"closed","template":"","meta":{"footnotes":""},"class_list":["post-10751","page","type-page","status-publish","hentry"],"_links":{"self":[{"href":"https:\/\/amplitudmodulada.com.ar\/index.php\/wp-json\/wp\/v2\/pages\/10751","targetHints":{"allow":["GET"]}}],"collection":[{"href":"https:\/\/amplitudmodulada.com.ar\/index.php\/wp-json\/wp\/v2\/pages"}],"about":[{"href":"https:\/\/amplitudmodulada.com.ar\/index.php\/wp-json\/wp\/v2\/types\/page"}],"author":[{"embeddable":true,"href":"https:\/\/amplitudmodulada.com.ar\/index.php\/wp-json\/wp\/v2\/users\/1"}],"replies":[{"embeddable":true,"href":"https:\/\/amplitudmodulada.com.ar\/index.php\/wp-json\/wp\/v2\/comments?post=10751"}],"version-history":[{"count":2,"href":"https:\/\/amplitudmodulada.com.ar\/index.php\/wp-json\/wp\/v2\/pages\/10751\/revisions"}],"predecessor-version":[{"id":10754,"href":"https:\/\/amplitudmodulada.com.ar\/index.php\/wp-json\/wp\/v2\/pages\/10751\/revisions\/10754"}],"wp:attachment":[{"href":"https:\/\/amplitudmodulada.com.ar\/index.php\/wp-json\/wp\/v2\/media?parent=10751"}],"curies":[{"name":"wp","href":"https:\/\/api.w.org\/{rel}","templated":true}]}}

<figure class="wp-block-image size-full"><img loading="lazy" decoding="async" width="150" height="100" src="http://amplitudmodulada.com.ar/wp-content/uploads/2025/06/1010-e1750030035838.png" alt="" class="wp-image-7523"/></figure>



<p>Según destaca este lunes 26 de enero el sitio de Facebook Argentina en AM y FM, la emisora AM 1010 Onda Latina volvió a salir al aire luego de varios días de permanecer inactiva.</p>



<p>Onda Latina tiene sus estudios en la Ciudad de Buenos Aires y su grilla de programación cuenta con ciclos deportivos, de actualidad y musicales.</p>



<p>Argentina en AM y FM destaca, además, que por el contrario AM 1460 Radio Contacto, emisora con estudios en San Antonio de Padua, partido de Merlo, se reporta inactiva desde hace algunos días.</p>



<p>26.01.26</p>

<p>Según destaca este lunes 26 de enero el sitio de Facebook Argentina en AM y FM, la emisora AM 1010 Onda Latina volvió a salir al aire luego de varios días de permanecer inactiva. Onda Latina tiene sus estudios en la Ciudad de Buenos Aires y su grilla de programación cuenta con ciclos deportivos, de &hellip; <a href="https://amplitudmodulada.com.ar/index.php/noticia14144/" class="more-link">Continuá leyendo <span class="screen-reader-text">Vuelve a emitir AM 1010 Onda Latina</span></a></p>
