{"id":10757,"date":"2026-01-28T10:27:37","date_gmt":"2026-01-28T13:27:37","guid":{"rendered":"https:\/\/amplitudmodulada.com.ar\/?page_id=10757"},"modified":"2026-01-28T10:47:04","modified_gmt":"2026-01-28T13:47:04","slug":"noticia14145","status":"publish","type":"page","link":"https:\/\/amplitudmodulada.com.ar\/index.php\/noticia14145\/","title":{"rendered":"El programa &#8220;El Ojo de la Patria&#8221; se emitir\u00e1 por La Ranchada"},"content":{"rendered":"\n<figure class=\"wp-block-image size-full\"><img loading=\"lazy\" decoding=\"async\" width=\"183\" height=\"50\" src=\"http:\/\/amplitudmodulada.com.ar\/wp-content\/uploads\/2026\/01\/ranchada-e1769607080531.png\" alt=\"\" class=\"wp-image-10759\"\/><\/figure>\n\n\n\n<p>Tras cinco a\u00f1os en la emisora de Frecuencia Modulada Radio Continental C\u00f3rdoba, el programa &#8220;El Ojo de la Patria&#8221;, que conduce el periodista y m\u00fasico N\u00e9stor P\u00e9rez, se muda y a partir de febrero saldr\u00e1 al aire por La Ranchada, que emite en 103.9 Mhz.<\/p>\n\n\n\n<p>En cada emisi\u00f3n de &#8220;El Ojo de la Patria&#8221;, su conductor propone un espacio semanal y nocturno para el an\u00e1lisis econ\u00f3mico y pol\u00edtico con perspectiva social.<\/p>\n\n\n\n<p>En ese sentido, N\u00e9stor P\u00e9rez se encarga de decir como forma de declaraci\u00f3n de principios que hace &#8220;un programa de pol\u00edtica sin pol\u00edticos&#8221;.<\/p>\n\n\n\n<p>La declaraci\u00f3n, afirma el conductor del programa, no apunta a un &#8220;desd\u00e9n por el oficio de quienes gestionan la cosa p\u00fablica, sino compromiso con el destinatario de esa pr\u00e1ctica, los ciudadanos de a pie que pudieran necesitar claves para entender la marcha de los acontecimientos&#8221;.<\/p>\n\n\n\n<p>Junto a la reconocida periodista Adriana Rivarosa, propone analizar la situaci\u00f3n pol\u00edtica y social actual &#8220;en momentos de informaci\u00f3n desordenada, parcial y con mucha niebla&#8221;.<\/p>\n\n\n\n<p>&#8220;El Ojo de la Patria&#8221; se emitir\u00e1 a partir del 3 de febrero todos los martes a las 22.00 horas por FM La Ranchada y tambi\u00e9n a trav\u00e9s de <a href=\"http:\/\/www.laranchada.com.ar\" data-type=\"link\" data-id=\"www.laranchada.com.ar\" target=\"_blank\" rel=\"noreferrer noopener\">www.laranchada.com.ar<\/a>. <\/p>\n\n\n\n<p>Fuente: <a href=\"http:\/\/www.lavoz.com.ar\" data-type=\"link\" data-id=\"www.lavoz.com.ar\" target=\"_blank\" rel=\"noreferrer noopener\">www.lavoz.com.ar<\/a> | C\u00f3rdoba &#8211; C\u00f3rdoba | 27.01.26<\/p>\n\n\n\n<p><\/p>\n","protected":false},"excerpt":{"rendered":"<p>Tras cinco a\u00f1os en la emisora de Frecuencia Modulada Radio Continental C\u00f3rdoba, el programa &#8220;El Ojo de la Patria&#8221;, que conduce el periodista y m\u00fasico N\u00e9stor P\u00e9rez, se muda y a partir de febrero saldr\u00e1 al aire por La Ranchada, que emite en 103.9 Mhz. En cada emisi\u00f3n de &#8220;El Ojo de la Patria&#8221;, su &hellip; <a href=\"https:\/\/amplitudmodulada.com.ar\/index.php\/noticia14145\/\" class=\"more-link\">Continu\u00e1 leyendo <span class=\"screen-reader-text\">El programa &#8220;El Ojo de la Patria&#8221; se emitir\u00e1 por La Ranchada<\/span><\/a><\/p>\n","protected":false},"author":1,"featured_media":0,"parent":0,"menu_order":0,"comment_status":"closed","ping_status":"closed","template":"","meta":{"footnotes":""},"class_list":["post-10757","page","type-page","status-publish","hentry"],"_links":{"self":[{"href":"https:\/\/amplitudmodulada.com.ar\/index.php\/wp-json\/wp\/v2\/pages\/10757","targetHints":{"allow":["GET"]}}],"collection":[{"href":"https:\/\/amplitudmodulada.com.ar\/index.php\/wp-json\/wp\/v2\/pages"}],"about":[{"href":"https:\/\/amplitudmodulada.com.ar\/index.php\/wp-json\/wp\/v2\/types\/page"}],"author":[{"embeddable":true,"href":"https:\/\/amplitudmodulada.com.ar\/index.php\/wp-json\/wp\/v2\/users\/1"}],"replies":[{"embeddable":true,"href":"https:\/\/amplitudmodulada.com.ar\/index.php\/wp-json\/wp\/v2\/comments?post=10757"}],"version-history":[{"count":3,"href":"https:\/\/amplitudmodulada.com.ar\/index.php\/wp-json\/wp\/v2\/pages\/10757\/revisions"}],"predecessor-version":[{"id":10762,"href":"https:\/\/amplitudmodulada.com.ar\/index.php\/wp-json\/wp\/v2\/pages\/10757\/revisions\/10762"}],"wp:attachment":[{"href":"https:\/\/amplitudmodulada.com.ar\/index.php\/wp-json\/wp\/v2\/media?parent=10757"}],"curies":[{"name":"wp","href":"https:\/\/api.w.org\/{rel}","templated":true}]}}

El programa &#8220;El Ojo de la Patria&#8221; se emitirá por La Ranchada

<figure class="wp-block-image size-full"><img loading="lazy" decoding="async" width="183" height="50" src="http://amplitudmodulada.com.ar/wp-content/uploads/2026/01/ranchada-e1769607080531.png" alt="" class="wp-image-10759"/></figure>



<p>Tras cinco años en la emisora de Frecuencia Modulada Radio Continental Córdoba, el programa &#8220;El Ojo de la Patria&#8221;, que conduce el periodista y músico Néstor Pérez, se muda y a partir de febrero saldrá al aire por La Ranchada, que emite en 103.9 Mhz.</p>



<p>En cada emisión de &#8220;El Ojo de la Patria&#8221;, su conductor propone un espacio semanal y nocturno para el análisis económico y político con perspectiva social.</p>



<p>En ese sentido, Néstor Pérez se encarga de decir como forma de declaración de principios que hace &#8220;un programa de política sin políticos&#8221;.</p>



<p>La declaración, afirma el conductor del programa, no apunta a un &#8220;desdén por el oficio de quienes gestionan la cosa pública, sino compromiso con el destinatario de esa práctica, los ciudadanos de a pie que pudieran necesitar claves para entender la marcha de los acontecimientos&#8221;.</p>



<p>Junto a la reconocida periodista Adriana Rivarosa, propone analizar la situación política y social actual &#8220;en momentos de información desordenada, parcial y con mucha niebla&#8221;.</p>



<p>&#8220;El Ojo de la Patria&#8221; se emitirá a partir del 3 de febrero todos los martes a las 22.00 horas por FM La Ranchada y también a través de <a href="http://www.laranchada.com.ar" data-type="link" data-id="www.laranchada.com.ar" target="_blank" rel="noreferrer noopener">www.laranchada.com.ar</a>. </p>



<p>Fuente: <a href="http://www.lavoz.com.ar" data-type="link" data-id="www.lavoz.com.ar" target="_blank" rel="noreferrer noopener">www.lavoz.com.ar</a> | Córdoba &#8211; Córdoba | 27.01.26</p>



<p></p>

<p>Tras cinco años en la emisora de Frecuencia Modulada Radio Continental Córdoba, el programa &#8220;El Ojo de la Patria&#8221;, que conduce el periodista y músico Néstor Pérez, se muda y a partir de febrero saldrá al aire por La Ranchada, que emite en 103.9 Mhz. En cada emisión de &#8220;El Ojo de la Patria&#8221;, su &hellip; <a href="https://amplitudmodulada.com.ar/index.php/noticia14145/" class="more-link">Continuá leyendo <span class="screen-reader-text">El programa &#8220;El Ojo de la Patria&#8221; se emitirá por La Ranchada</span></a></p>
