{"id":10765,"date":"2026-01-28T16:53:04","date_gmt":"2026-01-28T19:53:04","guid":{"rendered":"https:\/\/amplitudmodulada.com.ar\/?page_id=10765"},"modified":"2026-01-28T17:56:54","modified_gmt":"2026-01-28T20:56:54","slug":"noticia14146","status":"publish","type":"page","link":"https:\/\/amplitudmodulada.com.ar\/index.php\/noticia14146\/","title":{"rendered":"La emisora de Frecuencia Modulada de LU17 Radio Golfo Nuevo cumple treinta y nueve a\u00f1os"},"content":{"rendered":"\n<figure class=\"wp-block-image size-full\"><img loading=\"lazy\" decoding=\"async\" width=\"117\" height=\"110\" src=\"http:\/\/amplitudmodulada.com.ar\/wp-content\/uploads\/2024\/01\/fmparaiso-e1706567972234.png\" alt=\"\" class=\"wp-image-661\"\/><\/figure>\n\n\n\n<p>Consolidada como una de las emisoras m\u00e1s escuchadas de Puerto Madryn, la emisora de Frecuencia Modulada de LU17 Radio Golfo Nuevo, Para\u00edso FM, cumple este martes 27 de enero treinta y nueve a\u00f1os en el aire.<\/p>\n\n\n\n<p>Como parte de la celebraci\u00f3n, Dar\u00edo Jara, la voz m\u00e1s representativa de Para\u00edso FM, conducir\u00e1 su cl\u00e1sico programa de la ma\u00f1ana y compartir\u00e1 recuerdos, an\u00e9cdotas y m\u00fasica que marcaron distintas \u00e9pocas de la emisora.<\/p>\n\n\n\n<p>Fundada en 1987, Para\u00edso FM naci\u00f3 en un contexto de crecimiento de las emisoras de Frecuencia Modulada en el pa\u00eds, impulsadas por la calidad de sonido y nuevas propuestas est\u00e9ticas.<\/p>\n\n\n\n<p>Fue la primera emisora de Frecuencia Modulada de Puerto Madryn y una de las pioneras de la Patagonia.<\/p>\n\n\n\n<p>En sus primeros a\u00f1os, Para\u00edso FM emit\u00eda en 88.3 Mhz. desde sus estudios ubicados en  el \u00faltimo piso del edificio Torremar.<\/p>\n\n\n\n<p>Con el paso de los a\u00f1os la emisora se consolid\u00f3 y se traslad\u00f3 a su actual ubicaci\u00f3n de Estivariz 226, donde comparte ubicaci\u00f3n con LU17.<\/p>\n\n\n\n<p>Para\u00edso FM tambi\u00e9n fue pionera en pruebas experimentales de transmisi\u00f3n satelital, ofreciendo ciclos de La 100, la emisora de Frecuencia Modulada de LR6 Radio Mitre.<\/p>\n\n\n\n<p>Fuente: <a href=\"http:\/\/www.lu17.com\" data-type=\"link\" data-id=\"www.lu17.com\" target=\"_blank\" rel=\"noreferrer noopener\">www.lu17.com<\/a> | Puerto Madryn &#8211; Chubut | 27.01.26<\/p>\n","protected":false},"excerpt":{"rendered":"<p>Consolidada como una de las emisoras m\u00e1s escuchadas de Puerto Madryn, la emisora de Frecuencia Modulada de LU17 Radio Golfo Nuevo, Para\u00edso FM, cumple este martes 27 de enero treinta y nueve a\u00f1os en el aire. Como parte de la celebraci\u00f3n, Dar\u00edo Jara, la voz m\u00e1s representativa de Para\u00edso FM, conducir\u00e1 su cl\u00e1sico programa de &hellip; <a href=\"https:\/\/amplitudmodulada.com.ar\/index.php\/noticia14146\/\" class=\"more-link\">Continu\u00e1 leyendo <span class=\"screen-reader-text\">La emisora de Frecuencia Modulada de LU17 Radio Golfo Nuevo cumple treinta y nueve a\u00f1os<\/span><\/a><\/p>\n","protected":false},"author":1,"featured_media":0,"parent":0,"menu_order":0,"comment_status":"closed","ping_status":"closed","template":"","meta":{"footnotes":""},"class_list":["post-10765","page","type-page","status-publish","hentry"],"_links":{"self":[{"href":"https:\/\/amplitudmodulada.com.ar\/index.php\/wp-json\/wp\/v2\/pages\/10765","targetHints":{"allow":["GET"]}}],"collection":[{"href":"https:\/\/amplitudmodulada.com.ar\/index.php\/wp-json\/wp\/v2\/pages"}],"about":[{"href":"https:\/\/amplitudmodulada.com.ar\/index.php\/wp-json\/wp\/v2\/types\/page"}],"author":[{"embeddable":true,"href":"https:\/\/amplitudmodulada.com.ar\/index.php\/wp-json\/wp\/v2\/users\/1"}],"replies":[{"embeddable":true,"href":"https:\/\/amplitudmodulada.com.ar\/index.php\/wp-json\/wp\/v2\/comments?post=10765"}],"version-history":[{"count":4,"href":"https:\/\/amplitudmodulada.com.ar\/index.php\/wp-json\/wp\/v2\/pages\/10765\/revisions"}],"predecessor-version":[{"id":10773,"href":"https:\/\/amplitudmodulada.com.ar\/index.php\/wp-json\/wp\/v2\/pages\/10765\/revisions\/10773"}],"wp:attachment":[{"href":"https:\/\/amplitudmodulada.com.ar\/index.php\/wp-json\/wp\/v2\/media?parent=10765"}],"curies":[{"name":"wp","href":"https:\/\/api.w.org\/{rel}","templated":true}]}}

La emisora de Frecuencia Modulada de LU17 Radio Golfo Nuevo cumple treinta y nueve años

<figure class="wp-block-image size-full"><img loading="lazy" decoding="async" width="117" height="110" src="http://amplitudmodulada.com.ar/wp-content/uploads/2024/01/fmparaiso-e1706567972234.png" alt="" class="wp-image-661"/></figure>



<p>Consolidada como una de las emisoras más escuchadas de Puerto Madryn, la emisora de Frecuencia Modulada de LU17 Radio Golfo Nuevo, Paraíso FM, cumple este martes 27 de enero treinta y nueve años en el aire.</p>



<p>Como parte de la celebración, Darío Jara, la voz más representativa de Paraíso FM, conducirá su clásico programa de la mañana y compartirá recuerdos, anécdotas y música que marcaron distintas épocas de la emisora.</p>



<p>Fundada en 1987, Paraíso FM nació en un contexto de crecimiento de las emisoras de Frecuencia Modulada en el país, impulsadas por la calidad de sonido y nuevas propuestas estéticas.</p>



<p>Fue la primera emisora de Frecuencia Modulada de Puerto Madryn y una de las pioneras de la Patagonia.</p>



<p>En sus primeros años, Paraíso FM emitía en 88.3 Mhz. desde sus estudios ubicados en  el último piso del edificio Torremar.</p>



<p>Con el paso de los años la emisora se consolidó y se trasladó a su actual ubicación de Estivariz 226, donde comparte ubicación con LU17.</p>



<p>Paraíso FM también fue pionera en pruebas experimentales de transmisión satelital, ofreciendo ciclos de La 100, la emisora de Frecuencia Modulada de LR6 Radio Mitre.</p>



<p>Fuente: <a href="http://www.lu17.com" data-type="link" data-id="www.lu17.com" target="_blank" rel="noreferrer noopener">www.lu17.com</a> | Puerto Madryn &#8211; Chubut | 27.01.26</p>

<p>Consolidada como una de las emisoras más escuchadas de Puerto Madryn, la emisora de Frecuencia Modulada de LU17 Radio Golfo Nuevo, Paraíso FM, cumple este martes 27 de enero treinta y nueve años en el aire. Como parte de la celebración, Darío Jara, la voz más representativa de Paraíso FM, conducirá su clásico programa de &hellip; <a href="https://amplitudmodulada.com.ar/index.php/noticia14146/" class="more-link">Continuá leyendo <span class="screen-reader-text">La emisora de Frecuencia Modulada de LU17 Radio Golfo Nuevo cumple treinta y nueve años</span></a></p>
