{"id":10774,"date":"2026-01-28T18:01:19","date_gmt":"2026-01-28T21:01:19","guid":{"rendered":"https:\/\/amplitudmodulada.com.ar\/?page_id=10774"},"modified":"2026-01-28T18:45:00","modified_gmt":"2026-01-28T21:45:00","slug":"noticia14147","status":"publish","type":"page","link":"https:\/\/amplitudmodulada.com.ar\/index.php\/noticia14147\/","title":{"rendered":"Comienza una nueva temporada del programa &#8220;Campo en Acci\u00f3n&#8221;"},"content":{"rendered":"\n<figure class=\"wp-block-image size-full\"><img loading=\"lazy\" decoding=\"async\" width=\"154\" height=\"60\" src=\"http:\/\/amplitudmodulada.com.ar\/wp-content\/uploads\/2024\/03\/LT15-e1709488416642.png\" alt=\"\" class=\"wp-image-1124\"\/><\/figure>\n\n\n\n<p>Comienza el pr\u00f3ximo lunes una nueva temporada del programa radial &#8220;Campo en Acci\u00f3n&#8221;. dedicado a la actividad agropecuaria y ganadera.<\/p>\n\n\n\n<p>Ser\u00e1 la temporada n\u00famero veintitres de &#8220;Campo en Acci\u00f3n&#8221; en LT14 Radio  Nacional General Urquiza de Paran\u00e1 y se emitir\u00e1, como en a\u00f1os anteriores, de lunes a viernes de 6.00 a 7.00 horas.<\/p>\n\n\n\n<p>El equipo de &#8220;Campo en Acci\u00f3n&#8221; estar\u00e1 encabezado por los habituales conductores, Miguel Ruberto y Daniel Aguilar.<\/p>\n\n\n\n<p>En el caso de LT15 AM 560, ser\u00e1 esta la temporada n\u00famero dieciseis de &#8220;Campo en Acci\u00f3n&#8221; y, con la conducci\u00f3n de Cecilia Goyeneche, saldr\u00e1 al aire de lunes a viernes de 12.00 a 12.30 horas.<\/p>\n\n\n\n<p>Fuente: <a href=\"http:\/\/www.campoenaccion.com\" data-type=\"link\" data-id=\"www.campoenaccion.com\" target=\"_blank\" rel=\"noreferrer noopener\">www.campoenaccion.com<\/a> | Paran\u00e1 &#8211; Entre R\u00edos | 27.01.26<\/p>\n","protected":false},"excerpt":{"rendered":"<p>Comienza el pr\u00f3ximo lunes una nueva temporada del programa radial &#8220;Campo en Acci\u00f3n&#8221;. dedicado a la actividad agropecuaria y ganadera. Ser\u00e1 la temporada n\u00famero veintitres de &#8220;Campo en Acci\u00f3n&#8221; en LT14 Radio Nacional General Urquiza de Paran\u00e1 y se emitir\u00e1, como en a\u00f1os anteriores, de lunes a viernes de 6.00 a 7.00 horas. El equipo &hellip; <a href=\"https:\/\/amplitudmodulada.com.ar\/index.php\/noticia14147\/\" class=\"more-link\">Continu\u00e1 leyendo <span class=\"screen-reader-text\">Comienza una nueva temporada del programa &#8220;Campo en Acci\u00f3n&#8221;<\/span><\/a><\/p>\n","protected":false},"author":1,"featured_media":0,"parent":0,"menu_order":0,"comment_status":"closed","ping_status":"closed","template":"","meta":{"footnotes":""},"class_list":["post-10774","page","type-page","status-publish","hentry"],"_links":{"self":[{"href":"https:\/\/amplitudmodulada.com.ar\/index.php\/wp-json\/wp\/v2\/pages\/10774","targetHints":{"allow":["GET"]}}],"collection":[{"href":"https:\/\/amplitudmodulada.com.ar\/index.php\/wp-json\/wp\/v2\/pages"}],"about":[{"href":"https:\/\/amplitudmodulada.com.ar\/index.php\/wp-json\/wp\/v2\/types\/page"}],"author":[{"embeddable":true,"href":"https:\/\/amplitudmodulada.com.ar\/index.php\/wp-json\/wp\/v2\/users\/1"}],"replies":[{"embeddable":true,"href":"https:\/\/amplitudmodulada.com.ar\/index.php\/wp-json\/wp\/v2\/comments?post=10774"}],"version-history":[{"count":3,"href":"https:\/\/amplitudmodulada.com.ar\/index.php\/wp-json\/wp\/v2\/pages\/10774\/revisions"}],"predecessor-version":[{"id":10779,"href":"https:\/\/amplitudmodulada.com.ar\/index.php\/wp-json\/wp\/v2\/pages\/10774\/revisions\/10779"}],"wp:attachment":[{"href":"https:\/\/amplitudmodulada.com.ar\/index.php\/wp-json\/wp\/v2\/media?parent=10774"}],"curies":[{"name":"wp","href":"https:\/\/api.w.org\/{rel}","templated":true}]}}

Comienza una nueva temporada del programa &#8220;Campo en Acción&#8221;

<figure class="wp-block-image size-full"><img loading="lazy" decoding="async" width="154" height="60" src="http://amplitudmodulada.com.ar/wp-content/uploads/2024/03/LT15-e1709488416642.png" alt="" class="wp-image-1124"/></figure>



<p>Comienza el próximo lunes una nueva temporada del programa radial &#8220;Campo en Acción&#8221;. dedicado a la actividad agropecuaria y ganadera.</p>



<p>Será la temporada número veintitres de &#8220;Campo en Acción&#8221; en LT14 Radio  Nacional General Urquiza de Paraná y se emitirá, como en años anteriores, de lunes a viernes de 6.00 a 7.00 horas.</p>



<p>El equipo de &#8220;Campo en Acción&#8221; estará encabezado por los habituales conductores, Miguel Ruberto y Daniel Aguilar.</p>



<p>En el caso de LT15 AM 560, será esta la temporada número dieciseis de &#8220;Campo en Acción&#8221; y, con la conducción de Cecilia Goyeneche, saldrá al aire de lunes a viernes de 12.00 a 12.30 horas.</p>



<p>Fuente: <a href="http://www.campoenaccion.com" data-type="link" data-id="www.campoenaccion.com" target="_blank" rel="noreferrer noopener">www.campoenaccion.com</a> | Paraná &#8211; Entre Ríos | 27.01.26</p>

<p>Comienza el próximo lunes una nueva temporada del programa radial &#8220;Campo en Acción&#8221;. dedicado a la actividad agropecuaria y ganadera. Será la temporada número veintitres de &#8220;Campo en Acción&#8221; en LT14 Radio Nacional General Urquiza de Paraná y se emitirá, como en años anteriores, de lunes a viernes de 6.00 a 7.00 horas. El equipo &hellip; <a href="https://amplitudmodulada.com.ar/index.php/noticia14147/" class="more-link">Continuá leyendo <span class="screen-reader-text">Comienza una nueva temporada del programa &#8220;Campo en Acción&#8221;</span></a></p>
