{"id":10782,"date":"2026-01-28T19:14:27","date_gmt":"2026-01-28T22:14:27","guid":{"rendered":"https:\/\/amplitudmodulada.com.ar\/?page_id=10782"},"modified":"2026-01-28T19:22:00","modified_gmt":"2026-01-28T22:22:00","slug":"noticia14148","status":"publish","type":"page","link":"https:\/\/amplitudmodulada.com.ar\/index.php\/noticia14148\/","title":{"rendered":"Ivanna Viale conducir\u00e1 dos ciclos radiales los domingos"},"content":{"rendered":"\n<figure class=\"wp-block-image size-full\"><img loading=\"lazy\" decoding=\"async\" width=\"174\" height=\"90\" src=\"http:\/\/amplitudmodulada.com.ar\/wp-content\/uploads\/2025\/03\/772-e1742398040984.png\" alt=\"\" class=\"wp-image-6521\"\/><\/figure>\n\n\n\n<p>Seg\u00fan destaca este martes 27 de enero el diario La Naci\u00f3n, la conductora radial Ivanna Viale estar\u00e1 al frente los domingos de dos ciclos radiales en dos emisoras diferentes.<\/p>\n\n\n\n<p>Por una parte, la hija del periodista Mauro Viale inici\u00f3 la quinta temporada de &#8220;El G\u00edglico&#8221;, que junto a Alexis Selene conducir\u00e1 los domingos de 6.00 a 7.00 horas en LR4 Radio Splendid.<\/p>\n\n\n\n<p>M\u00e1s tarde, de 11.00 a 12.00 horas y tambi\u00e9n acompa\u00f1ada por Alexis Selene, est\u00e1 a cargo en AM 770 Radio Rep\u00fablica del ciclo &#8220;La Pura Verdad&#8221;.<\/p>\n\n\n\n<p>El programa cuenta con entrevistas nacionales e internacionales, adem\u00e1s de distintas columnas de diversos temas.<\/p>\n\n\n\n<p>Fuente: <a href=\"http:\/\/www.lanacion.com.ar\" data-type=\"link\" data-id=\"www.lanacion.com.ar\" target=\"_blank\" rel=\"noreferrer noopener\">www.lanacion.com.ar<\/a> | Ciudad Aut\u00f3noma de Buenos Aires | 27.01.26<\/p>\n","protected":false},"excerpt":{"rendered":"<p>Seg\u00fan destaca este martes 27 de enero el diario La Naci\u00f3n, la conductora radial Ivanna Viale estar\u00e1 al frente los domingos de dos ciclos radiales en dos emisoras diferentes. Por una parte, la hija del periodista Mauro Viale inici\u00f3 la quinta temporada de &#8220;El G\u00edglico&#8221;, que junto a Alexis Selene conducir\u00e1 los domingos de 6.00 &hellip; <a href=\"https:\/\/amplitudmodulada.com.ar\/index.php\/noticia14148\/\" class=\"more-link\">Continu\u00e1 leyendo <span class=\"screen-reader-text\">Ivanna Viale conducir\u00e1 dos ciclos radiales los domingos<\/span><\/a><\/p>\n","protected":false},"author":1,"featured_media":0,"parent":0,"menu_order":0,"comment_status":"closed","ping_status":"closed","template":"","meta":{"footnotes":""},"class_list":["post-10782","page","type-page","status-publish","hentry"],"_links":{"self":[{"href":"https:\/\/amplitudmodulada.com.ar\/index.php\/wp-json\/wp\/v2\/pages\/10782","targetHints":{"allow":["GET"]}}],"collection":[{"href":"https:\/\/amplitudmodulada.com.ar\/index.php\/wp-json\/wp\/v2\/pages"}],"about":[{"href":"https:\/\/amplitudmodulada.com.ar\/index.php\/wp-json\/wp\/v2\/types\/page"}],"author":[{"embeddable":true,"href":"https:\/\/amplitudmodulada.com.ar\/index.php\/wp-json\/wp\/v2\/users\/1"}],"replies":[{"embeddable":true,"href":"https:\/\/amplitudmodulada.com.ar\/index.php\/wp-json\/wp\/v2\/comments?post=10782"}],"version-history":[{"count":3,"href":"https:\/\/amplitudmodulada.com.ar\/index.php\/wp-json\/wp\/v2\/pages\/10782\/revisions"}],"predecessor-version":[{"id":10787,"href":"https:\/\/amplitudmodulada.com.ar\/index.php\/wp-json\/wp\/v2\/pages\/10782\/revisions\/10787"}],"wp:attachment":[{"href":"https:\/\/amplitudmodulada.com.ar\/index.php\/wp-json\/wp\/v2\/media?parent=10782"}],"curies":[{"name":"wp","href":"https:\/\/api.w.org\/{rel}","templated":true}]}}

Ivanna Viale conducirá dos ciclos radiales los domingos

<figure class="wp-block-image size-full"><img loading="lazy" decoding="async" width="174" height="90" src="http://amplitudmodulada.com.ar/wp-content/uploads/2025/03/772-e1742398040984.png" alt="" class="wp-image-6521"/></figure>



<p>Según destaca este martes 27 de enero el diario La Nación, la conductora radial Ivanna Viale estará al frente los domingos de dos ciclos radiales en dos emisoras diferentes.</p>



<p>Por una parte, la hija del periodista Mauro Viale inició la quinta temporada de &#8220;El Gíglico&#8221;, que junto a Alexis Selene conducirá los domingos de 6.00 a 7.00 horas en LR4 Radio Splendid.</p>



<p>Más tarde, de 11.00 a 12.00 horas y también acompañada por Alexis Selene, está a cargo en AM 770 Radio República del ciclo &#8220;La Pura Verdad&#8221;.</p>



<p>El programa cuenta con entrevistas nacionales e internacionales, además de distintas columnas de diversos temas.</p>



<p>Fuente: <a href="http://www.lanacion.com.ar" data-type="link" data-id="www.lanacion.com.ar" target="_blank" rel="noreferrer noopener">www.lanacion.com.ar</a> | Ciudad Autónoma de Buenos Aires | 27.01.26</p>

<p>Según destaca este martes 27 de enero el diario La Nación, la conductora radial Ivanna Viale estará al frente los domingos de dos ciclos radiales en dos emisoras diferentes. Por una parte, la hija del periodista Mauro Viale inició la quinta temporada de &#8220;El Gíglico&#8221;, que junto a Alexis Selene conducirá los domingos de 6.00 &hellip; <a href="https://amplitudmodulada.com.ar/index.php/noticia14148/" class="more-link">Continuá leyendo <span class="screen-reader-text">Ivanna Viale conducirá dos ciclos radiales los domingos</span></a></p>
