{"id":10996,"date":"2026-02-16T21:12:52","date_gmt":"2026-02-17T00:12:52","guid":{"rendered":"https:\/\/amplitudmodulada.com.ar\/?page_id=10996"},"modified":"2026-02-16T21:13:11","modified_gmt":"2026-02-17T00:13:11","slug":"noticia14177","status":"publish","type":"page","link":"https:\/\/amplitudmodulada.com.ar\/index.php\/noticia14177\/","title":{"rendered":"Extiende su horario el programa &#8220;La Oral Deportiva&#8221;"},"content":{"rendered":"\n<figure class=\"wp-block-image size-full\"><img loading=\"lazy\" decoding=\"async\" width=\"174\" height=\"60\" src=\"http:\/\/amplitudmodulada.com.ar\/wp-content\/uploads\/2024\/01\/630-e1704586384620.png\" alt=\"\" class=\"wp-image-115\"\/><\/figure>\n\n\n\n<p>A trav\u00e9s de la red social X, el hist\u00f3rico programa de LS5 Radio Rivadavia &#8220;La Oral Deportiva&#8221; anunci\u00f3 la extensi\u00f3n de su horario y desde la pr\u00f3xima semana se emitir\u00e1 de lunes a viernes de 22.00 a 24.00 horas.<\/p>\n\n\n\n<p>La primera emisi\u00f3n de &#8220;La Oral Deportiva&#8221;, audici\u00f3n fundada por el periodista Edmundo Campagnale, fue en 1933 como un programa informativo de f\u00fatbol realizado en la redacci\u00f3n del diario Cr\u00edtica.<\/p>\n\n\n\n<p>Edmundo Campagnale condujo la audici\u00f3n hasta su muerte, en 1958, cuando el periodista Jos\u00e9 Mar\u00eda Mu\u00f1oz se hizo cargo de &#8220;La Oral Deportiva&#8221;, tarea que ejerci\u00f3 durante treinta y cuatro a\u00f1os.<\/p>\n\n\n\n<p>En 2022, el programa se vio reducido a una tira diaria a ra\u00edz de la desaparici\u00f3n de las transmisiones deportivas.<\/p>\n\n\n\n<p>Actualmente, el programa cuenta con la conducci\u00f3n del periodista Daniel Avellaneda.<\/p>\n\n\n\n<p>09.02.26<\/p>\n","protected":false},"excerpt":{"rendered":"<p>A trav\u00e9s de la red social X, el hist\u00f3rico programa de LS5 Radio Rivadavia &#8220;La Oral Deportiva&#8221; anunci\u00f3 la extensi\u00f3n de su horario y desde la pr\u00f3xima semana se emitir\u00e1 de lunes a viernes de 22.00 a 24.00 horas. La primera emisi\u00f3n de &#8220;La Oral Deportiva&#8221;, audici\u00f3n fundada por el periodista Edmundo Campagnale, fue en &hellip; <a href=\"https:\/\/amplitudmodulada.com.ar\/index.php\/noticia14177\/\" class=\"more-link\">Continu\u00e1 leyendo <span class=\"screen-reader-text\">Extiende su horario el programa &#8220;La Oral Deportiva&#8221;<\/span><\/a><\/p>\n","protected":false},"author":1,"featured_media":0,"parent":0,"menu_order":0,"comment_status":"closed","ping_status":"closed","template":"","meta":{"footnotes":""},"class_list":["post-10996","page","type-page","status-publish","hentry"],"_links":{"self":[{"href":"https:\/\/amplitudmodulada.com.ar\/index.php\/wp-json\/wp\/v2\/pages\/10996","targetHints":{"allow":["GET"]}}],"collection":[{"href":"https:\/\/amplitudmodulada.com.ar\/index.php\/wp-json\/wp\/v2\/pages"}],"about":[{"href":"https:\/\/amplitudmodulada.com.ar\/index.php\/wp-json\/wp\/v2\/types\/page"}],"author":[{"embeddable":true,"href":"https:\/\/amplitudmodulada.com.ar\/index.php\/wp-json\/wp\/v2\/users\/1"}],"replies":[{"embeddable":true,"href":"https:\/\/amplitudmodulada.com.ar\/index.php\/wp-json\/wp\/v2\/comments?post=10996"}],"version-history":[{"count":1,"href":"https:\/\/amplitudmodulada.com.ar\/index.php\/wp-json\/wp\/v2\/pages\/10996\/revisions"}],"predecessor-version":[{"id":10997,"href":"https:\/\/amplitudmodulada.com.ar\/index.php\/wp-json\/wp\/v2\/pages\/10996\/revisions\/10997"}],"wp:attachment":[{"href":"https:\/\/amplitudmodulada.com.ar\/index.php\/wp-json\/wp\/v2\/media?parent=10996"}],"curies":[{"name":"wp","href":"https:\/\/api.w.org\/{rel}","templated":true}]}}