{"id":11015,"date":"2026-02-17T19:29:28","date_gmt":"2026-02-17T22:29:28","guid":{"rendered":"https:\/\/amplitudmodulada.com.ar\/?page_id=11015"},"modified":"2026-02-17T19:39:47","modified_gmt":"2026-02-17T22:39:47","slug":"noticia14180","status":"publish","type":"page","link":"https:\/\/amplitudmodulada.com.ar\/index.php\/noticia14180\/","title":{"rendered":"Radio Rivadavia defini\u00f3 su grilla de programaci\u00f3n de los fines de semana"},"content":{"rendered":"\n<figure class=\"wp-block-image size-full\"><img loading=\"lazy\" decoding=\"async\" width=\"174\" height=\"60\" src=\"http:\/\/amplitudmodulada.com.ar\/wp-content\/uploads\/2024\/01\/630-e1704586384620.png\" alt=\"\" class=\"wp-image-115\"\/><\/figure>\n\n\n\n<p>Seg\u00fan se\u00f1ala este martes 10 de febrero el diario La Naci\u00f3n, LS5 Radio Rivadavia estren\u00f3 este fin de semana su nueva grilla de programaci\u00f3n de los s\u00e1bados y domingos.<\/p>\n\n\n\n<p>En la nueva grilla se destaca que durante las madrugadas de los s\u00e1bados y domingos de 1.00 a 7.00 horas contin\u00faa &#8220;Reporte Rivadavia&#8221;, con Oscar Choy.<\/p>\n\n\n\n<p>Adem\u00e1s, se produjo el debut de Camila Dolabjian los s\u00e1bados de 7.00 a 10.00 horas y muy pronto lo har\u00e1 Guadalupe V\u00e1zquez el mismo d\u00eda de 10.00 a 13.00 horas.<\/p>\n\n\n\n<p>Por la tarde y por la noche contin\u00faan Ricardo Guazzardi con &#8220;El Sill\u00f3n de Rivadavia&#8221;, de 13.00 a 17.00 horas, y Julio Lagos con &#8220;La Radio Sos Vos&#8221;, de 17.00 a 22.00 horas.<\/p>\n\n\n\n<p>Finalmente, los s\u00e1bados y domingos de 22.00 a 1.00 horas estar\u00e1 Luisa Delfino con su cl\u00e1sico &#8220;Te Escucho&#8221;.<\/p>\n\n\n\n<p>En tanto la grilla de los domingos estar\u00e1 integrada por &#8220;Rivadavia Agro&#8221;, &#8220;Domingo 630&#8221;, &#8220;El Ojo del Arte&#8221;, &#8220;Verano 630&#8221;, &#8220;Somos Nosotros&#8221; y &#8220;Salud 630&#8221;.<\/p>\n\n\n\n<p>Fuente: <a href=\"http:\/\/www.lanacion.com.ar\" data-type=\"link\" data-id=\"www.lanacion.com.ar\" target=\"_blank\" rel=\"noreferrer noopener\">www.lanacion.com.ar<\/a> | Ciudad Aut\u00f3noma de Buenos Aires | 10.02.26<\/p>\n\n\n\n<p><\/p>\n","protected":false},"excerpt":{"rendered":"<p>Seg\u00fan se\u00f1ala este martes 10 de febrero el diario La Naci\u00f3n, LS5 Radio Rivadavia estren\u00f3 este fin de semana su nueva grilla de programaci\u00f3n de los s\u00e1bados y domingos. En la nueva grilla se destaca que durante las madrugadas de los s\u00e1bados y domingos de 1.00 a 7.00 horas contin\u00faa &#8220;Reporte Rivadavia&#8221;, con Oscar Choy. &hellip; <a href=\"https:\/\/amplitudmodulada.com.ar\/index.php\/noticia14180\/\" class=\"more-link\">Continu\u00e1 leyendo <span class=\"screen-reader-text\">Radio Rivadavia defini\u00f3 su grilla de programaci\u00f3n de los fines de semana<\/span><\/a><\/p>\n","protected":false},"author":1,"featured_media":0,"parent":0,"menu_order":0,"comment_status":"closed","ping_status":"closed","template":"","meta":{"footnotes":""},"class_list":["post-11015","page","type-page","status-publish","hentry"],"_links":{"self":[{"href":"https:\/\/amplitudmodulada.com.ar\/index.php\/wp-json\/wp\/v2\/pages\/11015","targetHints":{"allow":["GET"]}}],"collection":[{"href":"https:\/\/amplitudmodulada.com.ar\/index.php\/wp-json\/wp\/v2\/pages"}],"about":[{"href":"https:\/\/amplitudmodulada.com.ar\/index.php\/wp-json\/wp\/v2\/types\/page"}],"author":[{"embeddable":true,"href":"https:\/\/amplitudmodulada.com.ar\/index.php\/wp-json\/wp\/v2\/users\/1"}],"replies":[{"embeddable":true,"href":"https:\/\/amplitudmodulada.com.ar\/index.php\/wp-json\/wp\/v2\/comments?post=11015"}],"version-history":[{"count":2,"href":"https:\/\/amplitudmodulada.com.ar\/index.php\/wp-json\/wp\/v2\/pages\/11015\/revisions"}],"predecessor-version":[{"id":11018,"href":"https:\/\/amplitudmodulada.com.ar\/index.php\/wp-json\/wp\/v2\/pages\/11015\/revisions\/11018"}],"wp:attachment":[{"href":"https:\/\/amplitudmodulada.com.ar\/index.php\/wp-json\/wp\/v2\/media?parent=11015"}],"curies":[{"name":"wp","href":"https:\/\/api.w.org\/{rel}","templated":true}]}}