{"id":11021,"date":"2026-02-21T12:28:25","date_gmt":"2026-02-21T15:28:25","guid":{"rendered":"https:\/\/amplitudmodulada.com.ar\/?page_id=11021"},"modified":"2026-02-21T12:49:38","modified_gmt":"2026-02-21T15:49:38","slug":"noticia14181","status":"publish","type":"page","link":"https:\/\/amplitudmodulada.com.ar\/index.php\/noticia14181\/","title":{"rendered":"Nancy Pazos repudi\u00f3 la derogaci\u00f3n del Estatuto del Periodista"},"content":{"rendered":"\n<figure class=\"wp-block-image size-full\"><img loading=\"lazy\" decoding=\"async\" width=\"126\" height=\"80\" src=\"http:\/\/amplitudmodulada.com.ar\/wp-content\/uploads\/2024\/01\/710-e1704587121920.png\" alt=\"\" class=\"wp-image-122\"\/><\/figure>\n\n\n\n<p>La periodista Nancy Pazos se encaden\u00f3 este mi\u00e9rcoles frente al Congreso para repudiar la derogaci\u00f3n del Estatuto del Periodista, contemplada en la Reforma Laboral que discute la C\u00e1mara de Senadores.<\/p>\n\n\n\n<p>La protesta de la periodista de LRL202 Radio 10 gener\u00f3 la reacci\u00f3n del Jefe de Gabinete, Miguel Adorni, quien se\u00f1al\u00f3 que &#8220;el nivel de delirio es astron\u00f3mico&#8221;.<\/p>\n\n\n\n<p>Nancy Pazos se present\u00f3 frente al Congreso con una tela negra atada sobre su boca y una cadena en su cuello y brazos.<\/p>\n\n\n\n<p>Su protesta fue acompa\u00f1ada por otros manifestantes, que tambi\u00e9n se amordazaron y encadenaron y usaron una m\u00e1scara blanca con la palabra &#8220;alcahuete&#8221; escrita en la frente.<\/p>\n\n\n\n<p>En di\u00e1logo con la se\u00f1al de noticias C5N, la conductora de radio y televisi\u00f3n asegur\u00f3 que el gobierno nacional &#8220;quiere periodistas alcahuetes&#8221; y a\u00f1adi\u00f3 que &#8220;el periodismo es el faro de la democracia&#8221;.<\/p>\n\n\n\n<p>El Estatuto del Periodista Profesional es un conjunto de normas que regula las condiciones laborales de quienes trabajan en publicaciones diarias o peri\u00f3dicas y agencias de noticias.<\/p>\n\n\n\n<p>Fuente: <a href=\"http:\/\/www.lanacion.com.ar\" data-type=\"link\" data-id=\"www.lanacion.com.ar\" target=\"_blank\" rel=\"noreferrer noopener\">www.lanacion.com.ar<\/a> | Ciudad Aut\u00f3noma de Buenos Aires | 11.02.26<\/p>\n\n\n\n<p><\/p>\n","protected":false},"excerpt":{"rendered":"<p>La periodista Nancy Pazos se encaden\u00f3 este mi\u00e9rcoles frente al Congreso para repudiar la derogaci\u00f3n del Estatuto del Periodista, contemplada en la Reforma Laboral que discute la C\u00e1mara de Senadores. La protesta de la periodista de LRL202 Radio 10 gener\u00f3 la reacci\u00f3n del Jefe de Gabinete, Miguel Adorni, quien se\u00f1al\u00f3 que &#8220;el nivel de delirio &hellip; <a href=\"https:\/\/amplitudmodulada.com.ar\/index.php\/noticia14181\/\" class=\"more-link\">Continu\u00e1 leyendo <span class=\"screen-reader-text\">Nancy Pazos repudi\u00f3 la derogaci\u00f3n del Estatuto del Periodista<\/span><\/a><\/p>\n","protected":false},"author":1,"featured_media":0,"parent":0,"menu_order":0,"comment_status":"closed","ping_status":"closed","template":"","meta":{"footnotes":""},"class_list":["post-11021","page","type-page","status-publish","hentry"],"_links":{"self":[{"href":"https:\/\/amplitudmodulada.com.ar\/index.php\/wp-json\/wp\/v2\/pages\/11021","targetHints":{"allow":["GET"]}}],"collection":[{"href":"https:\/\/amplitudmodulada.com.ar\/index.php\/wp-json\/wp\/v2\/pages"}],"about":[{"href":"https:\/\/amplitudmodulada.com.ar\/index.php\/wp-json\/wp\/v2\/types\/page"}],"author":[{"embeddable":true,"href":"https:\/\/amplitudmodulada.com.ar\/index.php\/wp-json\/wp\/v2\/users\/1"}],"replies":[{"embeddable":true,"href":"https:\/\/amplitudmodulada.com.ar\/index.php\/wp-json\/wp\/v2\/comments?post=11021"}],"version-history":[{"count":2,"href":"https:\/\/amplitudmodulada.com.ar\/index.php\/wp-json\/wp\/v2\/pages\/11021\/revisions"}],"predecessor-version":[{"id":11024,"href":"https:\/\/amplitudmodulada.com.ar\/index.php\/wp-json\/wp\/v2\/pages\/11021\/revisions\/11024"}],"wp:attachment":[{"href":"https:\/\/amplitudmodulada.com.ar\/index.php\/wp-json\/wp\/v2\/media?parent=11021"}],"curies":[{"name":"wp","href":"https:\/\/api.w.org\/{rel}","templated":true}]}}