{"id":11102,"date":"2026-03-03T08:07:38","date_gmt":"2026-03-03T11:07:38","guid":{"rendered":"https:\/\/amplitudmodulada.com.ar\/?page_id=11102"},"modified":"2026-03-03T08:27:54","modified_gmt":"2026-03-03T11:27:54","slug":"noticia14191","status":"publish","type":"page","link":"https:\/\/amplitudmodulada.com.ar\/index.php\/noticia14191\/","title":{"rendered":"Declaran de Inter\u00e9s Municipal la primera transmisi\u00f3n radial subacu\u00e1tica"},"content":{"rendered":"\n<figure class=\"wp-block-image size-full\"><img loading=\"lazy\" decoding=\"async\" width=\"152\" height=\"60\" src=\"http:\/\/amplitudmodulada.com.ar\/wp-content\/uploads\/2024\/02\/LU17-e1708187368984.png\" alt=\"\" class=\"wp-image-838\"\/><\/figure>\n\n\n\n<p>A trav\u00e9s de la Resoluci\u00f3n 149\/2026, la Municipalidad de Puerto Madryn declar\u00f3 de Inter\u00e9s Municipal la primera transmisi\u00f3n subacu\u00e1tica que realiz\u00f3 LU17 Radio Golfo Nuevo hace cuarenta a\u00f1os.<\/p>\n\n\n\n<p>El reconocimiento institucional aparece en un contexto donde la memoria hist\u00f3rica local gana espacio dentro de la agenda cultural y comunitaria. <\/p>\n\n\n\n<p>La experiencia de 1986 signific\u00f3 un experimento t\u00e9cnico poco habitual para la \u00e9poca y posicion\u00f3 a la ciudad dentro de un mapa de innovaci\u00f3n comunicacional que trascendi\u00f3 fronteras.<\/p>\n\n\n\n<p>La resoluci\u00f3n firmada por el intendente Gustavo Sastre rescata esa dimensi\u00f3n y la vincula con la identidad colectiva de Puerto Madryn.<\/p>\n\n\n\n<p>Seg\u00fan recuerda el documento oficial, el 20 de febrero de 1986 se llev\u00f3 adelante una transmisi\u00f3n radial desde una estaci\u00f3n submarina instalada en el lecho marino del Golfo Nuevo.<\/p>\n\n\n\n<p>La iniciativa se transform\u00f3 en una experiencia in\u00e9dita dentro de la radiodifusi\u00f3n argentina y mundial, impulsada por un equipo local que apost\u00f3 a explorar nuevos formatos y lenguajes en un contexto tecnol\u00f3gico muy distinto del actual.<\/p>\n\n\n\n<p>La conducci\u00f3n period\u00edstica estuvo a cargo de Eduardo Bagnato y Osvaldo Pav\u00f3n, quienes encabezaron un despliegue que incluy\u00f3 log\u00edstica subacu\u00e1tica y participaci\u00f3n de vecinos de la ciudad.<\/p>\n\n\n\n<p>Fuente: <a href=\"http:\/\/www.lu17.com\" data-type=\"link\" data-id=\"www.lu17.com\" target=\"_blank\" rel=\"noreferrer noopener\">www.lu17.com<\/a> | Puerto Madryn &#8211; Chubut | 19.02.26 <\/p>\n","protected":false},"excerpt":{"rendered":"<p>A trav\u00e9s de la Resoluci\u00f3n 149\/2026, la Municipalidad de Puerto Madryn declar\u00f3 de Inter\u00e9s Municipal la primera transmisi\u00f3n subacu\u00e1tica que realiz\u00f3 LU17 Radio Golfo Nuevo hace cuarenta a\u00f1os. El reconocimiento institucional aparece en un contexto donde la memoria hist\u00f3rica local gana espacio dentro de la agenda cultural y comunitaria. La experiencia de 1986 signific\u00f3 un &hellip; <a href=\"https:\/\/amplitudmodulada.com.ar\/index.php\/noticia14191\/\" class=\"more-link\">Continu\u00e1 leyendo <span class=\"screen-reader-text\">Declaran de Inter\u00e9s Municipal la primera transmisi\u00f3n radial subacu\u00e1tica<\/span><\/a><\/p>\n","protected":false},"author":1,"featured_media":0,"parent":0,"menu_order":0,"comment_status":"closed","ping_status":"closed","template":"","meta":{"footnotes":""},"class_list":["post-11102","page","type-page","status-publish","hentry"],"_links":{"self":[{"href":"https:\/\/amplitudmodulada.com.ar\/index.php\/wp-json\/wp\/v2\/pages\/11102","targetHints":{"allow":["GET"]}}],"collection":[{"href":"https:\/\/amplitudmodulada.com.ar\/index.php\/wp-json\/wp\/v2\/pages"}],"about":[{"href":"https:\/\/amplitudmodulada.com.ar\/index.php\/wp-json\/wp\/v2\/types\/page"}],"author":[{"embeddable":true,"href":"https:\/\/amplitudmodulada.com.ar\/index.php\/wp-json\/wp\/v2\/users\/1"}],"replies":[{"embeddable":true,"href":"https:\/\/amplitudmodulada.com.ar\/index.php\/wp-json\/wp\/v2\/comments?post=11102"}],"version-history":[{"count":3,"href":"https:\/\/amplitudmodulada.com.ar\/index.php\/wp-json\/wp\/v2\/pages\/11102\/revisions"}],"predecessor-version":[{"id":11107,"href":"https:\/\/amplitudmodulada.com.ar\/index.php\/wp-json\/wp\/v2\/pages\/11102\/revisions\/11107"}],"wp:attachment":[{"href":"https:\/\/amplitudmodulada.com.ar\/index.php\/wp-json\/wp\/v2\/media?parent=11102"}],"curies":[{"name":"wp","href":"https:\/\/api.w.org\/{rel}","templated":true}]}}