{"id":11110,"date":"2026-03-03T20:42:25","date_gmt":"2026-03-03T23:42:25","guid":{"rendered":"https:\/\/amplitudmodulada.com.ar\/?page_id=11110"},"modified":"2026-03-03T21:15:20","modified_gmt":"2026-03-04T00:15:20","slug":"noticia14192","status":"publish","type":"page","link":"https:\/\/amplitudmodulada.com.ar\/index.php\/noticia14192\/","title":{"rendered":"La tormenta dej\u00f3 a LU33 Emisora Pampeana fuera del aire"},"content":{"rendered":"\n<figure class=\"wp-block-image size-full\"><img loading=\"lazy\" decoding=\"async\" width=\"118\" height=\"120\" src=\"http:\/\/amplitudmodulada.com.ar\/wp-content\/uploads\/2024\/06\/LU33-e1718918247953.png\" alt=\"\" class=\"wp-image-2254\"\/><\/figure>\n\n\n\n<p>La hist\u00f3rica tormenta que azot\u00f3 ayer a la ciudad de Santa Rosa afect\u00f3 a las antenas de varias emisoras de la ciudad, entre ellas LU33 Emisora Pampeana, que debi\u00f3 interrumpir sus emisiones habituales.<\/p>\n\n\n\n<p>Otra de las radios afectadas fue la emisora de Frecuencia Modulada Radio Contacto, que sale al aire en 104.1 Mhz.<\/p>\n\n\n\n<p>En ese contexto, Gustavo Zapa Loggia, presidente de Trabajadores de Emisora Pampeana Cooperativa de Trabajo, anunci\u00f3 que la emisora solo sale a trav\u00e9s de Internet y calcul\u00f3 que el incoveniente estar\u00eda resuelto el s\u00e1bado.<\/p>\n\n\n\n<p>&#8220;Agradecemos los gestos y actos solidarios de los oyentes, compa\u00f1eros, auspiciantes y funcionarios&#8221;, indic\u00f3 el periodista y director de la cooperativa que opera la emisora.<\/p>\n\n\n\n<p>Fundada en 1970, Radio Pampeana sale al aire en 890 Khz. y desde 2009 es operada por una cooperativa de trabajo conformada tras la abrupta salida de su entonces licenciatario.<\/p>\n\n\n\n<p>Fuente: <a href=\"http:\/\/www.laarena.com.ar\" data-type=\"link\" data-id=\"www.laarena.com.ar\" target=\"_blank\" rel=\"noreferrer noopener\">www.laarena.com.ar<\/a> | Santa Rosa &#8211; La Pampa | 19.02.26<\/p>\n\n\n\n<p><\/p>\n\n\n\n<p><\/p>\n","protected":false},"excerpt":{"rendered":"<p>La hist\u00f3rica tormenta que azot\u00f3 ayer a la ciudad de Santa Rosa afect\u00f3 a las antenas de varias emisoras de la ciudad, entre ellas LU33 Emisora Pampeana, que debi\u00f3 interrumpir sus emisiones habituales. Otra de las radios afectadas fue la emisora de Frecuencia Modulada Radio Contacto, que sale al aire en 104.1 Mhz. En ese &hellip; <a href=\"https:\/\/amplitudmodulada.com.ar\/index.php\/noticia14192\/\" class=\"more-link\">Continu\u00e1 leyendo <span class=\"screen-reader-text\">La tormenta dej\u00f3 a LU33 Emisora Pampeana fuera del aire<\/span><\/a><\/p>\n","protected":false},"author":1,"featured_media":0,"parent":0,"menu_order":0,"comment_status":"closed","ping_status":"closed","template":"","meta":{"footnotes":""},"class_list":["post-11110","page","type-page","status-publish","hentry"],"_links":{"self":[{"href":"https:\/\/amplitudmodulada.com.ar\/index.php\/wp-json\/wp\/v2\/pages\/11110","targetHints":{"allow":["GET"]}}],"collection":[{"href":"https:\/\/amplitudmodulada.com.ar\/index.php\/wp-json\/wp\/v2\/pages"}],"about":[{"href":"https:\/\/amplitudmodulada.com.ar\/index.php\/wp-json\/wp\/v2\/types\/page"}],"author":[{"embeddable":true,"href":"https:\/\/amplitudmodulada.com.ar\/index.php\/wp-json\/wp\/v2\/users\/1"}],"replies":[{"embeddable":true,"href":"https:\/\/amplitudmodulada.com.ar\/index.php\/wp-json\/wp\/v2\/comments?post=11110"}],"version-history":[{"count":4,"href":"https:\/\/amplitudmodulada.com.ar\/index.php\/wp-json\/wp\/v2\/pages\/11110\/revisions"}],"predecessor-version":[{"id":11115,"href":"https:\/\/amplitudmodulada.com.ar\/index.php\/wp-json\/wp\/v2\/pages\/11110\/revisions\/11115"}],"wp:attachment":[{"href":"https:\/\/amplitudmodulada.com.ar\/index.php\/wp-json\/wp\/v2\/media?parent=11110"}],"curies":[{"name":"wp","href":"https:\/\/api.w.org\/{rel}","templated":true}]}}