{"id":11127,"date":"2026-03-05T08:35:48","date_gmt":"2026-03-05T11:35:48","guid":{"rendered":"https:\/\/amplitudmodulada.com.ar\/?page_id=11127"},"modified":"2026-03-05T08:41:04","modified_gmt":"2026-03-05T11:41:04","slug":"noticia14194","status":"publish","type":"page","link":"https:\/\/amplitudmodulada.com.ar\/index.php\/noticia14194\/","title":{"rendered":"LU20 Radio Chubut lanza su nueva programaci\u00f3n"},"content":{"rendered":"\n<figure class=\"wp-block-image size-full\"><img loading=\"lazy\" decoding=\"async\" width=\"110\" height=\"110\" src=\"http:\/\/amplitudmodulada.com.ar\/wp-content\/uploads\/2025\/01\/LU20-e1737994192499.jpg\" alt=\"\" class=\"wp-image-5795\"\/><\/figure>\n\n\n\n<p>Con regresos y nuevas propuestas, LU20 Radio Chubut lanza este lunes 23 de febrero su nueva grilla de programaci\u00f3n.<\/p>\n\n\n\n<p>De lunes a viernes de 6.00 a 10.00 horas se emitir\u00e1 &#8220;Redacci\u00f3n 20&#8221;, con Carlos Di Filippo.<\/p>\n\n\n\n<p>De 10.00 a 13.00 horas ir\u00e1 &#8220;La Vida es un Rato&#8221;, con Mat\u00edas Garc\u00eda y Romina Vel\u00e1zquez.<\/p>\n\n\n\n<p>El &#8220;Compacto de Noticias&#8221;, en tanto, se emitir\u00e1 de lunes a domingos hasta las 13.30 horas, mientras que &#8220;El Bazar&#8221;, continuar\u00e1 de lunes a viernes de 13.30 a 14.00 horas.<\/p>\n\n\n\n<p>De 14.00 a 15.00 horas, se presentar\u00e1 &#8220;Mundo Deportivo&#8221;, con Emanuel Pascual y Claudio Sosa.<\/p>\n\n\n\n<p>Los lunes de 15.00 a 16.30 horas se emitir\u00e1 &#8220;Las 20 de LU20&#8221;, con Mat\u00edas Garc\u00eda, el programa de preguntas y respuestas que lleg\u00f3 en verano para quedarse todo el a\u00f1o.<\/p>\n\n\n\n<p>De martes a jueves de 15.00 a 15.30 horas ir\u00e1 &#8220;Desde las Ra\u00edces&#8221;, con propuestas dedicadas a distintas colectividades.<\/p>\n\n\n\n<p>Asimismo, los viernes en el mismo horario saldr\u00e1 al aire &#8220;La Conversaci\u00f3n&#8221;.<\/p>\n\n\n\n<p>De 15.30 a 16.30 horas se emitir\u00e1n distintos ciclos, &#8220;Arreando Majadas&#8221; los martes y jueves, &#8220;R\u00edo Testigo&#8221; los mi\u00e9rcoles y &#8220;La Hora Galesa&#8221; los viernes.<\/p>\n\n\n\n<p>En tanto, de lunes a viernes de 16.30 a 19.00 horas ser\u00e1 el turno de &#8220;Es por Ac\u00e1&#8221;, con Federico S\u00e1nchez.<\/p>\n\n\n\n<p>De 19.00 a 20.00 horas, Radio Chubut ofrecer\u00e1 cada d\u00eda una propuesta diferente, los lunes &#8220;La Nueva Tierra&#8221;, los martes &#8220;Abriendo Caminos&#8221;, los mi\u00e9rcoles &#8220;Frecuencia Universitaria&#8221;, los jueves &#8220;180 Grados&#8221; y los viernes &#8220;Un Canto que Vuelve&#8221;.<\/p>\n\n\n\n<p>Por \u00faltimo, de lunes a viernes de 20.00 a 21.00 horas ser\u00e1 el turno del ciclo de automovilismo deportivo &#8220;Motores a Pleno&#8221;.<\/p>\n\n\n\n<p>Fuente: <a href=\"http:\/\/www.radiochubut.com\" data-type=\"link\" data-id=\"www.radiochubut.com\" target=\"_blank\" rel=\"noreferrer noopener\">www.radiochubut.com<\/a> | Trelew &#8211; Chubut | 23.02.26<\/p>\n\n\n\n<p><\/p>\n","protected":false},"excerpt":{"rendered":"<p>Con regresos y nuevas propuestas, LU20 Radio Chubut lanza este lunes 23 de febrero su nueva grilla de programaci\u00f3n. De lunes a viernes de 6.00 a 10.00 horas se emitir\u00e1 &#8220;Redacci\u00f3n 20&#8221;, con Carlos Di Filippo. De 10.00 a 13.00 horas ir\u00e1 &#8220;La Vida es un Rato&#8221;, con Mat\u00edas Garc\u00eda y Romina Vel\u00e1zquez. El &#8220;Compacto &hellip; <a href=\"https:\/\/amplitudmodulada.com.ar\/index.php\/noticia14194\/\" class=\"more-link\">Continu\u00e1 leyendo <span class=\"screen-reader-text\">LU20 Radio Chubut lanza su nueva programaci\u00f3n<\/span><\/a><\/p>\n","protected":false},"author":1,"featured_media":0,"parent":0,"menu_order":0,"comment_status":"closed","ping_status":"closed","template":"","meta":{"footnotes":""},"class_list":["post-11127","page","type-page","status-publish","hentry"],"_links":{"self":[{"href":"https:\/\/amplitudmodulada.com.ar\/index.php\/wp-json\/wp\/v2\/pages\/11127","targetHints":{"allow":["GET"]}}],"collection":[{"href":"https:\/\/amplitudmodulada.com.ar\/index.php\/wp-json\/wp\/v2\/pages"}],"about":[{"href":"https:\/\/amplitudmodulada.com.ar\/index.php\/wp-json\/wp\/v2\/types\/page"}],"author":[{"embeddable":true,"href":"https:\/\/amplitudmodulada.com.ar\/index.php\/wp-json\/wp\/v2\/users\/1"}],"replies":[{"embeddable":true,"href":"https:\/\/amplitudmodulada.com.ar\/index.php\/wp-json\/wp\/v2\/comments?post=11127"}],"version-history":[{"count":3,"href":"https:\/\/amplitudmodulada.com.ar\/index.php\/wp-json\/wp\/v2\/pages\/11127\/revisions"}],"predecessor-version":[{"id":11131,"href":"https:\/\/amplitudmodulada.com.ar\/index.php\/wp-json\/wp\/v2\/pages\/11127\/revisions\/11131"}],"wp:attachment":[{"href":"https:\/\/amplitudmodulada.com.ar\/index.php\/wp-json\/wp\/v2\/media?parent=11127"}],"curies":[{"name":"wp","href":"https:\/\/api.w.org\/{rel}","templated":true}]}}