{"id":11134,"date":"2026-03-07T13:53:31","date_gmt":"2026-03-07T16:53:31","guid":{"rendered":"https:\/\/amplitudmodulada.com.ar\/?page_id=11134"},"modified":"2026-03-07T14:17:12","modified_gmt":"2026-03-07T17:17:12","slug":"noticia14195","status":"publish","type":"page","link":"https:\/\/amplitudmodulada.com.ar\/index.php\/noticia14195\/","title":{"rendered":"Cadena 3 vuelve este lunes a su programaci\u00f3n habitual"},"content":{"rendered":"\n<figure class=\"wp-block-image size-full\"><img loading=\"lazy\" decoding=\"async\" width=\"169\" height=\"55\" src=\"http:\/\/amplitudmodulada.com.ar\/wp-content\/uploads\/2024\/02\/cadena3-e1709142729643.png\" alt=\"\" class=\"wp-image-1072\"\/><\/figure>\n\n\n\n<p>Cadena 3 vuelve este lunes 23 de febrero a su grilla de programaci\u00f3n habitual y suma propuestas que ampl\u00edan la oferta informativa y de entretenimiento durante toda la semana.<\/p>\n\n\n\n<p>La grilla de programaci\u00f3n renovada comenzar\u00e1 de 5.00 a 6.00 horas con &#8220;Noche y D\u00eda&#8221;, con Susana Buontempo.<\/p>\n\n\n\n<p>El eje informativo de la ma\u00f1ana continuar\u00e1 de 6.00 a 8.30 horas con &#8220;Radioinforme 3&#8221;, con Luis Fern\u00e1ndez Echegaray.<\/p>\n\n\n\n<p>De 8.30 a 12.00 horas, &#8220;Siempre Juntos&#8221;, con Agustina Vivanco, seguir\u00e1 acompa\u00f1ando las ma\u00f1anas con informaci\u00f3n, actualidad y entretenimiento.<\/p>\n\n\n\n<p>Al mediod\u00eda, de 12.00 a 14.00 horas, Rodolfo Barili estar\u00e1 a cargo de &#8220;Ahora Pa\u00eds&#8221;.<\/p>\n\n\n\n<p>A las 14.00 horas, Cadena 3 incorporar\u00e1 nuevas propuestas y ajustes de horarios que apuntan a enriquecer la franja vespertina.<\/p>\n\n\n\n<p>De 14.00 a 15.00 horas se emitir\u00e1 &#8220;La Argentina Posible&#8221;, con Fernando Genesir y grandes invitados, con el foco puesto en historias de progreso y desarrollo.<\/p>\n\n\n\n<p>A continuaci\u00f3n y hasta las 18.00 horas, &#8220;Viva la Radio&#8221;, con la conducci\u00f3n de Geo Monteagudo y Ra\u00fal Monti, combinar\u00e1 actualidad, entrevistas y entretenimiento.<\/p>\n\n\n\n<p>De 18.00 a 19.00 horas saldr\u00e1 al aire &#8220;La Cadena del Gol C\u00f3rdoba&#8221; y a su t\u00e9rmino y hasta las 19.30 horas &#8220;La Argentina Hoy&#8221;.<\/p>\n\n\n\n<p>Luego, de 19.30 a 20.30 horas ir\u00e1 &#8220;La Cadena del Gol Nacional&#8221; y a partir del 2 de marzo de 20.30 a 21.30 horas &#8220;Amamos Argentina&#8221;.<\/p>\n\n\n\n<p>El cierre de la jornada estar\u00e1 a cargo de &#8220;Turno Noche&#8221; de 21.30 a 24.00 horas.<\/p>\n\n\n\n<p>Fuente: <a href=\"http:\/\/www.cadena3.com\" data-type=\"link\" data-id=\"www.cadena3.com\" target=\"_blank\" rel=\"noreferrer noopener\">www.cadena3 com<\/a> | C\u00f3rdoba &#8211; C\u00f3rdoba | 23.02.26<\/p>\n\n\n\n<p><\/p>\n","protected":false},"excerpt":{"rendered":"<p>Cadena 3 vuelve este lunes 23 de febrero a su grilla de programaci\u00f3n habitual y suma propuestas que ampl\u00edan la oferta informativa y de entretenimiento durante toda la semana. La grilla de programaci\u00f3n renovada comenzar\u00e1 de 5.00 a 6.00 horas con &#8220;Noche y D\u00eda&#8221;, con Susana Buontempo. El eje informativo de la ma\u00f1ana continuar\u00e1 de &hellip; <a href=\"https:\/\/amplitudmodulada.com.ar\/index.php\/noticia14195\/\" class=\"more-link\">Continu\u00e1 leyendo <span class=\"screen-reader-text\">Cadena 3 vuelve este lunes a su programaci\u00f3n habitual<\/span><\/a><\/p>\n","protected":false},"author":1,"featured_media":0,"parent":0,"menu_order":0,"comment_status":"closed","ping_status":"closed","template":"","meta":{"footnotes":""},"class_list":["post-11134","page","type-page","status-publish","hentry"],"_links":{"self":[{"href":"https:\/\/amplitudmodulada.com.ar\/index.php\/wp-json\/wp\/v2\/pages\/11134","targetHints":{"allow":["GET"]}}],"collection":[{"href":"https:\/\/amplitudmodulada.com.ar\/index.php\/wp-json\/wp\/v2\/pages"}],"about":[{"href":"https:\/\/amplitudmodulada.com.ar\/index.php\/wp-json\/wp\/v2\/types\/page"}],"author":[{"embeddable":true,"href":"https:\/\/amplitudmodulada.com.ar\/index.php\/wp-json\/wp\/v2\/users\/1"}],"replies":[{"embeddable":true,"href":"https:\/\/amplitudmodulada.com.ar\/index.php\/wp-json\/wp\/v2\/comments?post=11134"}],"version-history":[{"count":4,"href":"https:\/\/amplitudmodulada.com.ar\/index.php\/wp-json\/wp\/v2\/pages\/11134\/revisions"}],"predecessor-version":[{"id":11141,"href":"https:\/\/amplitudmodulada.com.ar\/index.php\/wp-json\/wp\/v2\/pages\/11134\/revisions\/11141"}],"wp:attachment":[{"href":"https:\/\/amplitudmodulada.com.ar\/index.php\/wp-json\/wp\/v2\/media?parent=11134"}],"curies":[{"name":"wp","href":"https:\/\/api.w.org\/{rel}","templated":true}]}}