{"id":11169,"date":"2026-03-09T20:11:54","date_gmt":"2026-03-09T23:11:54","guid":{"rendered":"https:\/\/amplitudmodulada.com.ar\/?page_id=11169"},"modified":"2026-03-09T20:23:07","modified_gmt":"2026-03-09T23:23:07","slug":"noticia14199","status":"publish","type":"page","link":"https:\/\/amplitudmodulada.com.ar\/index.php\/noticia14199\/","title":{"rendered":"Muere el reconocido locutor de Mar del Plata Jorge Graci\u00e1n"},"content":{"rendered":"\n<figure class=\"wp-block-image size-full\"><img loading=\"lazy\" decoding=\"async\" width=\"180\" height=\"54\" src=\"http:\/\/amplitudmodulada.com.ar\/wp-content\/uploads\/2024\/08\/LU6-e1724534122659.png\" alt=\"\" class=\"wp-image-3190\"\/><\/figure>\n\n\n\n<p>A los 77 a\u00f1os de edad, falleci\u00f3 este mi\u00e9rcoles 25 de febrero Jorge Graci\u00e1n, hist\u00f3rico locutor de LU6 Radio Atl\u00e1ntica de Mar del Plata.<\/p>\n\n\n\n<p>Oriundo de Rojas, provincia de Buenos Aires, Jorge Graci\u00e1n tambi\u00e9n se desempe\u00f1\u00f3 como profesor de la carrera de locuci\u00f3n, labor a trav\u00e9s de la cual form\u00f3 a numerosas generaciones de profesionales que trabajan actualmente en medios de Mar del Plata.<\/p>\n\n\n\n<p>A fines de 2001, el C\u00edrculo de Periodistas Deportivos de Mar del Plata lo declar\u00f3 &#8220;socio de honor&#8221;, en el marco de los festejos por el D\u00eda del Periodista Deportivo.<\/p>\n\n\n\n<p>A lo largo de su extensa trayectoria, se destac\u00f3, adem\u00e1s, como presentador de espect\u00e1culos y conductor de fiestas de egresados en los grandes hoteles de Mar del Plata durante las d\u00e9cadas del 70 y 80.<\/p>\n\n\n\n<p>A partir de la d\u00e9cada del 90 condujo en Radio Atl\u00e1ntica los programas &#8220;Atl\u00e1ntica en Familia&#8221; y &#8220;S\u00e1bado 760&#8221; y su voz form\u00f3 parte de las transmisiones deportivas de esa emisora.<\/p>\n\n\n\n<p>Sus restos ser\u00e1n velados este jueves, de 9.00 a 13.00 horas, en la Cocher\u00eda Rold\u00e1n, ubicada en avenida Luro 4036.<\/p>\n\n\n\n<p>Fuente: <a href=\"http:\/\/www.0223.com.ar\" data-type=\"link\" data-id=\"www.0223.com.ar\" target=\"_blank\" rel=\"noreferrer noopener\">www.0223.com.ar<\/a> | Mar del Plata &#8211; Buenos Aires | 25.02.26<\/p>\n\n\n\n<p><\/p>\n","protected":false},"excerpt":{"rendered":"<p>A los 77 a\u00f1os de edad, falleci\u00f3 este mi\u00e9rcoles 25 de febrero Jorge Graci\u00e1n, hist\u00f3rico locutor de LU6 Radio Atl\u00e1ntica de Mar del Plata. Oriundo de Rojas, provincia de Buenos Aires, Jorge Graci\u00e1n tambi\u00e9n se desempe\u00f1\u00f3 como profesor de la carrera de locuci\u00f3n, labor a trav\u00e9s de la cual form\u00f3 a numerosas generaciones de profesionales &hellip; <a href=\"https:\/\/amplitudmodulada.com.ar\/index.php\/noticia14199\/\" class=\"more-link\">Continu\u00e1 leyendo <span class=\"screen-reader-text\">Muere el reconocido locutor de Mar del Plata Jorge Graci\u00e1n<\/span><\/a><\/p>\n","protected":false},"author":1,"featured_media":0,"parent":0,"menu_order":0,"comment_status":"closed","ping_status":"closed","template":"","meta":{"footnotes":""},"class_list":["post-11169","page","type-page","status-publish","hentry"],"_links":{"self":[{"href":"https:\/\/amplitudmodulada.com.ar\/index.php\/wp-json\/wp\/v2\/pages\/11169","targetHints":{"allow":["GET"]}}],"collection":[{"href":"https:\/\/amplitudmodulada.com.ar\/index.php\/wp-json\/wp\/v2\/pages"}],"about":[{"href":"https:\/\/amplitudmodulada.com.ar\/index.php\/wp-json\/wp\/v2\/types\/page"}],"author":[{"embeddable":true,"href":"https:\/\/amplitudmodulada.com.ar\/index.php\/wp-json\/wp\/v2\/users\/1"}],"replies":[{"embeddable":true,"href":"https:\/\/amplitudmodulada.com.ar\/index.php\/wp-json\/wp\/v2\/comments?post=11169"}],"version-history":[{"count":3,"href":"https:\/\/amplitudmodulada.com.ar\/index.php\/wp-json\/wp\/v2\/pages\/11169\/revisions"}],"predecessor-version":[{"id":11174,"href":"https:\/\/amplitudmodulada.com.ar\/index.php\/wp-json\/wp\/v2\/pages\/11169\/revisions\/11174"}],"wp:attachment":[{"href":"https:\/\/amplitudmodulada.com.ar\/index.php\/wp-json\/wp\/v2\/media?parent=11169"}],"curies":[{"name":"wp","href":"https:\/\/api.w.org\/{rel}","templated":true}]}}