{"id":11206,"date":"2026-03-14T10:23:38","date_gmt":"2026-03-14T13:23:38","guid":{"rendered":"https:\/\/amplitudmodulada.com.ar\/?page_id=11206"},"modified":"2026-03-14T10:49:27","modified_gmt":"2026-03-14T13:49:27","slug":"noticia14203","status":"publish","type":"page","link":"https:\/\/amplitudmodulada.com.ar\/index.php\/noticia14203\/","title":{"rendered":"Alejandro Dolina presentar\u00e1 &#8220;La Venganza Ser\u00e1 Terrible&#8221; en Avellaneda"},"content":{"rendered":"\n<figure class=\"wp-block-image size-full\"><img loading=\"lazy\" decoding=\"async\" width=\"201\" height=\"35\" src=\"http:\/\/amplitudmodulada.com.ar\/wp-content\/uploads\/2026\/01\/750-e1769720804706.png\" alt=\"\" class=\"wp-image-10798\"\/><\/figure>\n\n\n\n<p>El escritor y conductor radial Alejandro Dolina presentar\u00e1 el pr\u00f3ximo s\u00e1bado 14 de marzo a las 21.00 horas el programa &#8220;La Venganza Ser\u00e1 Terrible&#8221;, que se emite por LRL203 Radio 750, en el Teatro Roma de Avellaneda.<\/p>\n\n\n\n<p>Acompa\u00f1ado por Patricio Barton y Gillespie, Alejandro Dolina presentar\u00e1 en vivo su hist\u00f3rico ciclo radial, una mezcla de humor, arte, historia, mitolog\u00eda, ciencia y filosof\u00eda.<\/p>\n\n\n\n<p>Adem\u00e1s, el encuentro incluir\u00e1 m\u00fasica en directo a cargo del Tr\u00edo Sin Nombre, integrado por Alejandro Dolina, Manuel Moreira y Mart\u00edn Dolina, quienes improvisan, cantan y tocan en escena.<\/p>\n\n\n\n<p>El valor de la entrada es de veinte mil pesos y las mismas pueden ser adquiridas en las boleter\u00edas del teatro y a trav\u00e9s de Plateanet.<\/p>\n\n\n\n<p>El programa &#8220;La Venganza Ser\u00e1 Terrible&#8221; se emite habitualmente de martes a s\u00e1bados de 0.00 a 2.00 horas.<\/p>\n\n\n\n<p>Fuente: <a href=\"http:\/\/www.diariolaciudadavellaneda.com.ar\" data-type=\"link\" data-id=\"www.diariolaciudadavellaneda.com.ar\" target=\"_blank\" rel=\"noreferrer noopener\">www.diariolaciudadavellaneda.com.ar<\/a> | Avellaneda &#8211; Buenos Aires | 26.02.26<\/p>\n\n\n\n<p><\/p>\n","protected":false},"excerpt":{"rendered":"<p>El escritor y conductor radial Alejandro Dolina presentar\u00e1 el pr\u00f3ximo s\u00e1bado 14 de marzo a las 21.00 horas el programa &#8220;La Venganza Ser\u00e1 Terrible&#8221;, que se emite por LRL203 Radio 750, en el Teatro Roma de Avellaneda. Acompa\u00f1ado por Patricio Barton y Gillespie, Alejandro Dolina presentar\u00e1 en vivo su hist\u00f3rico ciclo radial, una mezcla de &hellip; <a href=\"https:\/\/amplitudmodulada.com.ar\/index.php\/noticia14203\/\" class=\"more-link\">Continu\u00e1 leyendo <span class=\"screen-reader-text\">Alejandro Dolina presentar\u00e1 &#8220;La Venganza Ser\u00e1 Terrible&#8221; en Avellaneda<\/span><\/a><\/p>\n","protected":false},"author":1,"featured_media":0,"parent":0,"menu_order":0,"comment_status":"closed","ping_status":"closed","template":"","meta":{"footnotes":""},"class_list":["post-11206","page","type-page","status-publish","hentry"],"_links":{"self":[{"href":"https:\/\/amplitudmodulada.com.ar\/index.php\/wp-json\/wp\/v2\/pages\/11206","targetHints":{"allow":["GET"]}}],"collection":[{"href":"https:\/\/amplitudmodulada.com.ar\/index.php\/wp-json\/wp\/v2\/pages"}],"about":[{"href":"https:\/\/amplitudmodulada.com.ar\/index.php\/wp-json\/wp\/v2\/types\/page"}],"author":[{"embeddable":true,"href":"https:\/\/amplitudmodulada.com.ar\/index.php\/wp-json\/wp\/v2\/users\/1"}],"replies":[{"embeddable":true,"href":"https:\/\/amplitudmodulada.com.ar\/index.php\/wp-json\/wp\/v2\/comments?post=11206"}],"version-history":[{"count":3,"href":"https:\/\/amplitudmodulada.com.ar\/index.php\/wp-json\/wp\/v2\/pages\/11206\/revisions"}],"predecessor-version":[{"id":11211,"href":"https:\/\/amplitudmodulada.com.ar\/index.php\/wp-json\/wp\/v2\/pages\/11206\/revisions\/11211"}],"wp:attachment":[{"href":"https:\/\/amplitudmodulada.com.ar\/index.php\/wp-json\/wp\/v2\/media?parent=11206"}],"curies":[{"name":"wp","href":"https:\/\/api.w.org\/{rel}","templated":true}]}}

Alejandro Dolina presentará &#8220;La Venganza Será Terrible&#8221; en Avellaneda

<figure class="wp-block-image size-full"><img loading="lazy" decoding="async" width="201" height="35" src="http://amplitudmodulada.com.ar/wp-content/uploads/2026/01/750-e1769720804706.png" alt="" class="wp-image-10798"/></figure>



<p>El escritor y conductor radial Alejandro Dolina presentará el próximo sábado 14 de marzo a las 21.00 horas el programa &#8220;La Venganza Será Terrible&#8221;, que se emite por LRL203 Radio 750, en el Teatro Roma de Avellaneda.</p>



<p>Acompañado por Patricio Barton y Gillespie, Alejandro Dolina presentará en vivo su histórico ciclo radial, una mezcla de humor, arte, historia, mitología, ciencia y filosofía.</p>



<p>Además, el encuentro incluirá música en directo a cargo del Trío Sin Nombre, integrado por Alejandro Dolina, Manuel Moreira y Martín Dolina, quienes improvisan, cantan y tocan en escena.</p>



<p>El valor de la entrada es de veinte mil pesos y las mismas pueden ser adquiridas en las boleterías del teatro y a través de Plateanet.</p>



<p>El programa &#8220;La Venganza Será Terrible&#8221; se emite habitualmente de martes a sábados de 0.00 a 2.00 horas.</p>



<p>Fuente: <a href="http://www.diariolaciudadavellaneda.com.ar" data-type="link" data-id="www.diariolaciudadavellaneda.com.ar" target="_blank" rel="noreferrer noopener">www.diariolaciudadavellaneda.com.ar</a> | Avellaneda &#8211; Buenos Aires | 26.02.26</p>



<p></p>

<p>El escritor y conductor radial Alejandro Dolina presentará el próximo sábado 14 de marzo a las 21.00 horas el programa &#8220;La Venganza Será Terrible&#8221;, que se emite por LRL203 Radio 750, en el Teatro Roma de Avellaneda. Acompañado por Patricio Barton y Gillespie, Alejandro Dolina presentará en vivo su histórico ciclo radial, una mezcla de &hellip; <a href="https://amplitudmodulada.com.ar/index.php/noticia14203/" class="more-link">Continuá leyendo <span class="screen-reader-text">Alejandro Dolina presentará &#8220;La Venganza Será Terrible&#8221; en Avellaneda</span></a></p>
