{"id":11237,"date":"2026-03-15T11:04:43","date_gmt":"2026-03-15T14:04:43","guid":{"rendered":"https:\/\/amplitudmodulada.com.ar\/?page_id=11237"},"modified":"2026-03-15T11:14:57","modified_gmt":"2026-03-15T14:14:57","slug":"noticia14207","status":"publish","type":"page","link":"https:\/\/amplitudmodulada.com.ar\/index.php\/noticia14207\/","title":{"rendered":"Juan Pablo Luque rechaz\u00f3 el recorte de la programaci\u00f3n local de LRA9 Radio Nacional Esquel"},"content":{"rendered":"\n<figure class=\"wp-block-image size-full\"><img loading=\"lazy\" decoding=\"async\" width=\"110\" height=\"110\" src=\"http:\/\/amplitudmodulada.com.ar\/wp-content\/uploads\/2024\/10\/LRA-e1728000015658.jpg\" alt=\"\" class=\"wp-image-4179\"\/><\/figure>\n\n\n\n<p>El diputado nacional Juan Pablo Luque carg\u00f3 con dureza contra el gobierno nacional por el nuevo recorte en la programaci\u00f3n local de LRA9 Radio Nacional Esquel.<\/p>\n\n\n\n<p>&#8220;Nuevamente el gobierno nacional atenta contra las diferentes emisoras que Radio Nacional tiene en la provincia del Chubut, afectando fuertemente el car\u00e1cter federal que la radio p\u00fablica tuvo hist\u00f3ricamente&#8221;, se\u00f1al\u00f3 el legislador.<\/p>\n\n\n\n<p>En ese sentido, el diputado justicialista asegur\u00f3 que &#8220;sostener las emisoras que han sido parte de la construcci\u00f3n social, cultural e identitaria de nuestra provincia no implica un desequilibrio en las cuentas del Estado, por lo que claramente el objetivo es otro&#8221;.<\/p>\n\n\n\n<p>Juan Pablo Luque advirti\u00f3 que estas medidas buscan &#8220;limitar opiniones, cercenar voces y condicionar a las audiencias en plena democracia&#8221; y representan &#8220;no solo un fuerte retroceso a la libertad de expresi\u00f3n, sino tambi\u00e9n un desgaste a la democracia que sostenemos hace m\u00e1s de cuarenta a\u00f1os en nuestro pa\u00eds&#8221;.<\/p>\n\n\n\n<p>D\u00edas atr\u00e1s, trabajadores de Radio Nacional Esquel emitieron un comunicado en el que rechazaron el nuevo recorte en la programaci\u00f3n local que la emisora p\u00fabica sufrir\u00e1 a partir de este lunes 2 de marzo.<\/p>\n\n\n\n<p>Fuente: <a href=\"http:\/\/www.elcomodorense.net\" data-type=\"link\" data-id=\"www.elcomodorense.net\" target=\"_blank\" rel=\"noreferrer noopener\">www.elcomodorense.net<\/a> | Comodoro Rivadavia &#8211; Chubut | 02.03.26<\/p>\n\n\n\n<p><\/p>\n","protected":false},"excerpt":{"rendered":"<p>El diputado nacional Juan Pablo Luque carg\u00f3 con dureza contra el gobierno nacional por el nuevo recorte en la programaci\u00f3n local de LRA9 Radio Nacional Esquel. &#8220;Nuevamente el gobierno nacional atenta contra las diferentes emisoras que Radio Nacional tiene en la provincia del Chubut, afectando fuertemente el car\u00e1cter federal que la radio p\u00fablica tuvo hist\u00f3ricamente&#8221;, &hellip; <a href=\"https:\/\/amplitudmodulada.com.ar\/index.php\/noticia14207\/\" class=\"more-link\">Continu\u00e1 leyendo <span class=\"screen-reader-text\">Juan Pablo Luque rechaz\u00f3 el recorte de la programaci\u00f3n local de LRA9 Radio Nacional Esquel<\/span><\/a><\/p>\n","protected":false},"author":1,"featured_media":0,"parent":0,"menu_order":0,"comment_status":"closed","ping_status":"closed","template":"","meta":{"footnotes":""},"class_list":["post-11237","page","type-page","status-publish","hentry"],"_links":{"self":[{"href":"https:\/\/amplitudmodulada.com.ar\/index.php\/wp-json\/wp\/v2\/pages\/11237","targetHints":{"allow":["GET"]}}],"collection":[{"href":"https:\/\/amplitudmodulada.com.ar\/index.php\/wp-json\/wp\/v2\/pages"}],"about":[{"href":"https:\/\/amplitudmodulada.com.ar\/index.php\/wp-json\/wp\/v2\/types\/page"}],"author":[{"embeddable":true,"href":"https:\/\/amplitudmodulada.com.ar\/index.php\/wp-json\/wp\/v2\/users\/1"}],"replies":[{"embeddable":true,"href":"https:\/\/amplitudmodulada.com.ar\/index.php\/wp-json\/wp\/v2\/comments?post=11237"}],"version-history":[{"count":2,"href":"https:\/\/amplitudmodulada.com.ar\/index.php\/wp-json\/wp\/v2\/pages\/11237\/revisions"}],"predecessor-version":[{"id":11240,"href":"https:\/\/amplitudmodulada.com.ar\/index.php\/wp-json\/wp\/v2\/pages\/11237\/revisions\/11240"}],"wp:attachment":[{"href":"https:\/\/amplitudmodulada.com.ar\/index.php\/wp-json\/wp\/v2\/media?parent=11237"}],"curies":[{"name":"wp","href":"https:\/\/api.w.org\/{rel}","templated":true}]}}