{"id":11244,"date":"2026-03-15T11:21:55","date_gmt":"2026-03-15T14:21:55","guid":{"rendered":"https:\/\/amplitudmodulada.com.ar\/?page_id=11244"},"modified":"2026-03-15T11:31:51","modified_gmt":"2026-03-15T14:31:51","slug":"noticia14208","status":"publish","type":"page","link":"https:\/\/amplitudmodulada.com.ar\/index.php\/noticia14208\/","title":{"rendered":"Arranca este lunes la nueva programaci\u00f3n de LW8 AM 630"},"content":{"rendered":"\n<figure class=\"wp-block-image size-full\"><img loading=\"lazy\" decoding=\"async\" width=\"102\" height=\"80\" src=\"http:\/\/amplitudmodulada.com.ar\/wp-content\/uploads\/2024\/01\/LW8-e1705421653931.png\" alt=\"\" class=\"wp-image-313\"\/><\/figure>\n\n\n\n<p>Con la apuesta renovada a la informaci\u00f3n y el entretenimiento, arranca este lunes 2 de marzo la nueva programaci\u00f3n de LW8 AM 630 de San Salvador de Jujuy.<\/p>\n\n\n\n<p>Desde las 7.00 horas, Claudia Figueroa, Carlos Lara y Josefina Chumacero estar\u00e1n a cargo de &#8220;Despertar 630&#8221;, con m\u00f3viles, informaci\u00f3n y entrevistas.<\/p>\n\n\n\n<p>A continuaci\u00f3n, a partir de las 10.00 horas &#8220;La Mejor Ma\u00f1ana&#8221; seguir\u00e1 siendo el espacio para las noticias, el entretenimiento y el buen humor.<\/p>\n\n\n\n<p>A las 13.00 horas, &#8220;Noticias Primera Edici\u00f3n&#8221;, ser\u00e1 la cita obligada para la informaci\u00f3n relevante de la jornada.<\/p>\n\n\n\n<p>A partir de las 14.00 horas, Silvia Vela, Bel\u00e9n C\u00f3rdoba y H\u00e9ctor L\u00f3pez conducir\u00e1n &#8220;Deportes 630&#8221;.<\/p>\n\n\n\n<p>En tanto que desde las 15.00 horas, Cristian Mamani, Agustina Mart\u00ednez y Mart\u00edn Ponce acompa\u00f1ar\u00e1n a los oyentes durante la tarde con &#8220;Somos 630&#8221;.<\/p>\n\n\n\n<p>Asimismo, los fines de semana AM 630 pondr\u00e1 al aire los ciclos &#8220;Senderos de Tradici\u00f3n&#8221;, &#8220;La Revista Folcl\u00f3rica&#8221;, &#8220;Como Viviendo en Casa&#8221; y &#8220;Se Arm\u00f3 la Gorda&#8221;, entre otros.<\/p>\n\n\n\n<p>Fuente: <a href=\"http:\/\/www.somosjujuy.com.ar\" data-type=\"link\" data-id=\"www.somosjujuy.com.ar\" target=\"_blank\" rel=\"noreferrer noopener\">www.somosjujuy.com.ar<\/a> | San Salvador de Jujuy &#8211; Jujuy | 02.03.26<\/p>\n\n\n\n<p><\/p>\n","protected":false},"excerpt":{"rendered":"<p>Con la apuesta renovada a la informaci\u00f3n y el entretenimiento, arranca este lunes 2 de marzo la nueva programaci\u00f3n de LW8 AM 630 de San Salvador de Jujuy. Desde las 7.00 horas, Claudia Figueroa, Carlos Lara y Josefina Chumacero estar\u00e1n a cargo de &#8220;Despertar 630&#8221;, con m\u00f3viles, informaci\u00f3n y entrevistas. A continuaci\u00f3n, a partir de &hellip; <a href=\"https:\/\/amplitudmodulada.com.ar\/index.php\/noticia14208\/\" class=\"more-link\">Continu\u00e1 leyendo <span class=\"screen-reader-text\">Arranca este lunes la nueva programaci\u00f3n de LW8 AM 630<\/span><\/a><\/p>\n","protected":false},"author":1,"featured_media":0,"parent":0,"menu_order":0,"comment_status":"closed","ping_status":"closed","template":"","meta":{"footnotes":""},"class_list":["post-11244","page","type-page","status-publish","hentry"],"_links":{"self":[{"href":"https:\/\/amplitudmodulada.com.ar\/index.php\/wp-json\/wp\/v2\/pages\/11244","targetHints":{"allow":["GET"]}}],"collection":[{"href":"https:\/\/amplitudmodulada.com.ar\/index.php\/wp-json\/wp\/v2\/pages"}],"about":[{"href":"https:\/\/amplitudmodulada.com.ar\/index.php\/wp-json\/wp\/v2\/types\/page"}],"author":[{"embeddable":true,"href":"https:\/\/amplitudmodulada.com.ar\/index.php\/wp-json\/wp\/v2\/users\/1"}],"replies":[{"embeddable":true,"href":"https:\/\/amplitudmodulada.com.ar\/index.php\/wp-json\/wp\/v2\/comments?post=11244"}],"version-history":[{"count":2,"href":"https:\/\/amplitudmodulada.com.ar\/index.php\/wp-json\/wp\/v2\/pages\/11244\/revisions"}],"predecessor-version":[{"id":11247,"href":"https:\/\/amplitudmodulada.com.ar\/index.php\/wp-json\/wp\/v2\/pages\/11244\/revisions\/11247"}],"wp:attachment":[{"href":"https:\/\/amplitudmodulada.com.ar\/index.php\/wp-json\/wp\/v2\/media?parent=11244"}],"curies":[{"name":"wp","href":"https:\/\/api.w.org\/{rel}","templated":true}]}}

Arranca este lunes la nueva programación de LW8 AM 630

<figure class="wp-block-image size-full"><img loading="lazy" decoding="async" width="102" height="80" src="http://amplitudmodulada.com.ar/wp-content/uploads/2024/01/LW8-e1705421653931.png" alt="" class="wp-image-313"/></figure>



<p>Con la apuesta renovada a la información y el entretenimiento, arranca este lunes 2 de marzo la nueva programación de LW8 AM 630 de San Salvador de Jujuy.</p>



<p>Desde las 7.00 horas, Claudia Figueroa, Carlos Lara y Josefina Chumacero estarán a cargo de &#8220;Despertar 630&#8221;, con móviles, información y entrevistas.</p>



<p>A continuación, a partir de las 10.00 horas &#8220;La Mejor Mañana&#8221; seguirá siendo el espacio para las noticias, el entretenimiento y el buen humor.</p>



<p>A las 13.00 horas, &#8220;Noticias Primera Edición&#8221;, será la cita obligada para la información relevante de la jornada.</p>



<p>A partir de las 14.00 horas, Silvia Vela, Belén Córdoba y Héctor López conducirán &#8220;Deportes 630&#8221;.</p>



<p>En tanto que desde las 15.00 horas, Cristian Mamani, Agustina Martínez y Martín Ponce acompañarán a los oyentes durante la tarde con &#8220;Somos 630&#8221;.</p>



<p>Asimismo, los fines de semana AM 630 pondrá al aire los ciclos &#8220;Senderos de Tradición&#8221;, &#8220;La Revista Folclórica&#8221;, &#8220;Como Viviendo en Casa&#8221; y &#8220;Se Armó la Gorda&#8221;, entre otros.</p>



<p>Fuente: <a href="http://www.somosjujuy.com.ar" data-type="link" data-id="www.somosjujuy.com.ar" target="_blank" rel="noreferrer noopener">www.somosjujuy.com.ar</a> | San Salvador de Jujuy &#8211; Jujuy | 02.03.26</p>



<p></p>

<p>Con la apuesta renovada a la información y el entretenimiento, arranca este lunes 2 de marzo la nueva programación de LW8 AM 630 de San Salvador de Jujuy. Desde las 7.00 horas, Claudia Figueroa, Carlos Lara y Josefina Chumacero estarán a cargo de &#8220;Despertar 630&#8221;, con móviles, información y entrevistas. A continuación, a partir de &hellip; <a href="https://amplitudmodulada.com.ar/index.php/noticia14208/" class="more-link">Continuá leyendo <span class="screen-reader-text">Arranca este lunes la nueva programación de LW8 AM 630</span></a></p>
