{"id":11250,"date":"2026-03-15T12:57:03","date_gmt":"2026-03-15T15:57:03","guid":{"rendered":"https:\/\/amplitudmodulada.com.ar\/?page_id=11250"},"modified":"2026-03-15T13:07:53","modified_gmt":"2026-03-15T16:07:53","slug":"noticia14209","status":"publish","type":"page","link":"https:\/\/amplitudmodulada.com.ar\/index.php\/noticia14209\/","title":{"rendered":"LT10 Radio Universidad pone al aire su nueva grilla de programaci\u00f3n"},"content":{"rendered":"\n<figure class=\"wp-block-image size-full\"><img loading=\"lazy\" decoding=\"async\" width=\"128\" height=\"60\" src=\"http:\/\/amplitudmodulada.com.ar\/wp-content\/uploads\/2024\/04\/LT10-e1712419823316.png\" alt=\"\" class=\"wp-image-1573\"\/><\/figure>\n\n\n\n<p>Con las voces de siempre y la incorporaci\u00f3n de nuevos periodistas, LT10 Radio Universidad Nacional del Litoral pondr\u00e1 en el aire a partir de la pr\u00f3xima semana su nueva grilla de programaci\u00f3n.<\/p>\n\n\n\n<p>La grilla de programaci\u00f3n que emitir\u00e1 Radio Universidad de lunes a viernes ser\u00e1 la siguiente:<\/p>\n\n\n\n<p>\u00b7 De 5.00 a 6.00 horas: &#8220;El Club de las 5&#8221;.<\/p>\n\n\n\n<p>\u00b7 De 6.00 a 9.00 horas: &#8220;Que Quede Claro&#8221;, con Carlos Cl\u00e1a.<\/p>\n\n\n\n<p>\u00b7 De 9.00 a 13.00 horas: &#8220;Radio Sapiens&#8221;, con Guillermo Tepper.<\/p>\n\n\n\n<p>\u00b7 De 13.00 a 14.00 horas&#8221; &#8220;Diez en Deportes&#8221;, con Fabi\u00e1n Mazzi.<\/p>\n\n\n\n<p>\u00b7 De 14.00 a 16.00 horas: &#8220;Ah\u00ed Vamos&#8221;, con Fabi\u00e1n Delfino.<\/p>\n\n\n\n<p>\u00b7 De 16.00 a 18.00 horas: &#8220;Al Derecho y al Rev\u00e9s&#8221;, con Andrea Sc\u00e1ndolo.<\/p>\n\n\n\n<p>\u00b7 De 18.00 a 19.00 horas: &#8220;Diez en Deportes&#8221;, con Lautaro Falc\u00f3n.<\/p>\n\n\n\n<p>\u00b7 De 19.00 a 20.00 horas: &#8220;Algo Pas\u00f3&#8221;.<\/p>\n\n\n\n<p>Fuente: <a href=\"http:\/\/www.unl.edu.ar\" data-type=\"link\" data-id=\"www.unl.edu.ar\" target=\"_blank\" rel=\"noreferrer noopener\">www.unl.edu.ar<\/a> | Santa Fe &#8211; Santa Fe | 02.03.26<\/p>\n\n\n\n<p><\/p>\n","protected":false},"excerpt":{"rendered":"<p>Con las voces de siempre y la incorporaci\u00f3n de nuevos periodistas, LT10 Radio Universidad Nacional del Litoral pondr\u00e1 en el aire a partir de la pr\u00f3xima semana su nueva grilla de programaci\u00f3n. La grilla de programaci\u00f3n que emitir\u00e1 Radio Universidad de lunes a viernes ser\u00e1 la siguiente: \u00b7 De 5.00 a 6.00 horas: &#8220;El Club &hellip; <a href=\"https:\/\/amplitudmodulada.com.ar\/index.php\/noticia14209\/\" class=\"more-link\">Continu\u00e1 leyendo <span class=\"screen-reader-text\">LT10 Radio Universidad pone al aire su nueva grilla de programaci\u00f3n<\/span><\/a><\/p>\n","protected":false},"author":1,"featured_media":0,"parent":0,"menu_order":0,"comment_status":"closed","ping_status":"closed","template":"","meta":{"footnotes":""},"class_list":["post-11250","page","type-page","status-publish","hentry"],"_links":{"self":[{"href":"https:\/\/amplitudmodulada.com.ar\/index.php\/wp-json\/wp\/v2\/pages\/11250","targetHints":{"allow":["GET"]}}],"collection":[{"href":"https:\/\/amplitudmodulada.com.ar\/index.php\/wp-json\/wp\/v2\/pages"}],"about":[{"href":"https:\/\/amplitudmodulada.com.ar\/index.php\/wp-json\/wp\/v2\/types\/page"}],"author":[{"embeddable":true,"href":"https:\/\/amplitudmodulada.com.ar\/index.php\/wp-json\/wp\/v2\/users\/1"}],"replies":[{"embeddable":true,"href":"https:\/\/amplitudmodulada.com.ar\/index.php\/wp-json\/wp\/v2\/comments?post=11250"}],"version-history":[{"count":2,"href":"https:\/\/amplitudmodulada.com.ar\/index.php\/wp-json\/wp\/v2\/pages\/11250\/revisions"}],"predecessor-version":[{"id":11253,"href":"https:\/\/amplitudmodulada.com.ar\/index.php\/wp-json\/wp\/v2\/pages\/11250\/revisions\/11253"}],"wp:attachment":[{"href":"https:\/\/amplitudmodulada.com.ar\/index.php\/wp-json\/wp\/v2\/media?parent=11250"}],"curies":[{"name":"wp","href":"https:\/\/api.w.org\/{rel}","templated":true}]}}

LT10 Radio Universidad pone al aire su nueva grilla de programación

<figure class="wp-block-image size-full"><img loading="lazy" decoding="async" width="128" height="60" src="http://amplitudmodulada.com.ar/wp-content/uploads/2024/04/LT10-e1712419823316.png" alt="" class="wp-image-1573"/></figure>



<p>Con las voces de siempre y la incorporación de nuevos periodistas, LT10 Radio Universidad Nacional del Litoral pondrá en el aire a partir de la próxima semana su nueva grilla de programación.</p>



<p>La grilla de programación que emitirá Radio Universidad de lunes a viernes será la siguiente:</p>



<p>· De 5.00 a 6.00 horas: &#8220;El Club de las 5&#8221;.</p>



<p>· De 6.00 a 9.00 horas: &#8220;Que Quede Claro&#8221;, con Carlos Cláa.</p>



<p>· De 9.00 a 13.00 horas: &#8220;Radio Sapiens&#8221;, con Guillermo Tepper.</p>



<p>· De 13.00 a 14.00 horas&#8221; &#8220;Diez en Deportes&#8221;, con Fabián Mazzi.</p>



<p>· De 14.00 a 16.00 horas: &#8220;Ahí Vamos&#8221;, con Fabián Delfino.</p>



<p>· De 16.00 a 18.00 horas: &#8220;Al Derecho y al Revés&#8221;, con Andrea Scándolo.</p>



<p>· De 18.00 a 19.00 horas: &#8220;Diez en Deportes&#8221;, con Lautaro Falcón.</p>



<p>· De 19.00 a 20.00 horas: &#8220;Algo Pasó&#8221;.</p>



<p>Fuente: <a href="http://www.unl.edu.ar" data-type="link" data-id="www.unl.edu.ar" target="_blank" rel="noreferrer noopener">www.unl.edu.ar</a> | Santa Fe &#8211; Santa Fe | 02.03.26</p>



<p></p>

<p>Con las voces de siempre y la incorporación de nuevos periodistas, LT10 Radio Universidad Nacional del Litoral pondrá en el aire a partir de la próxima semana su nueva grilla de programación. La grilla de programación que emitirá Radio Universidad de lunes a viernes será la siguiente: · De 5.00 a 6.00 horas: &#8220;El Club &hellip; <a href="https://amplitudmodulada.com.ar/index.php/noticia14209/" class="more-link">Continuá leyendo <span class="screen-reader-text">LT10 Radio Universidad pone al aire su nueva grilla de programación</span></a></p>
