{"id":11256,"date":"2026-03-15T20:37:05","date_gmt":"2026-03-15T23:37:05","guid":{"rendered":"https:\/\/amplitudmodulada.com.ar\/?page_id=11256"},"modified":"2026-03-15T20:50:08","modified_gmt":"2026-03-15T23:50:08","slug":"noticia14210","status":"publish","type":"page","link":"https:\/\/amplitudmodulada.com.ar\/index.php\/noticia14210\/","title":{"rendered":"Se cumplieron cincuenta y seis a\u00f1os de la primera emisi\u00f3n de Radio Del Plata"},"content":{"rendered":"\n<figure class=\"wp-block-image size-full\"><img loading=\"lazy\" decoding=\"async\" width=\"179\" height=\"74\" src=\"http:\/\/amplitudmodulada.com.ar\/wp-content\/uploads\/2026\/03\/1030a-e1773617859670.png\" alt=\"\" class=\"wp-image-11258\"\/><\/figure>\n\n\n\n<p>Se cumpli\u00f3 este domingo 1 de marzo cincuenta y seis a\u00f1os de la primera emisi\u00f3n de LS10 Radio Del Plata.<\/p>\n\n\n\n<p>Radio Del Plata comenz\u00f3 a transmitir en 1970 desde sus hist\u00f3ricos estudios ubicados en avenida Santa Fe 2043, bajo la licencia que pertenec\u00eda a Radio Libertad, antes Radio Callao y Radio Casa Am\u00e9rica, adjudicada entonces por el Estado Nacional a Radiodifusora del Plata S.A.<\/p>\n\n\n\n<p>A lo largo de estos cincuenta y seis a\u00f1os por sus micr\u00f3fonos pasaron Pedro An\u00edbal Mansilla, Juan Alberto Bad\u00eda, Graciela Mancuso, Lalo Mir, Elizabeth Vernaci, Nelson Castro, Fernando Bravo, Carlos Rodari, Oscar Gonz\u00e1lez Oro, Adri\u00e1n Paenza y Anselmo Marini, entre muchos otros.<\/p>\n\n\n\n<p>El 25 de noviembre de 2025 la Justicia declar\u00f3 la quiebra de Radiodifusora del Plata S.A.<\/p>\n\n\n\n<p>Desde entonces, la emisora permanece al aire bajo la tutela judicial.<\/p>\n\n\n\n<p>02.03.26<\/p>\n\n\n\n<p><\/p>\n","protected":false},"excerpt":{"rendered":"<p>Se cumpli\u00f3 este domingo 1 de marzo cincuenta y seis a\u00f1os de la primera emisi\u00f3n de LS10 Radio Del Plata. Radio Del Plata comenz\u00f3 a transmitir en 1970 desde sus hist\u00f3ricos estudios ubicados en avenida Santa Fe 2043, bajo la licencia que pertenec\u00eda a Radio Libertad, antes Radio Callao y Radio Casa Am\u00e9rica, adjudicada entonces &hellip; <a href=\"https:\/\/amplitudmodulada.com.ar\/index.php\/noticia14210\/\" class=\"more-link\">Continu\u00e1 leyendo <span class=\"screen-reader-text\">Se cumplieron cincuenta y seis a\u00f1os de la primera emisi\u00f3n de Radio Del Plata<\/span><\/a><\/p>\n","protected":false},"author":1,"featured_media":0,"parent":0,"menu_order":0,"comment_status":"closed","ping_status":"closed","template":"","meta":{"footnotes":""},"class_list":["post-11256","page","type-page","status-publish","hentry"],"_links":{"self":[{"href":"https:\/\/amplitudmodulada.com.ar\/index.php\/wp-json\/wp\/v2\/pages\/11256","targetHints":{"allow":["GET"]}}],"collection":[{"href":"https:\/\/amplitudmodulada.com.ar\/index.php\/wp-json\/wp\/v2\/pages"}],"about":[{"href":"https:\/\/amplitudmodulada.com.ar\/index.php\/wp-json\/wp\/v2\/types\/page"}],"author":[{"embeddable":true,"href":"https:\/\/amplitudmodulada.com.ar\/index.php\/wp-json\/wp\/v2\/users\/1"}],"replies":[{"embeddable":true,"href":"https:\/\/amplitudmodulada.com.ar\/index.php\/wp-json\/wp\/v2\/comments?post=11256"}],"version-history":[{"count":2,"href":"https:\/\/amplitudmodulada.com.ar\/index.php\/wp-json\/wp\/v2\/pages\/11256\/revisions"}],"predecessor-version":[{"id":11260,"href":"https:\/\/amplitudmodulada.com.ar\/index.php\/wp-json\/wp\/v2\/pages\/11256\/revisions\/11260"}],"wp:attachment":[{"href":"https:\/\/amplitudmodulada.com.ar\/index.php\/wp-json\/wp\/v2\/media?parent=11256"}],"curies":[{"name":"wp","href":"https:\/\/api.w.org\/{rel}","templated":true}]}}