{"id":11263,"date":"2026-03-16T08:09:46","date_gmt":"2026-03-16T11:09:46","guid":{"rendered":"https:\/\/amplitudmodulada.com.ar\/?page_id=11263"},"modified":"2026-03-16T08:23:37","modified_gmt":"2026-03-16T11:23:37","slug":"noticia14211","status":"publish","type":"page","link":"https:\/\/amplitudmodulada.com.ar\/index.php\/noticia14211\/","title":{"rendered":"AM 650 Somos Argentina present\u00f3 su nueva grilla de programaci\u00f3n"},"content":{"rendered":"\n<figure class=\"wp-block-image size-full\"><img loading=\"lazy\" decoding=\"async\" width=\"180\" height=\"54\" src=\"http:\/\/amplitudmodulada.com.ar\/wp-content\/uploads\/2026\/02\/650-e1772135335258.png\" alt=\"\" class=\"wp-image-11073\"\/><\/figure>\n\n\n\n<p>A trav\u00e9s de las redes sociales. AM 650 Somos Argentina present\u00f3 este lunes su nueva grilla de programaci\u00f3n, que incluye distintos ciclos informativos y deportivos.<\/p>\n\n\n\n<p>La nueva grilla de programaci\u00f3n de AM 650 Somos Argentina de lunes a viernes ser\u00e1 la siguiente:<\/p>\n\n\n\n<p>De 6.00 a 7.00 horas: &#8220;Buenos D\u00edas Argentina&#8221;, con Ver\u00f3nica P\u00e9rez Guidek.<\/p>\n\n\n\n<p>De 7.00 a 10.00 horas: &#8220;Punto de Partida&#8221;, con Fernando Alonso.<\/p>\n\n\n\n<p>De 10.00 a 12.00 horas: &#8220;Somos Argentina&#8221;, con Ursula Vargues.<\/p>\n\n\n\n<p>De 12.00 a 14.00 horas: &#8220;O\u00edd Mortales&#8221;, con Josefina Pouso.<\/p>\n\n\n\n<p>De 14.00 a 16.00 horas: &#8220;Hagamos Ruido&#8221;, con Mat\u00edas Aromi.<\/p>\n\n\n\n<p>De 16.00 a 18.00 horas: &#8220;Nunca es Tarde&#8221;, con Luciana Esp\u00edndola.<\/p>\n\n\n\n<p>De 18.00 a 19.00 horas: &#8220;F\u00fatbol 650&#8221;.<\/p>\n\n\n\n<p>De 19.00 a 21.00 horas: &#8220;El Ascenso por 3&#8221;, con Daniel Cascioli.<\/p>\n\n\n\n<p>02.03.26<\/p>\n","protected":false},"excerpt":{"rendered":"<p>A trav\u00e9s de las redes sociales. AM 650 Somos Argentina present\u00f3 este lunes su nueva grilla de programaci\u00f3n, que incluye distintos ciclos informativos y deportivos. La nueva grilla de programaci\u00f3n de AM 650 Somos Argentina de lunes a viernes ser\u00e1 la siguiente: De 6.00 a 7.00 horas: &#8220;Buenos D\u00edas Argentina&#8221;, con Ver\u00f3nica P\u00e9rez Guidek. De &hellip; <a href=\"https:\/\/amplitudmodulada.com.ar\/index.php\/noticia14211\/\" class=\"more-link\">Continu\u00e1 leyendo <span class=\"screen-reader-text\">AM 650 Somos Argentina present\u00f3 su nueva grilla de programaci\u00f3n<\/span><\/a><\/p>\n","protected":false},"author":1,"featured_media":0,"parent":0,"menu_order":0,"comment_status":"closed","ping_status":"closed","template":"","meta":{"footnotes":""},"class_list":["post-11263","page","type-page","status-publish","hentry"],"_links":{"self":[{"href":"https:\/\/amplitudmodulada.com.ar\/index.php\/wp-json\/wp\/v2\/pages\/11263","targetHints":{"allow":["GET"]}}],"collection":[{"href":"https:\/\/amplitudmodulada.com.ar\/index.php\/wp-json\/wp\/v2\/pages"}],"about":[{"href":"https:\/\/amplitudmodulada.com.ar\/index.php\/wp-json\/wp\/v2\/types\/page"}],"author":[{"embeddable":true,"href":"https:\/\/amplitudmodulada.com.ar\/index.php\/wp-json\/wp\/v2\/users\/1"}],"replies":[{"embeddable":true,"href":"https:\/\/amplitudmodulada.com.ar\/index.php\/wp-json\/wp\/v2\/comments?post=11263"}],"version-history":[{"count":3,"href":"https:\/\/amplitudmodulada.com.ar\/index.php\/wp-json\/wp\/v2\/pages\/11263\/revisions"}],"predecessor-version":[{"id":11268,"href":"https:\/\/amplitudmodulada.com.ar\/index.php\/wp-json\/wp\/v2\/pages\/11263\/revisions\/11268"}],"wp:attachment":[{"href":"https:\/\/amplitudmodulada.com.ar\/index.php\/wp-json\/wp\/v2\/media?parent=11263"}],"curies":[{"name":"wp","href":"https:\/\/api.w.org\/{rel}","templated":true}]}}

AM 650 Somos Argentina presentó su nueva grilla de programación

<figure class="wp-block-image size-full"><img loading="lazy" decoding="async" width="180" height="54" src="http://amplitudmodulada.com.ar/wp-content/uploads/2026/02/650-e1772135335258.png" alt="" class="wp-image-11073"/></figure>



<p>A través de las redes sociales. AM 650 Somos Argentina presentó este lunes su nueva grilla de programación, que incluye distintos ciclos informativos y deportivos.</p>



<p>La nueva grilla de programación de AM 650 Somos Argentina de lunes a viernes será la siguiente:</p>



<p>De 6.00 a 7.00 horas: &#8220;Buenos Días Argentina&#8221;, con Verónica Pérez Guidek.</p>



<p>De 7.00 a 10.00 horas: &#8220;Punto de Partida&#8221;, con Fernando Alonso.</p>



<p>De 10.00 a 12.00 horas: &#8220;Somos Argentina&#8221;, con Ursula Vargues.</p>



<p>De 12.00 a 14.00 horas: &#8220;Oíd Mortales&#8221;, con Josefina Pouso.</p>



<p>De 14.00 a 16.00 horas: &#8220;Hagamos Ruido&#8221;, con Matías Aromi.</p>



<p>De 16.00 a 18.00 horas: &#8220;Nunca es Tarde&#8221;, con Luciana Espíndola.</p>



<p>De 18.00 a 19.00 horas: &#8220;Fútbol 650&#8221;.</p>



<p>De 19.00 a 21.00 horas: &#8220;El Ascenso por 3&#8221;, con Daniel Cascioli.</p>



<p>02.03.26</p>

<p>A través de las redes sociales. AM 650 Somos Argentina presentó este lunes su nueva grilla de programación, que incluye distintos ciclos informativos y deportivos. La nueva grilla de programación de AM 650 Somos Argentina de lunes a viernes será la siguiente: De 6.00 a 7.00 horas: &#8220;Buenos Días Argentina&#8221;, con Verónica Pérez Guidek. De &hellip; <a href="https://amplitudmodulada.com.ar/index.php/noticia14211/" class="more-link">Continuá leyendo <span class="screen-reader-text">AM 650 Somos Argentina presentó su nueva grilla de programación</span></a></p>
