{"id":11278,"date":"2026-03-18T08:04:09","date_gmt":"2026-03-18T11:04:09","guid":{"rendered":"https:\/\/amplitudmodulada.com.ar\/?page_id=11278"},"modified":"2026-03-18T08:16:27","modified_gmt":"2026-03-18T11:16:27","slug":"noticia14213","status":"publish","type":"page","link":"https:\/\/amplitudmodulada.com.ar\/index.php\/noticia14213\/","title":{"rendered":"Radio Nacional modificar\u00e1 su grilla por el Mundial de F\u00fatbol"},"content":{"rendered":"\n<figure class=\"wp-block-image size-full\"><img loading=\"lazy\" decoding=\"async\" width=\"110\" height=\"110\" src=\"http:\/\/amplitudmodulada.com.ar\/wp-content\/uploads\/2024\/10\/LRA-e1728000015658.jpg\" alt=\"\" class=\"wp-image-4179\"\/><\/figure>\n\n\n\n<p>Seg\u00fan destaca este martes 3 de marzo el diario La Naci\u00f3n, a ra\u00edz del Mundial de F\u00fatbol que se disputar\u00e1 en Estados Unidos, M\u00e9xico y Canad\u00e1, Radio Nacional modificar\u00e1 su grilla de programaci\u00f3n entre el 11 de junio y el 19 de julio pr\u00f3ximo.<\/p>\n\n\n\n<p>&#8220;Pasi\u00f3n Nacional&#8221;, las tiras deportivas diarias, que se emiten habitualmente de lunes a viernes de 13.00 a 14.00 y de 19.00 a 20.00 horas, ofrecer\u00e1n un an\u00e1lisis exhaustivo desde las distintas sedes en donde se desarrollar\u00e1 el torneo.<\/p>\n\n\n\n<p>Por su parte, &#8220;F\u00fatbol Show Mundial&#8221; ser\u00e1 el ciclo de los fines de semana que saldr\u00e1 al aire de 15.00 a 22.00 horas y que estar\u00e1 dedicado a la transmisi\u00f3n de los partidos m\u00e1s destacados del Mundial.<\/p>\n\n\n\n<p>La cobertura de Radio Nacional contar\u00e1 con los relatos y an\u00e1lisis de Mart\u00edn Perazzo, Nicol\u00e1s \u00c1lvarez y Eladio Arregui, junto a un equipo de corresponsales que brindar\u00e1n actualizaciones constantes durante toda la programaci\u00f3n diaria de la emisora p\u00fablica.<\/p>\n\n\n\n<p>Fuente: <a href=\"http:\/\/www.lanacion.com.ar\" data-type=\"link\" data-id=\"www.lanacion.com.ar\" target=\"_blank\" rel=\"noreferrer noopener\">www.lanacion.com.ar<\/a> | Ciudad Aut\u00f3noma de Buenos Aires | 03.03.26 <\/p>\n\n\n\n<p><\/p>\n","protected":false},"excerpt":{"rendered":"<p>Seg\u00fan destaca este martes 3 de marzo el diario La Naci\u00f3n, a ra\u00edz del Mundial de F\u00fatbol que se disputar\u00e1 en Estados Unidos, M\u00e9xico y Canad\u00e1, Radio Nacional modificar\u00e1 su grilla de programaci\u00f3n entre el 11 de junio y el 19 de julio pr\u00f3ximo. &#8220;Pasi\u00f3n Nacional&#8221;, las tiras deportivas diarias, que se emiten habitualmente de &hellip; <a href=\"https:\/\/amplitudmodulada.com.ar\/index.php\/noticia14213\/\" class=\"more-link\">Continu\u00e1 leyendo <span class=\"screen-reader-text\">Radio Nacional modificar\u00e1 su grilla por el Mundial de F\u00fatbol<\/span><\/a><\/p>\n","protected":false},"author":1,"featured_media":0,"parent":0,"menu_order":0,"comment_status":"closed","ping_status":"closed","template":"","meta":{"footnotes":""},"class_list":["post-11278","page","type-page","status-publish","hentry"],"_links":{"self":[{"href":"https:\/\/amplitudmodulada.com.ar\/index.php\/wp-json\/wp\/v2\/pages\/11278","targetHints":{"allow":["GET"]}}],"collection":[{"href":"https:\/\/amplitudmodulada.com.ar\/index.php\/wp-json\/wp\/v2\/pages"}],"about":[{"href":"https:\/\/amplitudmodulada.com.ar\/index.php\/wp-json\/wp\/v2\/types\/page"}],"author":[{"embeddable":true,"href":"https:\/\/amplitudmodulada.com.ar\/index.php\/wp-json\/wp\/v2\/users\/1"}],"replies":[{"embeddable":true,"href":"https:\/\/amplitudmodulada.com.ar\/index.php\/wp-json\/wp\/v2\/comments?post=11278"}],"version-history":[{"count":5,"href":"https:\/\/amplitudmodulada.com.ar\/index.php\/wp-json\/wp\/v2\/pages\/11278\/revisions"}],"predecessor-version":[{"id":11286,"href":"https:\/\/amplitudmodulada.com.ar\/index.php\/wp-json\/wp\/v2\/pages\/11278\/revisions\/11286"}],"wp:attachment":[{"href":"https:\/\/amplitudmodulada.com.ar\/index.php\/wp-json\/wp\/v2\/media?parent=11278"}],"curies":[{"name":"wp","href":"https:\/\/api.w.org\/{rel}","templated":true}]}}

Radio Nacional modificará su grilla por el Mundial de Fútbol

<figure class="wp-block-image size-full"><img loading="lazy" decoding="async" width="110" height="110" src="http://amplitudmodulada.com.ar/wp-content/uploads/2024/10/LRA-e1728000015658.jpg" alt="" class="wp-image-4179"/></figure>



<p>Según destaca este martes 3 de marzo el diario La Nación, a raíz del Mundial de Fútbol que se disputará en Estados Unidos, México y Canadá, Radio Nacional modificará su grilla de programación entre el 11 de junio y el 19 de julio próximo.</p>



<p>&#8220;Pasión Nacional&#8221;, las tiras deportivas diarias, que se emiten habitualmente de lunes a viernes de 13.00 a 14.00 y de 19.00 a 20.00 horas, ofrecerán un análisis exhaustivo desde las distintas sedes en donde se desarrollará el torneo.</p>



<p>Por su parte, &#8220;Fútbol Show Mundial&#8221; será el ciclo de los fines de semana que saldrá al aire de 15.00 a 22.00 horas y que estará dedicado a la transmisión de los partidos más destacados del Mundial.</p>



<p>La cobertura de Radio Nacional contará con los relatos y análisis de Martín Perazzo, Nicolás Álvarez y Eladio Arregui, junto a un equipo de corresponsales que brindarán actualizaciones constantes durante toda la programación diaria de la emisora pública.</p>



<p>Fuente: <a href="http://www.lanacion.com.ar" data-type="link" data-id="www.lanacion.com.ar" target="_blank" rel="noreferrer noopener">www.lanacion.com.ar</a> | Ciudad Autónoma de Buenos Aires | 03.03.26 </p>



<p></p>

<p>Según destaca este martes 3 de marzo el diario La Nación, a raíz del Mundial de Fútbol que se disputará en Estados Unidos, México y Canadá, Radio Nacional modificará su grilla de programación entre el 11 de junio y el 19 de julio próximo. &#8220;Pasión Nacional&#8221;, las tiras deportivas diarias, que se emiten habitualmente de &hellip; <a href="https://amplitudmodulada.com.ar/index.php/noticia14213/" class="more-link">Continuá leyendo <span class="screen-reader-text">Radio Nacional modificará su grilla por el Mundial de Fútbol</span></a></p>
