{"id":11300,"date":"2026-03-19T08:13:07","date_gmt":"2026-03-19T11:13:07","guid":{"rendered":"https:\/\/amplitudmodulada.com.ar\/?page_id=11300"},"modified":"2026-03-19T08:29:04","modified_gmt":"2026-03-19T11:29:04","slug":"noticia14215","status":"publish","type":"page","link":"https:\/\/amplitudmodulada.com.ar\/index.php\/noticia14215\/","title":{"rendered":"Trabajadores de LT11 volvieron a denunciar el abandono de la emisora"},"content":{"rendered":"\n<figure class=\"wp-block-image size-full\"><img loading=\"lazy\" decoding=\"async\" width=\"110\" height=\"110\" src=\"http:\/\/amplitudmodulada.com.ar\/wp-content\/uploads\/2024\/10\/LRA-e1728000015658.jpg\" alt=\"\" class=\"wp-image-4179\"\/><\/figure>\n\n\n\n<p>Trabajadores de LT11 Radio Nacional General Francisco Ram\u00edrez de Concepci\u00f3n del Uruguay volvieron a denunciar el estado de abandono en el que se encuentra la emisora p\u00fablica.<\/p>\n\n\n\n<p>&#8220;Esta radio, que se supo sostener por a\u00f1os con el esfuerzo y acompa\u00f1amiento de la gente de la ciudad y la regi\u00f3n, hoy enfrenta la dura realidad del abandono, el vaciamiento y la indiferencia empresarial y comercial&#8221;, se\u00f1ala el comunicado dado a conocer este mi\u00e9rcoles por la Asociaci\u00f3n Argentina de Trabajadores de las Comunicaciones (AATRAC), seccional Concepci\u00f3n del Uruguay.<\/p>\n\n\n\n<p>En ese sentido, la entidad sindical enumer\u00f3 las distintas situaciones que atraviesa la emisora, entre ellas, la reducci\u00f3n de horas de programaci\u00f3n local, la p\u00e9rdida de espacios sociales, culturales e informativos, el hostigamiento y la presi\u00f3n ejercida sobre los trabajadores, el incumplimiento del convenio colectivo, los salarios congelados por debajo de la l\u00ednea de indigencia y los turnos sin personal en los que se toma la se\u00f1al de Radio Nacional Buenos Aires.<\/p>\n\n\n\n<p>Asimismo, denunciaron que la se\u00f1al de Amplitud Modulada de Radio Nacional General Francisco Ram\u00edrez lleva ya dos a\u00f1os sin salir al aire a ra\u00edz de un robo en su planta transmisora.<\/p>\n\n\n\n<p>&#8220;Por todo lo mencionado, hacemos responsables a la coordinaci\u00f3n local de LT11 y a las autoridades nacionales de Radio y Televisi\u00f3n Argentina, quienes han hecho caso omiso a cada uno de los reclamos de los trabajadores, las asociaciones gremiales y la comunidad toda&#8221;, a\u00f1ade el comunicado.<\/p>\n\n\n\n<p>Fuente: <a href=\"http:\/\/www.elmiercolesdigital.com.ar\" data-type=\"link\" data-id=\"www.elmiercolesdigital.com.ar\" target=\"_blank\" rel=\"noreferrer noopener\">www.elmiercolesdigital.com.ar<\/a> | Concepci\u00f3n del Uruguay &#8211; Entre R\u00edos | 04.03.26<\/p>\n\n\n\n<p><\/p>\n","protected":false},"excerpt":{"rendered":"<p>Trabajadores de LT11 Radio Nacional General Francisco Ram\u00edrez de Concepci\u00f3n del Uruguay volvieron a denunciar el estado de abandono en el que se encuentra la emisora p\u00fablica. &#8220;Esta radio, que se supo sostener por a\u00f1os con el esfuerzo y acompa\u00f1amiento de la gente de la ciudad y la regi\u00f3n, hoy enfrenta la dura realidad del &hellip; <a href=\"https:\/\/amplitudmodulada.com.ar\/index.php\/noticia14215\/\" class=\"more-link\">Continu\u00e1 leyendo <span class=\"screen-reader-text\">Trabajadores de LT11 volvieron a denunciar el abandono de la emisora<\/span><\/a><\/p>\n","protected":false},"author":1,"featured_media":0,"parent":0,"menu_order":0,"comment_status":"closed","ping_status":"closed","template":"","meta":{"footnotes":""},"class_list":["post-11300","page","type-page","status-publish","hentry"],"_links":{"self":[{"href":"https:\/\/amplitudmodulada.com.ar\/index.php\/wp-json\/wp\/v2\/pages\/11300","targetHints":{"allow":["GET"]}}],"collection":[{"href":"https:\/\/amplitudmodulada.com.ar\/index.php\/wp-json\/wp\/v2\/pages"}],"about":[{"href":"https:\/\/amplitudmodulada.com.ar\/index.php\/wp-json\/wp\/v2\/types\/page"}],"author":[{"embeddable":true,"href":"https:\/\/amplitudmodulada.com.ar\/index.php\/wp-json\/wp\/v2\/users\/1"}],"replies":[{"embeddable":true,"href":"https:\/\/amplitudmodulada.com.ar\/index.php\/wp-json\/wp\/v2\/comments?post=11300"}],"version-history":[{"count":4,"href":"https:\/\/amplitudmodulada.com.ar\/index.php\/wp-json\/wp\/v2\/pages\/11300\/revisions"}],"predecessor-version":[{"id":11307,"href":"https:\/\/amplitudmodulada.com.ar\/index.php\/wp-json\/wp\/v2\/pages\/11300\/revisions\/11307"}],"wp:attachment":[{"href":"https:\/\/amplitudmodulada.com.ar\/index.php\/wp-json\/wp\/v2\/media?parent=11300"}],"curies":[{"name":"wp","href":"https:\/\/api.w.org\/{rel}","templated":true}]}}