{"id":11341,"date":"2026-04-03T21:11:15","date_gmt":"2026-04-04T00:11:15","guid":{"rendered":"https:\/\/amplitudmodulada.com.ar\/?page_id=11341"},"modified":"2026-04-03T21:19:07","modified_gmt":"2026-04-04T00:19:07","slug":"noticia14220","status":"publish","type":"page","link":"https:\/\/amplitudmodulada.com.ar\/index.php\/noticia14220\/","title":{"rendered":"Comenz\u00f3 en Radio Splendid &#8220;C\u00f3digo Internacional&#8221;"},"content":{"rendered":"\n<figure class=\"wp-block-image size-full\"><img loading=\"lazy\" decoding=\"async\" width=\"110\" height=\"110\" src=\"http:\/\/amplitudmodulada.com.ar\/wp-content\/uploads\/2026\/01\/991-e1769186224370.png\" alt=\"\" class=\"wp-image-10701\"\/><\/figure>\n\n\n\n<p>Con la conducci\u00f3n del periodista especializado Alfredo Casado, comenz\u00f3 este fin de semana en LR4 Radio Splendid el programa &#8220;C\u00f3digo Internacional&#8221;.<\/p>\n\n\n\n<p>El nuevo ciclo se emitir\u00e1 todos los s\u00e1bados de 6.00 a 7.00 horas y durante el mismo se abordar\u00e1n tem\u00e1ticas internacionales de actualidad.<\/p>\n\n\n\n<p>&#8220;En tiempos de guerras, conflictos de todo tipo y desastre ambiental, un ciclo para reflexionar y plantearse el futuro&#8221;, reza el spot del nuevo programa.<\/p>\n\n\n\n<p>En ese marco, la emisora indic\u00f3 que el programa &#8220;tendr\u00e1 entevistas de primer nivel, informes especiales y un toque relajante de buena m\u00fasica&#8221;.<\/p>\n\n\n\n<p>Acompa\u00f1ar\u00e1n a Alfredo Casado en cada emisi\u00f3n de &#8220;C\u00f3digo Internacional&#8221;, Lorena Talavera en la producci\u00f3n general y Lucas Novoa en la operaci\u00f3n t\u00e9cnica y edici\u00f3n.<\/p>\n\n\n\n<p>Fuente: <a href=\"http:\/\/www.noticiasargentinas.com\" data-type=\"link\" data-id=\"www.noticiasargentinas.com\" target=\"_blank\" rel=\"noreferrer noopener\">www.noticiasargentinas.com<\/a> | Ciudad Aut\u00f3noma de Buenos Aires | 09.03.26<\/p>\n\n\n\n<p><\/p>\n","protected":false},"excerpt":{"rendered":"<p>Con la conducci\u00f3n del periodista especializado Alfredo Casado, comenz\u00f3 este fin de semana en LR4 Radio Splendid el programa &#8220;C\u00f3digo Internacional&#8221;. El nuevo ciclo se emitir\u00e1 todos los s\u00e1bados de 6.00 a 7.00 horas y durante el mismo se abordar\u00e1n tem\u00e1ticas internacionales de actualidad. &#8220;En tiempos de guerras, conflictos de todo tipo y desastre ambiental, &hellip; <a href=\"https:\/\/amplitudmodulada.com.ar\/index.php\/noticia14220\/\" class=\"more-link\">Continu\u00e1 leyendo <span class=\"screen-reader-text\">Comenz\u00f3 en Radio Splendid &#8220;C\u00f3digo Internacional&#8221;<\/span><\/a><\/p>\n","protected":false},"author":1,"featured_media":0,"parent":0,"menu_order":0,"comment_status":"closed","ping_status":"closed","template":"","meta":{"footnotes":""},"class_list":["post-11341","page","type-page","status-publish","hentry"],"_links":{"self":[{"href":"https:\/\/amplitudmodulada.com.ar\/index.php\/wp-json\/wp\/v2\/pages\/11341","targetHints":{"allow":["GET"]}}],"collection":[{"href":"https:\/\/amplitudmodulada.com.ar\/index.php\/wp-json\/wp\/v2\/pages"}],"about":[{"href":"https:\/\/amplitudmodulada.com.ar\/index.php\/wp-json\/wp\/v2\/types\/page"}],"author":[{"embeddable":true,"href":"https:\/\/amplitudmodulada.com.ar\/index.php\/wp-json\/wp\/v2\/users\/1"}],"replies":[{"embeddable":true,"href":"https:\/\/amplitudmodulada.com.ar\/index.php\/wp-json\/wp\/v2\/comments?post=11341"}],"version-history":[{"count":3,"href":"https:\/\/amplitudmodulada.com.ar\/index.php\/wp-json\/wp\/v2\/pages\/11341\/revisions"}],"predecessor-version":[{"id":11345,"href":"https:\/\/amplitudmodulada.com.ar\/index.php\/wp-json\/wp\/v2\/pages\/11341\/revisions\/11345"}],"wp:attachment":[{"href":"https:\/\/amplitudmodulada.com.ar\/index.php\/wp-json\/wp\/v2\/media?parent=11341"}],"curies":[{"name":"wp","href":"https:\/\/api.w.org\/{rel}","templated":true}]}}