{"id":11380,"date":"2026-04-05T10:01:43","date_gmt":"2026-04-05T13:01:43","guid":{"rendered":"https:\/\/amplitudmodulada.com.ar\/?page_id=11380"},"modified":"2026-04-05T10:15:51","modified_gmt":"2026-04-05T13:15:51","slug":"noticia14226","status":"publish","type":"page","link":"https:\/\/amplitudmodulada.com.ar\/index.php\/noticia14226\/","title":{"rendered":"El programa &#8220;Mitre y el Campo&#8221; estar\u00e1 presente en Expoagro"},"content":{"rendered":"\n<figure class=\"wp-block-image size-full\"><img loading=\"lazy\" decoding=\"async\" width=\"159\" height=\"100\" src=\"http:\/\/amplitudmodulada.com.ar\/wp-content\/uploads\/2026\/04\/expoagro-e1775394343281.png\" alt=\"\" class=\"wp-image-11383\"\/><\/figure>\n\n\n\n<p>El equipo period\u00edstico del programa &#8220;Mitre y el Campo&#8221; transmitir\u00e1 en vivo desde Expoagro 2026, la muestra del agro y la industria que se desarrolla en la localidad de San Nicol\u00e1s hasta el viernes 13 de marzo.<\/p>\n\n\n\n<p>Mart\u00edn Steeman, Carlos Lencina y Gustavo Mathieu, conductores de &#8220;Mitre y el Campo&#8221;, acompa\u00f1ar\u00e1n, de esta manera, a productores, empresas y protagonistas del sector con informaci\u00f3n, an\u00e1lisis y entrevistas.<\/p>\n\n\n\n<p>El tradicional cami\u00f3n de exteriores de LR6 Radio Mitre estar\u00e1 instalado en el predio en donde se lleva a cabo la muestra para contar minuto a minuto las novedades del encuentro, acercando a la audiencia todo lo que sucede en esta gran vidriera del campo argentino: lanzamiento, innovaci\u00f3n, tecnolog\u00eda y las voces que marcan el pulso de la agroindustria.<\/p>\n\n\n\n<p>El programa &#8220;Mitre y el Campo&#8221; se emite habitualmente los domingos de 7.00 a 9.00 horas.<\/p>\n\n\n\n<p>Fuente: <a href=\"http:\/\/www.totalmedios.com\" data-type=\"link\" data-id=\"www.totalmedios.com\" target=\"_blank\" rel=\"noreferrer noopener\">www.totalmedios.com<\/a> | Ciudad Aut\u00f3noma de Buenos Aires | 10.03.26 <\/p>\n\n\n\n<p><\/p>\n","protected":false},"excerpt":{"rendered":"<p>El equipo period\u00edstico del programa &#8220;Mitre y el Campo&#8221; transmitir\u00e1 en vivo desde Expoagro 2026, la muestra del agro y la industria que se desarrolla en la localidad de San Nicol\u00e1s hasta el viernes 13 de marzo. Mart\u00edn Steeman, Carlos Lencina y Gustavo Mathieu, conductores de &#8220;Mitre y el Campo&#8221;, acompa\u00f1ar\u00e1n, de esta manera, a &hellip; <a href=\"https:\/\/amplitudmodulada.com.ar\/index.php\/noticia14226\/\" class=\"more-link\">Continu\u00e1 leyendo <span class=\"screen-reader-text\">El programa &#8220;Mitre y el Campo&#8221; estar\u00e1 presente en Expoagro<\/span><\/a><\/p>\n","protected":false},"author":1,"featured_media":0,"parent":0,"menu_order":0,"comment_status":"closed","ping_status":"closed","template":"","meta":{"footnotes":""},"class_list":["post-11380","page","type-page","status-publish","hentry"],"_links":{"self":[{"href":"https:\/\/amplitudmodulada.com.ar\/index.php\/wp-json\/wp\/v2\/pages\/11380","targetHints":{"allow":["GET"]}}],"collection":[{"href":"https:\/\/amplitudmodulada.com.ar\/index.php\/wp-json\/wp\/v2\/pages"}],"about":[{"href":"https:\/\/amplitudmodulada.com.ar\/index.php\/wp-json\/wp\/v2\/types\/page"}],"author":[{"embeddable":true,"href":"https:\/\/amplitudmodulada.com.ar\/index.php\/wp-json\/wp\/v2\/users\/1"}],"replies":[{"embeddable":true,"href":"https:\/\/amplitudmodulada.com.ar\/index.php\/wp-json\/wp\/v2\/comments?post=11380"}],"version-history":[{"count":3,"href":"https:\/\/amplitudmodulada.com.ar\/index.php\/wp-json\/wp\/v2\/pages\/11380\/revisions"}],"predecessor-version":[{"id":11386,"href":"https:\/\/amplitudmodulada.com.ar\/index.php\/wp-json\/wp\/v2\/pages\/11380\/revisions\/11386"}],"wp:attachment":[{"href":"https:\/\/amplitudmodulada.com.ar\/index.php\/wp-json\/wp\/v2\/media?parent=11380"}],"curies":[{"name":"wp","href":"https:\/\/api.w.org\/{rel}","templated":true}]}}