{"id":11417,"date":"2026-04-05T17:48:10","date_gmt":"2026-04-05T20:48:10","guid":{"rendered":"https:\/\/amplitudmodulada.com.ar\/?page_id=11417"},"modified":"2026-04-05T17:57:03","modified_gmt":"2026-04-05T20:57:03","slug":"noticia14230","status":"publish","type":"page","link":"https:\/\/amplitudmodulada.com.ar\/index.php\/noticia14230\/","title":{"rendered":"Mariano I\u00fadica se suma a la grilla de programaci\u00f3n de Radio La Red"},"content":{"rendered":"\n<figure class=\"wp-block-image size-full\"><img loading=\"lazy\" decoding=\"async\" width=\"174\" height=\"70\" src=\"http:\/\/amplitudmodulada.com.ar\/wp-content\/uploads\/2024\/07\/910-e1721926290452.png\" alt=\"\" class=\"wp-image-2752\"\/><\/figure>\n\n\n\n<p>A trav\u00e9s de las redes sociales, LR5 Radio La Red anunci\u00f3 este martes 11 de marzo que el actor conductor de televisi\u00f3n Mariano I\u00fadica se suma a la grilla de programaci\u00b4\u00b4on de la emisora.<\/p>\n\n\n\n<p>Conducir\u00e1 a partir de la semana pr\u00f3xima el programa &#8220;Ac\u00e1 Hay Buen F\u00fatbol&#8221; de lunes a viernes a la medianoche.<\/p>\n\n\n\n<p>Nacido en la Ciudad de Buenos Aires, Mariano I\u00fadica particip\u00f3 a lo largo de su carrera profesional en numerosos programas televisivos, como &#8220;La Peluquer\u00eda de Don Mateo&#8221;, &#8220;Pol\u00e9mica en el Bar&#8221;, &#8220;La Cocina del Show&#8221;, &#8220;So\u00f1ando con Cantar&#8221;, &#8220;Involucrados&#8221; y &#8220;La Noche del Domingo&#8221;, entre otros.<\/p>\n\n\n\n<p>11.03.26<\/p>\n\n\n\n<p><\/p>\n","protected":false},"excerpt":{"rendered":"<p>A trav\u00e9s de las redes sociales, LR5 Radio La Red anunci\u00f3 este martes 11 de marzo que el actor conductor de televisi\u00f3n Mariano I\u00fadica se suma a la grilla de programaci\u00b4\u00b4on de la emisora. Conducir\u00e1 a partir de la semana pr\u00f3xima el programa &#8220;Ac\u00e1 Hay Buen F\u00fatbol&#8221; de lunes a viernes a la medianoche. Nacido &hellip; <a href=\"https:\/\/amplitudmodulada.com.ar\/index.php\/noticia14230\/\" class=\"more-link\">Continu\u00e1 leyendo <span class=\"screen-reader-text\">Mariano I\u00fadica se suma a la grilla de programaci\u00f3n de Radio La Red<\/span><\/a><\/p>\n","protected":false},"author":1,"featured_media":0,"parent":0,"menu_order":0,"comment_status":"closed","ping_status":"closed","template":"","meta":{"footnotes":""},"class_list":["post-11417","page","type-page","status-publish","hentry"],"_links":{"self":[{"href":"https:\/\/amplitudmodulada.com.ar\/index.php\/wp-json\/wp\/v2\/pages\/11417","targetHints":{"allow":["GET"]}}],"collection":[{"href":"https:\/\/amplitudmodulada.com.ar\/index.php\/wp-json\/wp\/v2\/pages"}],"about":[{"href":"https:\/\/amplitudmodulada.com.ar\/index.php\/wp-json\/wp\/v2\/types\/page"}],"author":[{"embeddable":true,"href":"https:\/\/amplitudmodulada.com.ar\/index.php\/wp-json\/wp\/v2\/users\/1"}],"replies":[{"embeddable":true,"href":"https:\/\/amplitudmodulada.com.ar\/index.php\/wp-json\/wp\/v2\/comments?post=11417"}],"version-history":[{"count":3,"href":"https:\/\/amplitudmodulada.com.ar\/index.php\/wp-json\/wp\/v2\/pages\/11417\/revisions"}],"predecessor-version":[{"id":11422,"href":"https:\/\/amplitudmodulada.com.ar\/index.php\/wp-json\/wp\/v2\/pages\/11417\/revisions\/11422"}],"wp:attachment":[{"href":"https:\/\/amplitudmodulada.com.ar\/index.php\/wp-json\/wp\/v2\/media?parent=11417"}],"curies":[{"name":"wp","href":"https:\/\/api.w.org\/{rel}","templated":true}]}}