{"id":11492,"date":"2026-04-12T20:35:32","date_gmt":"2026-04-12T23:35:32","guid":{"rendered":"https:\/\/amplitudmodulada.com.ar\/?page_id=11492"},"modified":"2026-04-12T20:58:51","modified_gmt":"2026-04-12T23:58:51","slug":"noticia14240","status":"publish","type":"page","link":"https:\/\/amplitudmodulada.com.ar\/index.php\/noticia14240\/","title":{"rendered":"La ex LR3 CNN Radio abre un programa de retiros voluntarios"},"content":{"rendered":"\n<figure class=\"wp-block-image size-full\"><img loading=\"lazy\" decoding=\"async\" width=\"147\" height=\"60\" src=\"http:\/\/amplitudmodulada.com.ar\/wp-content\/uploads\/2024\/01\/950-e1705935273676.png\" alt=\"\" class=\"wp-image-532\"\/><\/figure>\n\n\n\n<p>La empresa que oper\u00f3 hasta diciembre pasado LR3 CNN Radio Argentina y que atraviesa un profundo proceso de transformaci\u00f3n, abri\u00f3 un plan de retiros voluntarios dirigidos a sus trabajadores.<\/p>\n\n\n\n<p>La medida se concreta tres meses despu\u00e9s del final de la programaci\u00f3n de CNN Radio en Argentina, decisi\u00f3n vinculada a una reestructuraci\u00f3n total de la marca CNN, que dej\u00f3 a la se\u00f1al en una etapa de redefinici\u00f3n editorial y empresarial.<\/p>\n\n\n\n<p>El proyecto que impulsa ahora la empresa prev\u00e9 relanzar la emisora bajo una nueva identidad: StreAM950, una propuesta que apunta a integrar radio tradicional con contenidos digitales y streaming.<\/p>\n\n\n\n<p>La iniciativa busca convertir a la se\u00f1al en un multimedios multiplataforma, combinando transmisi\u00f3n radial con producci\u00f3n audiovisual y contenidos dise\u00f1ados para redes sociales.<\/p>\n\n\n\n<p>Seg\u00fan explic\u00f3 el periodista especializado en medios Pablo Montagna, la lista para adherir al programa de retiros voluntarios fue abierta en los \u00faltimos d\u00edas como parte  del proceso de reorganizaci\u00f3n interna.<\/p>\n\n\n\n<p>Fuente: <a href=\"http:\/\/www.degremiales.com\" data-type=\"link\" data-id=\"www.degremiales.com\" target=\"_blank\" rel=\"noreferrer noopener\">www.degremiales.com<\/a> | Ciudad Aut\u00f3noma de Buenos Aires | 16.03.26<\/p>\n\n\n\n<p><\/p>\n","protected":false},"excerpt":{"rendered":"<p>La empresa que oper\u00f3 hasta diciembre pasado LR3 CNN Radio Argentina y que atraviesa un profundo proceso de transformaci\u00f3n, abri\u00f3 un plan de retiros voluntarios dirigidos a sus trabajadores. La medida se concreta tres meses despu\u00e9s del final de la programaci\u00f3n de CNN Radio en Argentina, decisi\u00f3n vinculada a una reestructuraci\u00f3n total de la marca &hellip; <a href=\"https:\/\/amplitudmodulada.com.ar\/index.php\/noticia14240\/\" class=\"more-link\">Continu\u00e1 leyendo <span class=\"screen-reader-text\">La ex LR3 CNN Radio abre un programa de retiros voluntarios<\/span><\/a><\/p>\n","protected":false},"author":1,"featured_media":0,"parent":0,"menu_order":0,"comment_status":"closed","ping_status":"closed","template":"","meta":{"footnotes":""},"class_list":["post-11492","page","type-page","status-publish","hentry"],"_links":{"self":[{"href":"https:\/\/amplitudmodulada.com.ar\/index.php\/wp-json\/wp\/v2\/pages\/11492","targetHints":{"allow":["GET"]}}],"collection":[{"href":"https:\/\/amplitudmodulada.com.ar\/index.php\/wp-json\/wp\/v2\/pages"}],"about":[{"href":"https:\/\/amplitudmodulada.com.ar\/index.php\/wp-json\/wp\/v2\/types\/page"}],"author":[{"embeddable":true,"href":"https:\/\/amplitudmodulada.com.ar\/index.php\/wp-json\/wp\/v2\/users\/1"}],"replies":[{"embeddable":true,"href":"https:\/\/amplitudmodulada.com.ar\/index.php\/wp-json\/wp\/v2\/comments?post=11492"}],"version-history":[{"count":3,"href":"https:\/\/amplitudmodulada.com.ar\/index.php\/wp-json\/wp\/v2\/pages\/11492\/revisions"}],"predecessor-version":[{"id":11497,"href":"https:\/\/amplitudmodulada.com.ar\/index.php\/wp-json\/wp\/v2\/pages\/11492\/revisions\/11497"}],"wp:attachment":[{"href":"https:\/\/amplitudmodulada.com.ar\/index.php\/wp-json\/wp\/v2\/media?parent=11492"}],"curies":[{"name":"wp","href":"https:\/\/api.w.org\/{rel}","templated":true}]}}