{"id":11530,"date":"2026-04-14T18:25:00","date_gmt":"2026-04-14T21:25:00","guid":{"rendered":"https:\/\/amplitudmodulada.com.ar\/?page_id=11530"},"modified":"2026-04-14T18:41:55","modified_gmt":"2026-04-14T21:41:55","slug":"noticia14245","status":"publish","type":"page","link":"https:\/\/amplitudmodulada.com.ar\/index.php\/noticia14245\/","title":{"rendered":"Desplazan a la periodista Mariana Cornejo de la conducci\u00f3n del ciclo &#8220;Rebeldes sin Cauce&#8221;"},"content":{"rendered":"\n<figure class=\"wp-block-image size-full\"><img loading=\"lazy\" decoding=\"async\" width=\"110\" height=\"110\" src=\"http:\/\/amplitudmodulada.com.ar\/wp-content\/uploads\/2024\/10\/LRA-e1728000015658.jpg\" alt=\"\" class=\"wp-image-4179\"\/><\/figure>\n\n\n\n<p>Tras seis al frente del programa &#8220;Rebeldes sin Cauce&#8221;, que se emite por LRA3 Radio Nacional Santa Rosa, la periodista Mariana Cornejo fue desplazada de la conducci\u00f3n de ese ciclo.<\/p>\n\n\n\n<p>La periodista fue reubicada como productora del programa, aunque, seg\u00fan relat\u00f3, no le asignaron a\u00fan tareas concretas.<\/p>\n\n\n\n<p>Mariana Cornejo cont\u00f3 que fue notificada el jueves y que la explicaci\u00f3n oficial fue &#8220;una reestructuraci\u00f3n de la empresa&#8221;.<\/p>\n\n\n\n<p>&#8220;Estoy tratando de encontrar una fundamentaci\u00f3n y no la hay. Ayer me comunicaron que no voy a estar m\u00e1s al aire&#8221;, dijo durante su despedida del programa.<\/p>\n\n\n\n<p>En ese contexto, asegur\u00f3 que &#8220;es muy complicado en estos tiempos, aunque no me voy a quedar sin trabajo&#8221; y consider\u00f3 que &#8220;me sacan del aire por mi forma de pensar&#8221;.<\/p>\n\n\n\n<p>La periodista explic\u00f3 que la emisora atraviesa un proceso de cambios que incluye un control m\u00e1s estricto sobre los contenidos y precis\u00f3 que en los \u00faltimos meses comenzaron a eliminarse columnas y espacios de organizaciones e instituciones locales.<\/p>\n\n\n\n<p>&#8220;Quieren una ma\u00f1ana muy liviana. Para ellos todo es pol\u00edtica y no saben definir qu\u00e9 es pol\u00edtica&#8221;, indic\u00f3.<\/p>\n\n\n\n<p>El desplazamiento de Mariana Cornejo se produce en un contexto de reducci\u00f3n del personal en Radio Nacional Santa Rosa.<\/p>\n\n\n\n<p>En los \u00faltimos meses se registraron varios retiros voluntarios y jubilaciones en la emisora, entre ellos la ex directora y periodista Nadia Villegas, el periodista Carlos Mateu, el t\u00e9cnico Julio Mart\u00edn y el operador Sa\u00fal Prane.<\/p>\n\n\n\n<p>Fuente: <a href=\"http:\/\/www.eldiariodelapampa.com.ar\" data-type=\"link\" data-id=\"www.eldiariodelapampa.com.ar\" target=\"_blank\" rel=\"noreferrer noopener\">www.eldiariodelapampa.com.ar<\/a> | Santa Rosa \u00b4- La Pampa | 20.03.26<\/p>\n\n\n\n<p><\/p>\n","protected":false},"excerpt":{"rendered":"<p>Tras seis al frente del programa &#8220;Rebeldes sin Cauce&#8221;, que se emite por LRA3 Radio Nacional Santa Rosa, la periodista Mariana Cornejo fue desplazada de la conducci\u00f3n de ese ciclo. La periodista fue reubicada como productora del programa, aunque, seg\u00fan relat\u00f3, no le asignaron a\u00fan tareas concretas. Mariana Cornejo cont\u00f3 que fue notificada el jueves &hellip; <a href=\"https:\/\/amplitudmodulada.com.ar\/index.php\/noticia14245\/\" class=\"more-link\">Continu\u00e1 leyendo <span class=\"screen-reader-text\">Desplazan a la periodista Mariana Cornejo de la conducci\u00f3n del ciclo &#8220;Rebeldes sin Cauce&#8221;<\/span><\/a><\/p>\n","protected":false},"author":1,"featured_media":0,"parent":0,"menu_order":0,"comment_status":"closed","ping_status":"closed","template":"","meta":{"footnotes":""},"class_list":["post-11530","page","type-page","status-publish","hentry"],"_links":{"self":[{"href":"https:\/\/amplitudmodulada.com.ar\/index.php\/wp-json\/wp\/v2\/pages\/11530","targetHints":{"allow":["GET"]}}],"collection":[{"href":"https:\/\/amplitudmodulada.com.ar\/index.php\/wp-json\/wp\/v2\/pages"}],"about":[{"href":"https:\/\/amplitudmodulada.com.ar\/index.php\/wp-json\/wp\/v2\/types\/page"}],"author":[{"embeddable":true,"href":"https:\/\/amplitudmodulada.com.ar\/index.php\/wp-json\/wp\/v2\/users\/1"}],"replies":[{"embeddable":true,"href":"https:\/\/amplitudmodulada.com.ar\/index.php\/wp-json\/wp\/v2\/comments?post=11530"}],"version-history":[{"count":3,"href":"https:\/\/amplitudmodulada.com.ar\/index.php\/wp-json\/wp\/v2\/pages\/11530\/revisions"}],"predecessor-version":[{"id":11535,"href":"https:\/\/amplitudmodulada.com.ar\/index.php\/wp-json\/wp\/v2\/pages\/11530\/revisions\/11535"}],"wp:attachment":[{"href":"https:\/\/amplitudmodulada.com.ar\/index.php\/wp-json\/wp\/v2\/media?parent=11530"}],"curies":[{"name":"wp","href":"https:\/\/api.w.org\/{rel}","templated":true}]}}