{"id":11544,"date":"2026-04-16T19:08:22","date_gmt":"2026-04-16T22:08:22","guid":{"rendered":"https:\/\/amplitudmodulada.com.ar\/?page_id=11544"},"modified":"2026-04-16T19:22:11","modified_gmt":"2026-04-16T22:22:11","slug":"noticia14247","status":"publish","type":"page","link":"https:\/\/amplitudmodulada.com.ar\/index.php\/noticia14247\/","title":{"rendered":"Muere el periodista deportivo Ernesto Cherquis Bialo"},"content":{"rendered":"\n<figure class=\"wp-block-image size-full\"><img loading=\"lazy\" decoding=\"async\" width=\"174\" height=\"60\" src=\"http:\/\/amplitudmodulada.com.ar\/wp-content\/uploads\/2024\/01\/630-e1704586384620.png\" alt=\"\" class=\"wp-image-115\"\/><\/figure>\n\n\n\n<p>A los 85 a\u00f1os y despu\u00e9s de luchar contra la leucemia, falleci\u00f3 este viernes 20 de marzo el periodista deportivo Ernesto Cherquis Bialo, de dilatada trayectoria en distintos medios gr\u00e1ficos, radiales y televisivos.<\/p>\n\n\n\n<p>Comenz\u00f3 su carrera profesional en 1963 en la revista El Gr\u00e1fico, en la que se retir\u00f3 como director en 1990.<\/p>\n\n\n\n<p>Tras su salida de Editorial Atl\u00e1ntida, fue gerente de Deportes de Telef\u00e9.<\/p>\n\n\n\n<p>Luego de un paso en C\u00f3rdoba, donde trabaj\u00f3 en radio locales, se hizo cargo en LS5 Radio Rivadavia de la conducci\u00f3n de &#8220;La Oral Deportiva&#8221;, tras la muerte de Jos\u00e9 Mar\u00eda Mu\u00f1oz.<\/p>\n\n\n\n<p>Adem\u00e1s, tuvo largas participaciones en &#8220;Tribuna Caliente&#8221;, un programa de debate futbolero, primero producido por Gerardo Sofovich y que luego pas\u00f3 a pertenecer a Torneos y Competencias.<\/p>\n\n\n\n<p>Durante una etapa, particip\u00f3 tambi\u00e9n de la vida pol\u00edtica de San Lorenzo, el club de sus amores, donde integr\u00f3 una lista que no logr\u00f3 ganar las elecciones.<\/p>\n\n\n\n<p>Poco despu\u00e9s, Julio Grondona lo convoc\u00f3 como jefe de Prensa de la Asociaci\u00f3n del F\u00fatbol Argentino (AFA), donde estuvo hasta 2016.<\/p>\n\n\n\n<p>En su \u00faltima etapa, se desempe\u00f1\u00f3 en la se\u00f1al televisiva C5N, en LRL202 Radio 10 y en el portal Infobae.<\/p>\n\n\n\n<p>Fuente: <a href=\"http:\/\/www.ole.com.ar\" data-type=\"link\" data-id=\"www.ole.com.ar\" target=\"_blank\" rel=\"noreferrer noopener\">www.ole.com.ar<\/a> | Ciudad Aut\u00f3noma de Buenos Aires | 20.03.26<\/p>\n\n\n\n<p><\/p>\n","protected":false},"excerpt":{"rendered":"<p>A los 85 a\u00f1os y despu\u00e9s de luchar contra la leucemia, falleci\u00f3 este viernes 20 de marzo el periodista deportivo Ernesto Cherquis Bialo, de dilatada trayectoria en distintos medios gr\u00e1ficos, radiales y televisivos. Comenz\u00f3 su carrera profesional en 1963 en la revista El Gr\u00e1fico, en la que se retir\u00f3 como director en 1990. Tras su &hellip; <a href=\"https:\/\/amplitudmodulada.com.ar\/index.php\/noticia14247\/\" class=\"more-link\">Continu\u00e1 leyendo <span class=\"screen-reader-text\">Muere el periodista deportivo Ernesto Cherquis Bialo<\/span><\/a><\/p>\n","protected":false},"author":1,"featured_media":0,"parent":0,"menu_order":0,"comment_status":"closed","ping_status":"closed","template":"","meta":{"footnotes":""},"class_list":["post-11544","page","type-page","status-publish","hentry"],"_links":{"self":[{"href":"https:\/\/amplitudmodulada.com.ar\/index.php\/wp-json\/wp\/v2\/pages\/11544","targetHints":{"allow":["GET"]}}],"collection":[{"href":"https:\/\/amplitudmodulada.com.ar\/index.php\/wp-json\/wp\/v2\/pages"}],"about":[{"href":"https:\/\/amplitudmodulada.com.ar\/index.php\/wp-json\/wp\/v2\/types\/page"}],"author":[{"embeddable":true,"href":"https:\/\/amplitudmodulada.com.ar\/index.php\/wp-json\/wp\/v2\/users\/1"}],"replies":[{"embeddable":true,"href":"https:\/\/amplitudmodulada.com.ar\/index.php\/wp-json\/wp\/v2\/comments?post=11544"}],"version-history":[{"count":3,"href":"https:\/\/amplitudmodulada.com.ar\/index.php\/wp-json\/wp\/v2\/pages\/11544\/revisions"}],"predecessor-version":[{"id":11549,"href":"https:\/\/amplitudmodulada.com.ar\/index.php\/wp-json\/wp\/v2\/pages\/11544\/revisions\/11549"}],"wp:attachment":[{"href":"https:\/\/amplitudmodulada.com.ar\/index.php\/wp-json\/wp\/v2\/media?parent=11544"}],"curies":[{"name":"wp","href":"https:\/\/api.w.org\/{rel}","templated":true}]}}