{"id":11583,"date":"2026-04-19T10:32:17","date_gmt":"2026-04-19T13:32:17","guid":{"rendered":"https:\/\/amplitudmodulada.com.ar\/?page_id=11583"},"modified":"2026-04-19T10:41:02","modified_gmt":"2026-04-19T13:41:02","slug":"noticia14252","status":"publish","type":"page","link":"https:\/\/amplitudmodulada.com.ar\/index.php\/noticia14252\/","title":{"rendered":"Cadena 3 presenta el documental &#8220;Nuestra Tragedia&#8221;"},"content":{"rendered":"\n<figure class=\"wp-block-image size-full\"><img loading=\"lazy\" decoding=\"async\" width=\"169\" height=\"55\" src=\"http:\/\/amplitudmodulada.com.ar\/wp-content\/uploads\/2024\/02\/cadena3-e1709142729643.png\" alt=\"\" class=\"wp-image-1072\"\/><\/figure>\n\n\n\n<p>En el marco del 50\u00ba aniversario del comienzo de la \u00faltima dictadura c\u00edvico militar, Cadena 3 Argentina present\u00f3 este martes el documental radial &#8220;Nuestra Tragedia&#8221;.<\/p>\n\n\n\n<p>Conducida por Guillermo L\u00f3pez, el programa especial cuenta con las reflexiones del ex juez Ricardo Gil Lavedra, integrante del tribunal que llev\u00f3 adelante el hist\u00f3rico Juicio a las Juntas, del ex magistrado federal Jaime D\u00edaz Gavier, quien presidi\u00f3 los juicios por lesa humanidad que se realizaron en C\u00f3rdoba, de la periodista y escritora Norma Morandini, con dos hermanos desaparecidos, y del fil\u00f3sofo y ensayista Santiago Kovadloff.<\/p>\n\n\n\n<p>&#8220;Repasar aquellos a\u00f1os es ingresar a un pantano maloliente y volver a tomar conciencia de que no hay palabras que puedan describir lo indecible. Aquel horror, medio siglo despu\u00e9s, nos sigue doliendo y nos contin\u00faa determinando&#8221;, indica en la presentaci\u00f3n del documental la emisora.<\/p>\n\n\n\n<p>Fuente: <a href=\"http:\/\/www.cadena3.com\" data-type=\"link\" data-id=\"www.cadena3.com\" target=\"_blank\" rel=\"noreferrer noopener\">www.cadena3.com<\/a> | C\u00b4\u00f3rdoba &#8211; C\u00f3rdoba | 24.03.26<\/p>\n\n\n\n<p><\/p>\n","protected":false},"excerpt":{"rendered":"<p>En el marco del 50\u00ba aniversario del comienzo de la \u00faltima dictadura c\u00edvico militar, Cadena 3 Argentina present\u00f3 este martes el documental radial &#8220;Nuestra Tragedia&#8221;. Conducida por Guillermo L\u00f3pez, el programa especial cuenta con las reflexiones del ex juez Ricardo Gil Lavedra, integrante del tribunal que llev\u00f3 adelante el hist\u00f3rico Juicio a las Juntas, del &hellip; <a href=\"https:\/\/amplitudmodulada.com.ar\/index.php\/noticia14252\/\" class=\"more-link\">Continu\u00e1 leyendo <span class=\"screen-reader-text\">Cadena 3 presenta el documental &#8220;Nuestra Tragedia&#8221;<\/span><\/a><\/p>\n","protected":false},"author":1,"featured_media":0,"parent":0,"menu_order":0,"comment_status":"closed","ping_status":"closed","template":"","meta":{"footnotes":""},"class_list":["post-11583","page","type-page","status-publish","hentry"],"_links":{"self":[{"href":"https:\/\/amplitudmodulada.com.ar\/index.php\/wp-json\/wp\/v2\/pages\/11583","targetHints":{"allow":["GET"]}}],"collection":[{"href":"https:\/\/amplitudmodulada.com.ar\/index.php\/wp-json\/wp\/v2\/pages"}],"about":[{"href":"https:\/\/amplitudmodulada.com.ar\/index.php\/wp-json\/wp\/v2\/types\/page"}],"author":[{"embeddable":true,"href":"https:\/\/amplitudmodulada.com.ar\/index.php\/wp-json\/wp\/v2\/users\/1"}],"replies":[{"embeddable":true,"href":"https:\/\/amplitudmodulada.com.ar\/index.php\/wp-json\/wp\/v2\/comments?post=11583"}],"version-history":[{"count":2,"href":"https:\/\/amplitudmodulada.com.ar\/index.php\/wp-json\/wp\/v2\/pages\/11583\/revisions"}],"predecessor-version":[{"id":11586,"href":"https:\/\/amplitudmodulada.com.ar\/index.php\/wp-json\/wp\/v2\/pages\/11583\/revisions\/11586"}],"wp:attachment":[{"href":"https:\/\/amplitudmodulada.com.ar\/index.php\/wp-json\/wp\/v2\/media?parent=11583"}],"curies":[{"name":"wp","href":"https:\/\/api.w.org\/{rel}","templated":true}]}}